CRAN Package Check Results for Package DATforDCEMRI

Last updated on 2014-10-24 16:46:41.

Flavor Version Tinstall Tcheck Ttotal Status Flags
r-devel-linux-x86_64-debian-clang 0.55 2.82 21.56 24.38 NOTE
r-devel-linux-x86_64-debian-gcc 0.55 2.81 21.71 24.52 NOTE
r-devel-linux-x86_64-fedora-clang 0.55 50.71 NOTE
r-devel-linux-x86_64-fedora-gcc 0.55 46.03 NOTE
r-devel-osx-x86_64-clang 0.55 46.28 NOTE
r-devel-windows-ix86+x86_64 0.55 7.00 34.00 41.00 NOTE
r-patched-linux-x86_64 0.55 2.89 21.85 24.74 NOTE
r-patched-solaris-sparc 0.55 274.00 NOTE
r-patched-solaris-x86 0.55 67.20 NOTE
r-release-linux-ix86 0.55 3.93 30.90 34.83 NOTE
r-release-linux-x86_64 0.55 3.09 23.13 26.22 NOTE
r-release-osx-x86_64-mavericks 0.55 NOTE
r-release-windows-ix86+x86_64 0.55 8.00 38.00 46.00 NOTE
r-oldrel-windows-ix86+x86_64 0.55 8.00 37.00 45.00 NOTE

Check Details

Version: 0.55
Check: package dependencies
Result: NOTE
    Depends: includes the non-default packages:
     ‘xtable’ ‘akima’ ‘R.oo’ ‘R.methodsS3’ ‘matlab’ ‘lattice’ ‘locfit’
     ‘grid’
    Adding so many packages to the search path is excessive and importing
    selectively is preferable.
Flavors: r-devel-linux-x86_64-debian-clang, r-devel-linux-x86_64-debian-gcc, r-devel-linux-x86_64-fedora-clang, r-devel-linux-x86_64-fedora-gcc, r-devel-osx-x86_64-clang, r-devel-windows-ix86+x86_64, r-patched-linux-x86_64, r-patched-solaris-sparc, r-patched-solaris-x86, r-release-linux-ix86, r-release-linux-x86_64, r-release-osx-x86_64-mavericks, r-release-windows-ix86+x86_64

Version: 0.55
Check: DESCRIPTION meta-information
Result: NOTE
    Deprecated license: CC BY-NC-SA 3.0
Flavors: r-devel-linux-x86_64-debian-clang, r-devel-linux-x86_64-debian-gcc, r-devel-linux-x86_64-fedora-clang, r-devel-linux-x86_64-fedora-gcc, r-devel-osx-x86_64-clang, r-patched-linux-x86_64, r-patched-solaris-sparc, r-patched-solaris-x86

Version: 0.55
Check: dependencies in R code
Result: NOTE
    'library' or 'require' calls to packages already attached by Depends:
     ‘R.methodsS3’ ‘R.oo’ ‘akima’ ‘graphics’ ‘grid’ ‘lattice’ ‘locfit’
     ‘matlab’ ‘xtable’
     Please remove these calls from your code.
    Packages in Depends field not imported from:
     ‘R.methodsS3’ ‘R.oo’ ‘akima’ ‘grid’ ‘lattice’ ‘locfit’ ‘matlab’
     ‘xtable’
     These packages need to be imported from (in the NAMESPACE file)
     for when this namespace is loaded but not attached.
    See the information on DESCRIPTION files in the chapter ‘Creating R
    packages’ of the ‘Writing R Extensions’ manual.
Flavors: r-devel-linux-x86_64-debian-clang, r-devel-linux-x86_64-debian-gcc, r-devel-linux-x86_64-fedora-clang, r-devel-linux-x86_64-fedora-gcc, r-devel-osx-x86_64-clang, r-devel-windows-ix86+x86_64, r-patched-linux-x86_64, r-patched-solaris-sparc, r-patched-solaris-x86

Version: 0.55
Check: R code for possible problems
Result: NOTE
    DAT : DATrun: no visible global function definition for ‘rot90’
    DAT : DATrun: no visible global function definition for ‘locfit.robust’
    DAT : DATrun: no visible global function definition for ‘writeMat’
    DAT: no visible binding for global variable ‘DAT.simData’
Flavors: r-devel-linux-x86_64-debian-clang, r-devel-linux-x86_64-debian-gcc, r-devel-linux-x86_64-fedora-clang, r-devel-linux-x86_64-fedora-gcc, r-devel-osx-x86_64-clang, r-devel-windows-ix86+x86_64, r-patched-linux-x86_64, r-patched-solaris-sparc, r-patched-solaris-x86

Version: 0.55
Check: dependencies in R code
Result: NOTE
    'library' or 'require' calls to packages already attached by Depends:
     ‘R.methodsS3’ ‘R.oo’ ‘akima’ ‘graphics’ ‘grid’ ‘lattice’ ‘locfit’
     ‘matlab’ ‘xtable’
     Please remove these calls from your code.
    Packages in Depends field not imported from:
     ‘R.methodsS3’ ‘R.oo’ ‘akima’ ‘lattice’ ‘locfit’ ‘matlab’ ‘xtable’
     These packages need to be imported from (in the NAMESPACE file)
     for when this namespace is loaded but not attached.
    See the information on DESCRIPTION files in the chapter ‘Creating R
    packages’ of the ‘Writing R Extensions’ manual.
Flavors: r-release-linux-ix86, r-release-linux-x86_64, r-release-osx-x86_64-mavericks, r-release-windows-ix86+x86_64, r-oldrel-windows-ix86+x86_64