CRAN Package Check Results for Package DATforDCEMRI

Last updated on 2015-05-25 18:46:53.

Flavor Version Tinstall Tcheck Ttotal Status Flags
r-devel-linux-x86_64-debian-clang 0.55 2.50 17.78 20.28 NOTE
r-devel-linux-x86_64-debian-gcc 0.55 3.00 17.37 20.37 NOTE
r-devel-linux-x86_64-fedora-clang 0.55 39.71 NOTE
r-devel-linux-x86_64-fedora-gcc 0.55 38.14 NOTE
r-devel-osx-x86_64-clang 0.55 39.29 NOTE
r-devel-windows-ix86+x86_64 0.55 6.00 31.00 37.00 NOTE
r-patched-linux-x86_64 0.55 2.39 17.47 19.86 NOTE
r-patched-solaris-sparc 0.55 243.00 NOTE
r-patched-solaris-x86 0.55 56.20 NOTE
r-release-linux-x86_64 0.55 2.57 17.68 20.26 NOTE
r-release-osx-x86_64-mavericks 0.55 NOTE
r-release-osx-x86_64-snowleopard 0.55 NOTE
r-release-windows-ix86+x86_64 0.55 5.00 29.00 34.00 NOTE
r-oldrel-windows-ix86+x86_64 0.55 9.00 59.00 68.00 NOTE

Check Details

Version: 0.55
Check: package dependencies
Result: NOTE
    Depends: includes the non-default packages:
     ‘xtable’ ‘akima’ ‘R.oo’ ‘R.methodsS3’ ‘matlab’ ‘lattice’ ‘locfit’
     ‘grid’
    Adding so many packages to the search path is excessive and importing
    selectively is preferable.
Flavors: r-devel-linux-x86_64-debian-clang, r-devel-linux-x86_64-debian-gcc, r-devel-linux-x86_64-fedora-clang, r-devel-linux-x86_64-fedora-gcc, r-devel-osx-x86_64-clang, r-devel-windows-ix86+x86_64, r-patched-linux-x86_64, r-patched-solaris-sparc, r-patched-solaris-x86, r-release-linux-x86_64, r-release-osx-x86_64-mavericks, r-release-osx-x86_64-snowleopard, r-release-windows-ix86+x86_64, r-oldrel-windows-ix86+x86_64

Version: 0.55
Check: DESCRIPTION meta-information
Result: NOTE
    Deprecated license: CC BY-NC-SA 3.0
Flavors: r-devel-linux-x86_64-debian-clang, r-devel-linux-x86_64-debian-gcc, r-devel-linux-x86_64-fedora-clang, r-devel-linux-x86_64-fedora-gcc, r-devel-osx-x86_64-clang, r-patched-linux-x86_64, r-patched-solaris-sparc, r-patched-solaris-x86, r-release-linux-x86_64, r-release-osx-x86_64-mavericks, r-release-osx-x86_64-snowleopard

Version: 0.55
Check: dependencies in R code
Result: NOTE
    'library' or 'require' calls to packages already attached by Depends:
     ‘R.methodsS3’ ‘R.oo’ ‘akima’ ‘graphics’ ‘grid’ ‘lattice’ ‘locfit’
     ‘matlab’ ‘xtable’
     Please remove these calls from your code.
    'library' or 'require' call to ‘R.matlab’ in package code.
     Please use :: or requireNamespace() instead.
     See section 'Suggested packages' in the 'Writing R Extensions' manual.
    Packages in Depends field not imported from:
     ‘R.methodsS3’ ‘R.oo’ ‘akima’ ‘grid’ ‘lattice’ ‘locfit’ ‘matlab’
     ‘xtable’
     These packages need to be imported from (in the NAMESPACE file)
     for when this namespace is loaded but not attached.
Flavors: r-devel-linux-x86_64-debian-clang, r-devel-linux-x86_64-debian-gcc, r-devel-linux-x86_64-fedora-clang, r-devel-linux-x86_64-fedora-gcc, r-devel-osx-x86_64-clang, r-devel-windows-ix86+x86_64, r-patched-linux-x86_64, r-patched-solaris-sparc, r-patched-solaris-x86, r-release-linux-x86_64, r-release-osx-x86_64-mavericks, r-release-osx-x86_64-snowleopard, r-release-windows-ix86+x86_64, r-oldrel-windows-ix86+x86_64

Version: 0.55
Check: R code for possible problems
Result: NOTE
    DAT : DATrun: no visible global function definition for ‘rot90’
    DAT : DATrun: no visible global function definition for ‘locfit.robust’
    DAT : DATrun: no visible global function definition for ‘writeMat’
    DAT: no visible binding for global variable ‘DAT.simData’
Flavors: r-devel-linux-x86_64-debian-clang, r-devel-linux-x86_64-debian-gcc, r-devel-linux-x86_64-fedora-clang, r-devel-linux-x86_64-fedora-gcc, r-devel-osx-x86_64-clang, r-devel-windows-ix86+x86_64, r-patched-linux-x86_64, r-patched-solaris-sparc, r-patched-solaris-x86, r-release-linux-x86_64, r-release-osx-x86_64-mavericks, r-release-osx-x86_64-snowleopard, r-release-windows-ix86+x86_64, r-oldrel-windows-ix86+x86_64