CRAN Package Check Results for Package DATforDCEMRI

Last updated on 2014-04-17 20:47:33.

Flavor Version Tinstall Tcheck Ttotal Status Flags
r-devel-linux-x86_64-debian-clang 0.55 3.02 22.74 25.77 NOTE
r-devel-linux-x86_64-debian-gcc 0.55 2.92 22.93 25.85 NOTE
r-devel-linux-x86_64-fedora-clang 0.55 52.15 NOTE
r-devel-linux-x86_64-fedora-gcc 0.55 49.42 NOTE
r-devel-macosx-x86_64-clang 0.55 49.48 NOTE
r-devel-macosx-x86_64-gcc 0.55 NOTE
r-devel-windows-ix86+x86_64 0.55 8.00 35.00 43.00 NOTE
r-patched-linux-x86_64 0.55 3.10 23.24 26.34 NOTE
r-patched-solaris-sparc 0.55 287.70 NOTE
r-patched-solaris-x86 0.55 68.60 NOTE
r-release-linux-ix86 0.55 6.00 60.00 66.00 NOTE
r-release-linux-x86_64 0.55 2.92 22.59 25.51 NOTE
r-release-windows-ix86+x86_64 0.55 8.00 37.00 45.00 NOTE
r-oldrel-windows-ix86+x86_64 0.55 8.00 35.00 43.00 NOTE

Check Details

Version: 0.55
Check: package dependencies
Result: NOTE
    Depends: includes the non-default packages:
     ‘xtable’ ‘akima’ ‘R.oo’ ‘R.methodsS3’ ‘matlab’ ‘lattice’ ‘locfit’
     ‘grid’
    Adding so many packages to the search path is excessive and importing
    selectively is preferable.
Flavors: r-devel-linux-x86_64-debian-clang, r-devel-linux-x86_64-debian-gcc, r-devel-linux-x86_64-fedora-clang, r-devel-linux-x86_64-fedora-gcc, r-devel-macosx-x86_64-clang, r-devel-macosx-x86_64-gcc, r-devel-windows-ix86+x86_64, r-patched-linux-x86_64, r-patched-solaris-sparc, r-patched-solaris-x86, r-release-linux-ix86, r-release-linux-x86_64, r-release-windows-ix86+x86_64

Version: 0.55
Check: dependencies in R code
Result: NOTE
    'library' or 'require' calls to packages already attached by Depends:
     ‘R.methodsS3’ ‘R.oo’ ‘akima’ ‘graphics’ ‘grid’ ‘lattice’ ‘locfit’
     ‘matlab’ ‘xtable’
     Please remove these calls from your code.
    Packages in Depends field not imported from:
     ‘R.methodsS3’ ‘R.oo’ ‘akima’ ‘lattice’ ‘locfit’ ‘matlab’ ‘xtable’
     These packages need to be imported from (in the NAMESPACE file)
     for when this namespace is loaded but not attached.
    See the information on DESCRIPTION files in the chapter ‘Creating R
    packages’ of the ‘Writing R Extensions’ manual.
Flavors: r-devel-linux-x86_64-debian-clang, r-devel-linux-x86_64-debian-gcc, r-devel-linux-x86_64-fedora-clang, r-devel-linux-x86_64-fedora-gcc, r-devel-macosx-x86_64-clang, r-devel-macosx-x86_64-gcc, r-devel-windows-ix86+x86_64, r-patched-linux-x86_64, r-patched-solaris-sparc, r-patched-solaris-x86, r-release-linux-ix86, r-release-linux-x86_64, r-release-windows-ix86+x86_64, r-oldrel-windows-ix86+x86_64