CRAN Package Check Results for Package DATforDCEMRI

Last updated on 2015-04-19 19:51:45.

Flavor Version Tinstall Tcheck Ttotal Status Flags
r-devel-linux-x86_64-debian-clang 0.55 2.58 18.43 21.01 NOTE
r-devel-linux-x86_64-debian-gcc 0.55 2.73 18.45 21.18 NOTE
r-devel-linux-x86_64-fedora-clang 0.55 40.23 NOTE
r-devel-linux-x86_64-fedora-gcc 0.55 43.32 NOTE
r-devel-osx-x86_64-clang 0.55 40.32 NOTE
r-devel-windows-ix86+x86_64 0.55 9.00 30.00 39.00 NOTE
r-patched-linux-x86_64 0.55 2.45 18.26 20.70 NOTE
r-patched-solaris-sparc 0.55 260.70 NOTE
r-patched-solaris-x86 0.55 55.80 NOTE
r-release-linux-x86_64 0.55 2.48 17.36 19.84 NOTE
r-release-osx-x86_64-mavericks 0.55 NOTE
r-release-osx-x86_64-snowleopard 0.55 NOTE
r-release-windows-ix86+x86_64 0.55 6.00 28.00 34.00 NOTE
r-oldrel-windows-ix86+x86_64 0.55 8.00 36.00 44.00 NOTE

Check Details

Version: 0.55
Check: package dependencies
Result: NOTE
    Depends: includes the non-default packages:
     ‘xtable’ ‘akima’ ‘R.oo’ ‘R.methodsS3’ ‘matlab’ ‘lattice’ ‘locfit’
     ‘grid’
    Adding so many packages to the search path is excessive and importing
    selectively is preferable.
Flavors: r-devel-linux-x86_64-debian-clang, r-devel-linux-x86_64-debian-gcc, r-devel-linux-x86_64-fedora-clang, r-devel-linux-x86_64-fedora-gcc, r-devel-osx-x86_64-clang, r-devel-windows-ix86+x86_64, r-patched-linux-x86_64, r-patched-solaris-sparc, r-patched-solaris-x86, r-release-linux-x86_64, r-release-osx-x86_64-mavericks, r-release-osx-x86_64-snowleopard, r-release-windows-ix86+x86_64, r-oldrel-windows-ix86+x86_64

Version: 0.55
Check: DESCRIPTION meta-information
Result: NOTE
    Deprecated license: CC BY-NC-SA 3.0
Flavors: r-devel-linux-x86_64-debian-clang, r-devel-linux-x86_64-debian-gcc, r-devel-linux-x86_64-fedora-clang, r-devel-linux-x86_64-fedora-gcc, r-devel-osx-x86_64-clang, r-patched-linux-x86_64, r-patched-solaris-sparc, r-patched-solaris-x86, r-release-linux-x86_64, r-release-osx-x86_64-mavericks, r-release-osx-x86_64-snowleopard

Version: 0.55
Check: dependencies in R code
Result: NOTE
    'library' or 'require' calls to packages already attached by Depends:
     ‘R.methodsS3’ ‘R.oo’ ‘akima’ ‘graphics’ ‘grid’ ‘lattice’ ‘locfit’
     ‘matlab’ ‘xtable’
     Please remove these calls from your code.
    'library' or 'require' call to ‘R.matlab’ in package code.
     Please use :: or requireNamespace() instead.
     See section 'Suggested packages' in the 'Writing R Extensions' manual.
    Packages in Depends field not imported from:
     ‘R.methodsS3’ ‘R.oo’ ‘akima’ ‘grid’ ‘lattice’ ‘locfit’ ‘matlab’
     ‘xtable’
     These packages need to be imported from (in the NAMESPACE file)
     for when this namespace is loaded but not attached.
Flavors: r-devel-linux-x86_64-debian-clang, r-devel-linux-x86_64-debian-gcc, r-devel-linux-x86_64-fedora-clang, r-devel-linux-x86_64-fedora-gcc, r-devel-osx-x86_64-clang, r-devel-windows-ix86+x86_64, r-patched-linux-x86_64, r-patched-solaris-sparc, r-patched-solaris-x86, r-release-linux-x86_64, r-release-osx-x86_64-mavericks, r-release-osx-x86_64-snowleopard, r-release-windows-ix86+x86_64, r-oldrel-windows-ix86+x86_64

Version: 0.55
Check: R code for possible problems
Result: NOTE
    DAT : DATrun: no visible global function definition for ‘rot90’
    DAT : DATrun: no visible global function definition for ‘locfit.robust’
    DAT : DATrun: no visible global function definition for ‘writeMat’
    DAT: no visible binding for global variable ‘DAT.simData’
Flavors: r-devel-linux-x86_64-debian-clang, r-devel-linux-x86_64-debian-gcc, r-devel-linux-x86_64-fedora-clang, r-devel-linux-x86_64-fedora-gcc, r-devel-osx-x86_64-clang, r-devel-windows-ix86+x86_64, r-patched-linux-x86_64, r-patched-solaris-sparc, r-patched-solaris-x86, r-release-linux-x86_64, r-release-osx-x86_64-mavericks, r-release-osx-x86_64-snowleopard, r-release-windows-ix86+x86_64, r-oldrel-windows-ix86+x86_64