CRAN Package Check Results for Package DATforDCEMRI

Last updated on 2015-03-30 17:49:00.

Flavor Version Tinstall Tcheck Ttotal Status Flags
r-devel-linux-x86_64-debian-clang 0.55 2.56 18.39 20.94 NOTE
r-devel-linux-x86_64-debian-gcc 0.55 2.46 17.90 20.36 NOTE
r-devel-linux-x86_64-fedora-clang 0.55 40.33 NOTE
r-devel-linux-x86_64-fedora-gcc 0.55 37.86 NOTE
r-devel-osx-x86_64-clang 0.55 43.58 NOTE
r-prerel-windows-ix86+x86_64 0.55 6.00 30.00 36.00 NOTE
r-prerel-linux-x86_64 0.55 2.56 17.79 20.36 NOTE
r-prerel-solaris-sparc 0.55 260.70 NOTE
r-prerel-solaris-x86 0.55 56.30 NOTE
r-release-linux-x86_64 0.55 2.89 22.05 24.94 NOTE
r-release-osx-x86_64-mavericks 0.55 NOTE
r-release-windows-ix86+x86_64 0.55 9.00 40.00 49.00 NOTE
r-oldrel-windows-ix86+x86_64 0.55 10.00 62.00 72.00 NOTE

Check Details

Version: 0.55
Check: package dependencies
Result: NOTE
    Depends: includes the non-default packages:
     ‘xtable’ ‘akima’ ‘R.oo’ ‘R.methodsS3’ ‘matlab’ ‘lattice’ ‘locfit’
     ‘grid’
    Adding so many packages to the search path is excessive and importing
    selectively is preferable.
Flavors: r-devel-linux-x86_64-debian-clang, r-devel-linux-x86_64-debian-gcc, r-devel-linux-x86_64-fedora-clang, r-devel-linux-x86_64-fedora-gcc, r-devel-osx-x86_64-clang, r-prerel-windows-ix86+x86_64, r-prerel-linux-x86_64, r-prerel-solaris-sparc, r-prerel-solaris-x86, r-release-linux-x86_64, r-release-osx-x86_64-mavericks, r-release-windows-ix86+x86_64

Version: 0.55
Check: DESCRIPTION meta-information
Result: NOTE
    Deprecated license: CC BY-NC-SA 3.0
Flavors: r-devel-linux-x86_64-debian-clang, r-devel-linux-x86_64-debian-gcc, r-devel-linux-x86_64-fedora-clang, r-devel-linux-x86_64-fedora-gcc, r-devel-osx-x86_64-clang, r-prerel-linux-x86_64, r-prerel-solaris-sparc, r-prerel-solaris-x86, r-release-linux-x86_64, r-release-osx-x86_64-mavericks

Version: 0.55
Check: dependencies in R code
Result: NOTE
    'library' or 'require' calls to packages already attached by Depends:
     ‘R.methodsS3’ ‘R.oo’ ‘akima’ ‘graphics’ ‘grid’ ‘lattice’ ‘locfit’
     ‘matlab’ ‘xtable’
     Please remove these calls from your code.
    'library' or 'require' call to ‘R.matlab’ in package code.
     Please use :: or requireNamespace() instead.
     See section 'Suggested packages' in the 'Writing R Extensions' manual.
    Packages in Depends field not imported from:
     ‘R.methodsS3’ ‘R.oo’ ‘akima’ ‘grid’ ‘lattice’ ‘locfit’ ‘matlab’
     ‘xtable’
     These packages need to be imported from (in the NAMESPACE file)
     for when this namespace is loaded but not attached.
Flavors: r-devel-linux-x86_64-debian-clang, r-devel-linux-x86_64-debian-gcc, r-devel-linux-x86_64-fedora-clang, r-devel-linux-x86_64-fedora-gcc, r-devel-osx-x86_64-clang, r-prerel-windows-ix86+x86_64, r-prerel-linux-x86_64, r-prerel-solaris-sparc, r-prerel-solaris-x86, r-release-linux-x86_64, r-release-windows-ix86+x86_64

Version: 0.55
Check: R code for possible problems
Result: NOTE
    DAT : DATrun: no visible global function definition for ‘rot90’
    DAT : DATrun: no visible global function definition for ‘locfit.robust’
    DAT : DATrun: no visible global function definition for ‘writeMat’
    DAT: no visible binding for global variable ‘DAT.simData’
Flavors: r-devel-linux-x86_64-debian-clang, r-devel-linux-x86_64-debian-gcc, r-devel-linux-x86_64-fedora-clang, r-devel-linux-x86_64-fedora-gcc, r-devel-osx-x86_64-clang, r-prerel-windows-ix86+x86_64, r-prerel-linux-x86_64, r-prerel-solaris-sparc, r-prerel-solaris-x86, r-release-linux-x86_64, r-release-osx-x86_64-mavericks, r-release-windows-ix86+x86_64

Version: 0.55
Check: dependencies in R code
Result: NOTE
    'library' or 'require' calls to packages already attached by Depends:
     ‘R.methodsS3’ ‘R.oo’ ‘akima’ ‘graphics’ ‘grid’ ‘lattice’ ‘locfit’
     ‘matlab’ ‘xtable’
     Please remove these calls from your code.
    Packages in Depends field not imported from:
     ‘R.methodsS3’ ‘R.oo’ ‘akima’ ‘grid’ ‘lattice’ ‘locfit’ ‘matlab’
     ‘xtable’
     These packages need to be imported from (in the NAMESPACE file)
     for when this namespace is loaded but not attached.
    See the information on DESCRIPTION files in the chapter ‘Creating R
    packages’ of the ‘Writing R Extensions’ manual.
Flavor: r-release-osx-x86_64-mavericks

Version: 0.55
Check: dependencies in R code
Result: NOTE
    'library' or 'require' calls to packages already attached by Depends:
     'R.methodsS3' 'R.oo' 'akima' 'graphics' 'grid' 'lattice' 'locfit'
     'matlab' 'xtable'
     Please remove these calls from your code.
    Packages in Depends field not imported from:
     'R.methodsS3' 'R.oo' 'akima' 'lattice' 'locfit' 'matlab' 'xtable'
     These packages need to be imported from (in the NAMESPACE file)
     for when this namespace is loaded but not attached.
    See the information on DESCRIPTION files in the chapter 'Creating R
    packages' of the 'Writing R Extensions' manual.
Flavor: r-oldrel-windows-ix86+x86_64