CRAN Package Check Results for Package FeaLect

Last updated on 2017-11-24 16:47:47 CET.

Flavor Version Tinstall Tcheck Ttotal Status Flags
r-devel-linux-x86_64-debian-clang 1.10 5.23 148.76 153.99 NOTE
r-devel-linux-x86_64-debian-gcc 1.10 4.46 136.25 140.70 NOTE
r-devel-linux-x86_64-fedora-clang 1.10 126.83 NOTE
r-devel-linux-x86_64-fedora-gcc 1.10 128.03 NOTE
r-devel-windows-ix86+x86_64 1.10 12.00 147.00 159.00 NOTE
r-patched-linux-x86_64 1.10 6.06 154.67 160.72 NOTE
r-patched-solaris-x86 1.10 199.00 NOTE
r-release-linux-x86_64 1.10 5.35 157.46 162.80 NOTE
r-release-windows-ix86+x86_64 1.10 12.00 115.00 127.00 NOTE
r-release-osx-x86_64 1.10 NOTE
r-oldrel-windows-ix86+x86_64 1.10 12.00 120.00 132.00 NOTE
r-oldrel-osx-x86_64 1.10 NOTE

Check Details

Version: 1.10
Check: R code for possible problems
Result: NOTE
    FeaLect: no visible global function definition for ‘plot’
    compute.logistic.score: no visible global function definition for
     ‘coef’
    ignore.redundant: no visible global function definition for ‘var’
    train.doctor: no visible global function definition for ‘coef’
    train.doctor: no visible global function definition for ‘predict’
    Undefined global functions or variables:
     coef plot predict var
    Consider adding
     importFrom("graphics", "plot")
     importFrom("stats", "coef", "predict", "var")
    to your NAMESPACE file.
Flavors: r-devel-linux-x86_64-debian-clang, r-devel-linux-x86_64-debian-gcc, r-devel-linux-x86_64-fedora-clang, r-devel-linux-x86_64-fedora-gcc, r-devel-windows-ix86+x86_64, r-patched-linux-x86_64, r-patched-solaris-x86, r-release-linux-x86_64, r-release-windows-ix86+x86_64, r-release-osx-x86_64, r-oldrel-windows-ix86+x86_64, r-oldrel-osx-x86_64