CRAN Package Check Results for Package FeaLect

Last updated on 2018-04-25 18:46:44 CEST.

Flavor Version Tinstall Tcheck Ttotal Status Flags
r-devel-linux-x86_64-debian-clang 1.10 5.95 102.08 108.03 NOTE
r-devel-linux-x86_64-debian-gcc 1.10 5.25 79.90 85.15 NOTE
r-devel-linux-x86_64-fedora-clang 1.10 129.42 NOTE
r-devel-linux-x86_64-fedora-gcc 1.10 127.90 NOTE
r-devel-windows-ix86+x86_64 1.10 19.00 133.00 152.00 NOTE
r-patched-linux-x86_64 1.10 6.19 100.92 107.11 NOTE
r-patched-solaris-x86 1.10 192.30 NOTE
r-release-linux-x86_64 1.10 5.51 100.62 106.13 NOTE
r-release-windows-ix86+x86_64 1.10 19.00 133.00 152.00 NOTE
r-release-osx-x86_64 1.10 NOTE
r-oldrel-windows-ix86+x86_64 1.10 15.00 137.00 152.00 NOTE
r-oldrel-osx-x86_64 1.10 NOTE

Check Details

Version: 1.10
Check: R code for possible problems
Result: NOTE
    FeaLect: no visible global function definition for ‘plot’
    compute.logistic.score: no visible global function definition for
     ‘coef’
    ignore.redundant: no visible global function definition for ‘var’
    train.doctor: no visible global function definition for ‘coef’
    train.doctor: no visible global function definition for ‘predict’
    Undefined global functions or variables:
     coef plot predict var
    Consider adding
     importFrom("graphics", "plot")
     importFrom("stats", "coef", "predict", "var")
    to your NAMESPACE file.
Flavors: r-devel-linux-x86_64-debian-clang, r-devel-linux-x86_64-debian-gcc, r-devel-linux-x86_64-fedora-clang, r-devel-linux-x86_64-fedora-gcc, r-devel-windows-ix86+x86_64, r-patched-linux-x86_64, r-patched-solaris-x86, r-release-linux-x86_64, r-release-windows-ix86+x86_64, r-release-osx-x86_64, r-oldrel-windows-ix86+x86_64, r-oldrel-osx-x86_64