CRAN Package Check Results for Package FeaLect

Last updated on 2014-07-22 22:48:10.

Flavor Version Tinstall Tcheck Ttotal Status Flags
r-devel-linux-x86_64-debian-clang 1.3 1.44 39.52 40.95 NOTE
r-devel-linux-x86_64-debian-gcc 1.3 1.42 38.96 40.38 NOTE
r-devel-linux-x86_64-fedora-clang 1.3 91.07 NOTE
r-devel-linux-x86_64-fedora-gcc 1.3 88.02 NOTE
r-devel-osx-x86_64-clang 1.3 74.07 NOTE
r-devel-windows-ix86+x86_64 1.3 8.00 67.00 75.00 NOTE
r-patched-linux-x86_64 1.3 2.08 39.77 41.85 NOTE
r-patched-solaris-sparc 1.3 469.70 NOTE
r-patched-solaris-x86 1.3 105.50 NOTE
r-release-linux-ix86 1.3 2.02 53.70 55.72 NOTE
r-release-linux-x86_64 1.3 1.64 41.86 43.50 NOTE
r-release-osx-x86_64-mavericks 1.3 NOTE
r-release-osx-x86_64-snowleopard 1.3 NOTE
r-release-windows-ix86+x86_64 1.3 6.00 63.00 69.00 NOTE
r-oldrel-windows-ix86+x86_64 1.3 8.00 94.00 102.00 NOTE

Check Details

Version: 1.3
Check: dependencies in R code
Result: NOTE
    'library' or 'require' calls to packages already attached by Depends:
     ‘lars’ ‘rms’
     Please remove these calls from your code.
    See the information on DESCRIPTION files in the chapter ‘Creating R
    packages’ of the ‘Writing R Extensions’ manual.
Flavors: r-devel-linux-x86_64-debian-clang, r-devel-linux-x86_64-debian-gcc, r-devel-linux-x86_64-fedora-clang, r-devel-linux-x86_64-fedora-gcc, r-devel-osx-x86_64-clang, r-devel-windows-ix86+x86_64, r-patched-linux-x86_64, r-patched-solaris-sparc, r-patched-solaris-x86, r-release-linux-ix86, r-release-linux-x86_64, r-release-osx-x86_64-mavericks, r-release-osx-x86_64-snowleopard, r-release-windows-ix86+x86_64, r-oldrel-windows-ix86+x86_64

Version: 1.3
Check: for old-style vignette sources
Result: NOTE
    Vignette sources only in ‘inst/doc’:
     ‘FeaLect_feature_scorer.Rnw’
    A ‘vignettes’ directory is required as from R 3.1.0
    and these will not be indexed nor checked
Flavors: r-devel-linux-x86_64-debian-clang, r-devel-linux-x86_64-debian-gcc, r-devel-linux-x86_64-fedora-clang, r-devel-linux-x86_64-fedora-gcc, r-devel-osx-x86_64-clang, r-devel-windows-ix86+x86_64, r-patched-linux-x86_64, r-patched-solaris-sparc, r-patched-solaris-x86, r-release-linux-ix86, r-release-linux-x86_64, r-release-osx-x86_64-mavericks, r-release-osx-x86_64-snowleopard, r-release-windows-ix86+x86_64

Version: 1.3
Check: Rd line widths
Result: NOTE
    Rd file 'FeaLect.Rd':
     \usage lines wider than 90 characters:
     FeaLect(F, L, maximum.features.num = dim(F)[2], total.num.of.models, gamma = 3/4, persistence = 1000, talk = FALSE, minimum.class.size ... [TRUNCATED]
    
    Rd file 'compute.logistic.score.Rd':
     \usage lines wider than 90 characters:
     compute.logistic.score(F_, L_, considered.features, training.samples, validating.samples, linear.scores, report.fitting.failure = TRUE)
     \examples lines wider than 100 characters:
     compute.logistic.score(F_=F, L_=L, training.samples=ts, validating.samples=vs, considered.features=colnames(F),linear.scores= asymptoti ... [TRUNCATED]
    
    Rd file 'train.doctor.Rd':
     \usage lines wider than 90 characters:
     train.doctor(F_, L_, training.samples, validating.samples, considered.features, maximum.features.num, balance = TRUE, return_linear.mod ... [TRUNCATED]
     \examples lines wider than 100 characters:
     doctor <- train.doctor(F_=F, L_=L, training.samples=ts, validating.samples=vs, considered.features=colnames(F), maximum.features.num=10 ... [TRUNCATED]
    
    These lines will be truncated in the PDF manual.
Flavors: r-devel-linux-x86_64-fedora-clang, r-devel-linux-x86_64-fedora-gcc

Version: 1.3
Check: for old-style vignette sources
Result: NOTE
    Vignette sources only in 'inst/doc':
     'FeaLect_feature_scorer.Rnw'
    A 'vignettes' directory will be required as from R 3.1.0
Flavor: r-oldrel-windows-ix86+x86_64