CRAN Package Check Results for Package FeaLect

Last updated on 2016-07-29 17:47:13.

Flavor Version Tinstall Tcheck Ttotal Status Flags
r-devel-linux-x86_64-debian-clang 1.10 3.98 61.00 64.98 NOTE
r-devel-linux-x86_64-debian-gcc 1.10 4.56 64.52 69.08 NOTE
r-devel-linux-x86_64-fedora-clang 1.10 149.43 NOTE
r-devel-linux-x86_64-fedora-gcc 1.10 120.28 NOTE
r-devel-osx-x86_64-clang 1.10 100.33 NOTE
r-devel-windows-ix86+x86_64 1.10 18.00 115.00 133.00 NOTE
r-patched-linux-x86_64 1.10 5.02 66.67 71.69 NOTE
r-patched-solaris-sparc 1.10 709.70 NOTE
r-patched-solaris-x86 1.10 154.60 NOTE
r-release-linux-x86_64 1.10 5.11 67.44 72.55 NOTE
r-release-osx-x86_64-mavericks 1.10 NOTE
r-release-windows-ix86+x86_64 1.10 15.00 113.00 128.00 NOTE
r-oldrel-windows-ix86+x86_64 1.10 18.00 193.00 211.00 OK

Check Details

Version: 1.10
Check: R code for possible problems
Result: NOTE
    FeaLect: no visible global function definition for ‘plot’
    compute.logistic.score: no visible global function definition for
     ‘coef’
    ignore.redundant: no visible global function definition for ‘var’
    train.doctor: no visible global function definition for ‘coef’
    train.doctor: no visible global function definition for ‘predict’
    Undefined global functions or variables:
     coef plot predict var
    Consider adding
     importFrom("graphics", "plot")
     importFrom("stats", "coef", "predict", "var")
    to your NAMESPACE file.
Flavors: r-devel-linux-x86_64-debian-clang, r-devel-linux-x86_64-debian-gcc, r-devel-linux-x86_64-fedora-clang, r-devel-linux-x86_64-fedora-gcc, r-devel-osx-x86_64-clang, r-devel-windows-ix86+x86_64, r-patched-linux-x86_64, r-patched-solaris-sparc, r-patched-solaris-x86, r-release-linux-x86_64, r-release-osx-x86_64-mavericks, r-release-windows-ix86+x86_64