CRAN Package Check Results for Package FeaLect

Last updated on 2017-01-23 15:47:53.

Flavor Version Tinstall Tcheck Ttotal Status Flags
r-devel-linux-x86_64-debian-clang 1.10 3.93 64.07 68.00 NOTE
r-devel-linux-x86_64-debian-gcc 1.10 4.00 63.19 67.19 NOTE
r-devel-linux-x86_64-fedora-clang 1.10 134.61 NOTE --no-stop-on-test-error
r-devel-linux-x86_64-fedora-gcc 1.10 131.08 NOTE --no-stop-on-test-error
r-devel-macos-x86_64-clang 1.10 104.10 NOTE --no-stop-on-test-error
r-devel-windows-ix86+x86_64 1.10 14.00 123.00 137.00 NOTE
r-patched-linux-x86_64 1.10 4.08 56.53 60.62 NOTE
r-patched-solaris-sparc 1.10 743.70 NOTE
r-patched-solaris-x86 1.10 170.50 NOTE
r-release-linux-x86_64 1.10 4.06 58.28 62.34 NOTE
r-release-osx-x86_64-mavericks 1.10 NOTE
r-release-windows-ix86+x86_64 1.10 36.00 116.00 152.00 NOTE
r-oldrel-windows-ix86+x86_64 1.10 22.00 298.00 320.00 OK

Check Details

Version: 1.10
Check: R code for possible problems
Result: NOTE
    FeaLect: no visible global function definition for ‘plot’
    compute.logistic.score: no visible global function definition for
     ‘coef’
    ignore.redundant: no visible global function definition for ‘var’
    train.doctor: no visible global function definition for ‘coef’
    train.doctor: no visible global function definition for ‘predict’
    Undefined global functions or variables:
     coef plot predict var
    Consider adding
     importFrom("graphics", "plot")
     importFrom("stats", "coef", "predict", "var")
    to your NAMESPACE file.
Flavors: r-devel-linux-x86_64-debian-clang, r-devel-linux-x86_64-debian-gcc, r-devel-windows-ix86+x86_64, r-patched-linux-x86_64, r-patched-solaris-sparc, r-patched-solaris-x86, r-release-linux-x86_64, r-release-osx-x86_64-mavericks, r-release-windows-ix86+x86_64

Version: 1.10
Flags: --no-stop-on-test-error
Check: R code for possible problems
Result: NOTE
    FeaLect: no visible global function definition for ‘plot’
    compute.logistic.score: no visible global function definition for
     ‘coef’
    ignore.redundant: no visible global function definition for ‘var’
    train.doctor: no visible global function definition for ‘coef’
    train.doctor: no visible global function definition for ‘predict’
    Undefined global functions or variables:
     coef plot predict var
    Consider adding
     importFrom("graphics", "plot")
     importFrom("stats", "coef", "predict", "var")
    to your NAMESPACE file.
Flavors: r-devel-linux-x86_64-fedora-clang, r-devel-linux-x86_64-fedora-gcc, r-devel-macos-x86_64-clang