CRAN Package Check Results for Package FeaLect

Last updated on 2014-04-24 19:53:58.

Flavor Version Tinstall Tcheck Ttotal Status Flags
r-devel-linux-x86_64-debian-clang 1.3 1.79 41.30 43.09 NOTE
r-devel-linux-x86_64-debian-gcc 1.3 1.65 41.72 43.37 NOTE
r-devel-linux-x86_64-fedora-clang 1.3 89.97 NOTE
r-devel-linux-x86_64-fedora-gcc 1.3 84.80 NOTE
r-devel-osx-x86_64-clang 1.3 79.73 NOTE
r-devel-osx-x86_64-gcc 1.3 ERROR
r-devel-windows-ix86+x86_64 1.3 6.00 62.00 68.00 NOTE
r-patched-linux-x86_64 1.3 1.68 41.40 43.08 NOTE
r-patched-solaris-sparc 1.3 469.70 NOTE
r-patched-solaris-x86 1.3 105.60 NOTE
r-release-linux-ix86 1.3 2.00 69.00 71.00 NOTE
r-release-linux-x86_64 1.3 1.65 41.07 42.72 NOTE
r-release-osx-x86_64-mavericks 1.3 WARN
r-release-osx-x86_64-snowleopard 1.3 NOTE
r-release-windows-ix86+x86_64 1.3 6.00 65.00 71.00 NOTE
r-oldrel-windows-ix86+x86_64 1.3 7.00 94.00 101.00 NOTE

Check Details

Version: 1.3
Check: dependencies in R code
Result: NOTE
    'library' or 'require' calls to packages already attached by Depends:
     ‘lars’ ‘rms’
     Please remove these calls from your code.
    See the information on DESCRIPTION files in the chapter ‘Creating R
    packages’ of the ‘Writing R Extensions’ manual.
Flavors: r-devel-linux-x86_64-debian-clang, r-devel-linux-x86_64-debian-gcc, r-devel-linux-x86_64-fedora-clang, r-devel-linux-x86_64-fedora-gcc, r-devel-osx-x86_64-clang, r-devel-windows-ix86+x86_64, r-patched-linux-x86_64, r-patched-solaris-sparc, r-patched-solaris-x86, r-release-linux-ix86, r-release-linux-x86_64, r-release-osx-x86_64-mavericks, r-release-osx-x86_64-snowleopard, r-release-windows-ix86+x86_64, r-oldrel-windows-ix86+x86_64

Version: 1.3
Check: for old-style vignette sources
Result: NOTE
    Vignette sources only in ‘inst/doc’:
     ‘FeaLect_feature_scorer.Rnw’
    A ‘vignettes’ directory is required as from R 3.1.0
    and these will not be indexed nor checked
Flavors: r-devel-linux-x86_64-debian-clang, r-devel-linux-x86_64-debian-gcc, r-devel-linux-x86_64-fedora-clang, r-devel-linux-x86_64-fedora-gcc, r-devel-osx-x86_64-clang, r-devel-windows-ix86+x86_64, r-patched-linux-x86_64, r-patched-solaris-sparc, r-patched-solaris-x86, r-release-linux-ix86, r-release-linux-x86_64, r-release-osx-x86_64-mavericks, r-release-osx-x86_64-snowleopard, r-release-windows-ix86+x86_64

Version: 1.3
Check: Rd line widths
Result: NOTE
    Rd file 'FeaLect.Rd':
     \usage lines wider than 90 characters:
     FeaLect(F, L, maximum.features.num = dim(F)[2], total.num.of.models, gamma = 3/4, persistence = 1000, talk = FALSE, minimum.class.size ... [TRUNCATED]
    
    Rd file 'compute.logistic.score.Rd':
     \usage lines wider than 90 characters:
     compute.logistic.score(F_, L_, considered.features, training.samples, validating.samples, linear.scores, report.fitting.failure = TRUE)
     \examples lines wider than 100 characters:
     compute.logistic.score(F_=F, L_=L, training.samples=ts, validating.samples=vs, considered.features=colnames(F),linear.scores= asymptoti ... [TRUNCATED]
    
    Rd file 'train.doctor.Rd':
     \usage lines wider than 90 characters:
     train.doctor(F_, L_, training.samples, validating.samples, considered.features, maximum.features.num, balance = TRUE, return_linear.mod ... [TRUNCATED]
     \examples lines wider than 100 characters:
     doctor <- train.doctor(F_=F, L_=L, training.samples=ts, validating.samples=vs, considered.features=colnames(F), maximum.features.num=10 ... [TRUNCATED]
    
    These lines will be truncated in the PDF manual.
Flavors: r-devel-linux-x86_64-fedora-clang, r-devel-linux-x86_64-fedora-gcc

Version: 1.3
Check: package dependencies
Result: ERROR
    Package required but not available: ‘rms’
    
    See the information on DESCRIPTION files in the chapter ‘Creating R
    packages’ of the ‘Writing R Extensions’ manual.
Flavor: r-devel-osx-x86_64-gcc

Version: 1.3
Check: PDF version of manual
Result: WARNING
    LaTeX errors when creating PDF version.
    This typically indicates Rd problems.
    LaTeX errors found:
    ! LaTeX Error: File `upquote.sty' not found.
    
    Type X to quit or <RETURN> to proceed,
    or enter new name. (Default extension: sty)
    
    8bda87/Rd2.tex:8: ==> Fatal error occurred, no output PDF file produced!
Flavor: r-release-osx-x86_64-mavericks

Version: 1.3
Check: for old-style vignette sources
Result: NOTE
    Vignette sources only in 'inst/doc':
     'FeaLect_feature_scorer.Rnw'
    A 'vignettes' directory will be required as from R 3.1.0
Flavor: r-oldrel-windows-ix86+x86_64