CRAN Package Check Results for Package FeaLect

Last updated on 2014-09-23 18:48:29.

Flavor Version Tinstall Tcheck Ttotal Status Flags
r-release-linux-ix86 1.3 2.03 57.52 59.55 NOTE

Check Details

Version: 1.3
Check: dependencies in R code
Result: NOTE
    'library' or 'require' calls to packages already attached by Depends:
     ‘lars’ ‘rms’
     Please remove these calls from your code.
    See the information on DESCRIPTION files in the chapter ‘Creating R
    packages’ of the ‘Writing R Extensions’ manual.
Flavor: r-release-linux-ix86

Version: 1.3
Check: for old-style vignette sources
Result: NOTE
    Vignette sources only in ‘inst/doc’:
     ‘FeaLect_feature_scorer.Rnw’
    A ‘vignettes’ directory is required as from R 3.1.0
    and these will not be indexed nor checked
Flavor: r-release-linux-ix86