CRAN Package Check Results for Package FeaLect

Last updated on 2018-02-21 16:49:18 CET.

Flavor Version Tinstall Tcheck Ttotal Status Flags
r-devel-linux-x86_64-debian-clang 1.10 4.91 102.58 107.49 NOTE
r-devel-linux-x86_64-debian-gcc 1.10 5.10 80.59 85.69 NOTE
r-devel-linux-x86_64-fedora-clang 1.10 131.73 NOTE
r-devel-linux-x86_64-fedora-gcc 1.10 125.78 NOTE
r-devel-windows-ix86+x86_64 1.10 12.00 123.00 135.00 NOTE
r-patched-linux-x86_64 1.10 5.89 112.72 118.61 NOTE
r-patched-solaris-x86 1.10 198.10 NOTE
r-release-linux-x86_64 1.10 5.04 106.10 111.14 NOTE
r-release-windows-ix86+x86_64 1.10 19.00 169.00 188.00 NOTE
r-release-osx-x86_64 1.10 NOTE
r-oldrel-windows-ix86+x86_64 1.10 13.00 124.00 137.00 NOTE
r-oldrel-osx-x86_64 1.10 NOTE

Check Details

Version: 1.10
Check: R code for possible problems
Result: NOTE
    FeaLect: no visible global function definition for ‘plot’
    compute.logistic.score: no visible global function definition for
     ‘coef’
    ignore.redundant: no visible global function definition for ‘var’
    train.doctor: no visible global function definition for ‘coef’
    train.doctor: no visible global function definition for ‘predict’
    Undefined global functions or variables:
     coef plot predict var
    Consider adding
     importFrom("graphics", "plot")
     importFrom("stats", "coef", "predict", "var")
    to your NAMESPACE file.
Flavors: r-devel-linux-x86_64-debian-clang, r-devel-linux-x86_64-debian-gcc, r-devel-linux-x86_64-fedora-clang, r-devel-linux-x86_64-fedora-gcc, r-devel-windows-ix86+x86_64, r-patched-linux-x86_64, r-patched-solaris-x86, r-release-linux-x86_64, r-release-windows-ix86+x86_64, r-release-osx-x86_64, r-oldrel-windows-ix86+x86_64, r-oldrel-osx-x86_64