CRAN Package Check Results for Package FeaLect

Last updated on 2016-08-28 18:46:53.

Flavor Version Tinstall Tcheck Ttotal Status Flags
r-devel-linux-x86_64-debian-clang 1.10 4.29 61.77 66.06 NOTE
r-devel-linux-x86_64-debian-gcc 1.10 4.19 60.20 64.38 NOTE
r-devel-linux-x86_64-fedora-clang 1.10 128.58 NOTE
r-devel-linux-x86_64-fedora-gcc 1.10 119.59 NOTE
r-devel-osx-x86_64-clang 1.10 99.37 NOTE
r-devel-windows-ix86+x86_64 1.10 23.00 114.00 137.00 NOTE
r-patched-linux-x86_64 1.10 4.41 58.61 63.02 NOTE
r-patched-solaris-sparc 1.10 709.70 NOTE
r-patched-solaris-x86 1.10 154.90 NOTE
r-release-linux-x86_64 1.10 4.24 58.43 62.67 NOTE
r-release-osx-x86_64-mavericks 1.10 NOTE
r-release-windows-ix86+x86_64 1.10 14.00 117.00 131.00 NOTE
r-oldrel-windows-ix86+x86_64 1.10 17.00 209.00 226.00 OK

Check Details

Version: 1.10
Check: R code for possible problems
Result: NOTE
    FeaLect: no visible global function definition for ‘plot’
    compute.logistic.score: no visible global function definition for
     ‘coef’
    ignore.redundant: no visible global function definition for ‘var’
    train.doctor: no visible global function definition for ‘coef’
    train.doctor: no visible global function definition for ‘predict’
    Undefined global functions or variables:
     coef plot predict var
    Consider adding
     importFrom("graphics", "plot")
     importFrom("stats", "coef", "predict", "var")
    to your NAMESPACE file.
Flavors: r-devel-linux-x86_64-debian-clang, r-devel-linux-x86_64-debian-gcc, r-devel-linux-x86_64-fedora-clang, r-devel-linux-x86_64-fedora-gcc, r-devel-osx-x86_64-clang, r-devel-windows-ix86+x86_64, r-patched-linux-x86_64, r-patched-solaris-sparc, r-patched-solaris-x86, r-release-linux-x86_64, r-release-osx-x86_64-mavericks, r-release-windows-ix86+x86_64