CRAN Package Check Results for Package FeaLect

Last updated on 2017-07-20 18:46:50.

Flavor Version Tinstall Tcheck Ttotal Status Flags
r-devel-linux-x86_64-debian-clang 1.10 4.00 71.49 75.49 NOTE
r-devel-linux-x86_64-debian-gcc 1.10 4.38 70.39 74.78 NOTE
r-devel-linux-x86_64-fedora-clang 1.10 147.40 NOTE
r-devel-linux-x86_64-fedora-gcc 1.10 148.40 NOTE
r-devel-windows-ix86+x86_64 1.10 15.00 129.00 144.00 NOTE
r-patched-linux-x86_64 1.10 4.00 70.38 74.39 NOTE
r-patched-solaris-x86 1.10 199.00 NOTE
r-release-linux-x86_64 1.10 4.34 70.94 75.28 NOTE
r-release-windows-ix86+x86_64 1.10 13.00 126.00 139.00 NOTE
r-release-osx-x86_64 1.10 NOTE
r-oldrel-windows-ix86+x86_64 1.10 11.00 110.00 121.00 NOTE
r-oldrel-osx-x86_64 1.10 NOTE

Check Details

Version: 1.10
Check: R code for possible problems
Result: NOTE
    FeaLect: no visible global function definition for ‘plot’
    compute.logistic.score: no visible global function definition for
     ‘coef’
    ignore.redundant: no visible global function definition for ‘var’
    train.doctor: no visible global function definition for ‘coef’
    train.doctor: no visible global function definition for ‘predict’
    Undefined global functions or variables:
     coef plot predict var
    Consider adding
     importFrom("graphics", "plot")
     importFrom("stats", "coef", "predict", "var")
    to your NAMESPACE file.
Flavors: r-devel-linux-x86_64-debian-clang, r-devel-linux-x86_64-debian-gcc, r-devel-linux-x86_64-fedora-clang, r-devel-linux-x86_64-fedora-gcc, r-devel-windows-ix86+x86_64, r-patched-linux-x86_64, r-patched-solaris-x86, r-release-linux-x86_64, r-release-windows-ix86+x86_64, r-release-osx-x86_64, r-oldrel-windows-ix86+x86_64, r-oldrel-osx-x86_64