CRAN Package Check Results for Package FeaLect

Last updated on 2015-08-30 17:48:11.

Flavor Version Tinstall Tcheck Ttotal Status Flags
r-devel-linux-x86_64-debian-clang 1.10 3.82 68.42 72.25 NOTE
r-devel-linux-x86_64-debian-gcc 1.10 3.72 68.96 72.68 NOTE
r-devel-linux-x86_64-fedora-clang 1.10 150.65 NOTE
r-devel-linux-x86_64-fedora-gcc 1.10 143.82 NOTE
r-devel-osx-x86_64-clang 1.10 124.43 OK
r-devel-windows-ix86+x86_64 1.10 19.00 127.00 146.00 NOTE
r-patched-linux-x86_64 1.10 4.24 71.31 75.55 OK
r-patched-solaris-sparc 1.10 618.30 OK
r-patched-solaris-x86 1.10 145.10 OK
r-release-linux-x86_64 1.10 4.01 71.47 75.48 OK
r-release-osx-x86_64-mavericks 1.10 OK
r-release-windows-ix86+x86_64 1.10 18.00 122.00 140.00 OK
r-oldrel-windows-ix86+x86_64 1.10 36.00 195.00 231.00 OK

Check Details

Version: 1.10
Check: R code for possible problems
Result: NOTE
    FeaLect: no visible global function definition for ‘plot’
    compute.logistic.score: no visible global function definition for
     ‘coef’
    ignore.redundant: no visible global function definition for ‘var’
    train.doctor: no visible global function definition for ‘coef’
    train.doctor: no visible global function definition for ‘predict’
    Undefined global functions or variables:
     coef plot predict var
    Consider adding
     importFrom("graphics", "plot")
     importFrom("stats", "coef", "predict", "var")
    to your NAMESPACE.
Flavors: r-devel-linux-x86_64-debian-clang, r-devel-linux-x86_64-debian-gcc, r-devel-linux-x86_64-fedora-clang, r-devel-linux-x86_64-fedora-gcc, r-devel-windows-ix86+x86_64