CRAN Package Check Results for Package FeaLect

Last updated on 2015-04-26 17:47:37.

Flavor Version Tinstall Tcheck Ttotal Status Flags
r-devel-linux-x86_64-debian-clang 1.8 1.88 46.80 48.68 OK
r-devel-linux-x86_64-debian-gcc 1.8 2.01 46.02 48.04 OK
r-devel-linux-x86_64-fedora-clang 1.8 104.11 OK
r-devel-linux-x86_64-fedora-gcc 1.8 98.35 OK
r-devel-osx-x86_64-clang 1.8 97.93 OK
r-devel-windows-ix86+x86_64 1.8 7.00 84.00 91.00 OK
r-patched-linux-x86_64 1.8 1.84 46.81 48.65 OK
r-patched-solaris-sparc 1.8 601.70 OK
r-patched-solaris-x86 1.8 133.40 OK
r-release-linux-x86_64 1.8 1.88 46.47 48.36 OK
r-release-osx-x86_64-mavericks 1.8 ERROR
r-release-osx-x86_64-snowleopard 1.8 ERROR
r-release-windows-ix86+x86_64 1.8 8.00 84.00 92.00 OK
r-oldrel-windows-ix86+x86_64 1.8 14.00 119.00 133.00 OK

Check Details

Version: 1.8
Check: package dependencies
Result: ERROR
    Package required but not available: ‘rms’
    
    See section ‘The DESCRIPTION file’ in the ‘Writing R Extensions’
    manual.
Flavors: r-release-osx-x86_64-mavericks, r-release-osx-x86_64-snowleopard