CRAN Package Check Results for Package FeaLect

Last updated on 2016-05-02 18:48:56.

Flavor Version Tinstall Tcheck Ttotal Status Flags
r-devel-linux-x86_64-debian-gcc 1.10 3.65 56.68 60.34 NOTE
r-devel-linux-x86_64-fedora-clang 1.10 120.26 NOTE
r-devel-linux-x86_64-fedora-gcc 1.10 113.11 NOTE
r-devel-osx-x86_64-clang 1.10 135.18 NOTE
r-devel-windows-ix86+x86_64 1.10 13.00 109.00 122.00 NOTE
r-patched-linux-x86_64 1.10 3.82 55.05 58.88 NOTE
r-patched-solaris-sparc 1.10 785.70 NOTE
r-patched-solaris-x86 1.10 149.30 NOTE
r-release-linux-x86_64 1.10 4.57 71.23 75.80 OK
r-release-osx-x86_64-mavericks 1.10 OK
r-release-windows-ix86+x86_64 1.10 19.00 162.00 181.00 OK
r-oldrel-windows-ix86+x86_64 1.10 30.00 246.00 276.00 OK

Check Details

Version: 1.10
Check: R code for possible problems
Result: NOTE
    FeaLect: no visible global function definition for ‘plot’
    compute.logistic.score: no visible global function definition for
     ‘coef’
    ignore.redundant: no visible global function definition for ‘var’
    train.doctor: no visible global function definition for ‘coef’
    train.doctor: no visible global function definition for ‘predict’
    Undefined global functions or variables:
     coef plot predict var
    Consider adding
     importFrom("graphics", "plot")
     importFrom("stats", "coef", "predict", "var")
    to your NAMESPACE file.
Flavors: r-devel-linux-x86_64-debian-gcc, r-devel-linux-x86_64-fedora-clang, r-devel-linux-x86_64-fedora-gcc, r-devel-osx-x86_64-clang, r-devel-windows-ix86+x86_64, r-patched-linux-x86_64, r-patched-solaris-sparc, r-patched-solaris-x86