CRAN Package Check Results for Package MASS

Last updated on 2014-08-31 19:48:03.

Flavor Version Tinstall Tcheck Ttotal Status Flags
r-devel-linux-x86_64-debian-clang 7.3-34 9.97 45.19 55.16 OK
r-devel-linux-x86_64-debian-gcc 7.3-34 8.29 44.38 52.67 OK
r-devel-linux-x86_64-fedora-clang 7.3-34 108.72 OK
r-devel-linux-x86_64-fedora-gcc 7.3-34 103.59 OK
r-devel-osx-x86_64-clang 7.3-34 89.94 OK
r-patched-linux-x86_64 7.3-34 9.16 46.65 55.81 OK
r-patched-solaris-sparc 7.3-34 OK
r-patched-solaris-x86 7.3-34 OK
r-release-linux-ix86 7.3-34 9.52 60.96 70.49 OK
r-release-linux-x86_64 7.3-34 9.10 48.33 57.43 OK
r-release-osx-x86_64-mavericks 7.3-34 OK
r-release-osx-x86_64-snowleopard 7.3-34 OK
r-release-windows-ix86+x86_64 7.3-34 22.00 74.00 96.00 ERROR
r-oldrel-windows-ix86+x86_64 7.3-34 32.00 94.00 126.00 OK

Check Details

Version: 7.3-34
Check: running tests for arch 'i386'
Result: ERROR
    Running the tests in 'tests/lme.R' failed.
    Last 13 lines of output:
     <none> 700.38
     - cov1 1 701.25
     + cov2 1 702.33
     >
     > beav <- beav2
     > set.seed(123)
     > beav$dummy <- rnorm(nrow(beav))
     > beav.gls <- gls(temp ~ activ + dummy, data = beav,
     + corr = corAR1(0.8), method = "ML")
     > stepAIC(beav.gls)
     Start: AIC=-124.01
     temp ~ activ + dummy
Flavor: r-release-windows-ix86+x86_64