CRAN Package Check Results for Package RJSONIO

Last updated on 2015-05-25 18:47:08.

Flavor Version Tinstall Tcheck Ttotal Status Flags
r-devel-linux-x86_64-debian-clang 1.3-0 5.49 21.83 27.32 WARN
r-devel-linux-x86_64-debian-gcc 1.3-0 6.42 22.24 28.66 WARN
r-devel-linux-x86_64-fedora-clang 1.3-0 55.60 WARN
r-devel-linux-x86_64-fedora-gcc 1.3-0 51.36 WARN
r-devel-osx-x86_64-clang 1.3-0 56.13 WARN
r-devel-windows-ix86+x86_64 1.3-0 32.00 66.00 98.00 OK
r-patched-linux-x86_64 1.3-0 6.35 21.64 27.99 WARN
r-patched-solaris-sparc 1.3-0 387.40 OK
r-patched-solaris-x86 1.3-0 82.70 OK
r-release-linux-x86_64 1.3-0 6.24 21.75 27.99 WARN
r-release-osx-x86_64-mavericks 1.3-0 OK
r-release-osx-x86_64-snowleopard 1.3-0 OK
r-release-windows-ix86+x86_64 1.3-0 26.00 72.00 98.00 OK
r-oldrel-windows-ix86+x86_64 1.3-0 48.00 68.00 116.00 OK

Check Details

Version: 1.3-0
Check: whether package can be installed
Result: WARN
    Found the following significant warnings:
     libjson/Source/JSONGlobals.h:43:50: warning: empty macro arguments are a C99 feature [-Wc99-extensions]
     libjson/Source/JSONGlobals.h:44:49: warning: empty macro arguments are a C99 feature [-Wc99-extensions]
     JSONValidator.cpp:394:105: warning: empty macro arguments are a C99 feature [-Wc99-extensions]
     JSONValidator.cpp:397:104: warning: empty macro arguments are a C99 feature [-Wc99-extensions]
Flavors: r-devel-linux-x86_64-debian-clang, r-devel-linux-x86_64-fedora-clang, r-devel-osx-x86_64-clang

Version: 1.3-0
Check: top-level files
Result: NOTE
    Non-standard files/directories found at top level:
     ‘Changes.html’ ‘Dependencies’ ‘README.libjson’ ‘Todo.xml’
     ‘cleanup.in’ ‘cp_libjson’ ‘libjsonFixes’ ‘libjsonNotes’
Flavors: r-devel-linux-x86_64-debian-clang, r-devel-linux-x86_64-debian-gcc, r-devel-linux-x86_64-fedora-clang, r-devel-linux-x86_64-fedora-gcc, r-patched-linux-x86_64, r-release-linux-x86_64

Version: 1.3-0
Check: whether package can be installed
Result: WARN
    Found the following significant warnings:
     libjson/Source/JSONGlobals.h:43:50: warning: invoking macro json_global_decl argument 3: empty macro arguments are undefined in ISO C90 and ISO C++98
     libjson/Source/JSONGlobals.h:44:49: warning: invoking macro json_global_decl argument 3: empty macro arguments are undefined in ISO C90 and ISO C++98
     JSONValidator.cpp:394:105: warning: invoking macro JSON_ASSERT_SAFE argument 3: empty macro arguments are undefined in ISO C90 and ISO C++98
     JSONValidator.cpp:397:104: warning: invoking macro JSON_ASSERT_SAFE argument 3: empty macro arguments are undefined in ISO C90 and ISO C++98
Flavors: r-devel-linux-x86_64-debian-gcc, r-devel-linux-x86_64-fedora-gcc, r-patched-linux-x86_64, r-release-linux-x86_64