CRAN Package Check Results for Package RJSONIO

Last updated on 2017-11-24 16:48:18 CET.

Flavor Version Tinstall Tcheck Ttotal Status Flags
r-devel-linux-x86_64-debian-clang 1.3-0 9.34 56.76 66.09 WARN
r-devel-linux-x86_64-debian-gcc 1.3-0 16.50 58.88 75.38 WARN
r-devel-linux-x86_64-fedora-clang 1.3-0 57.22 WARN
r-devel-linux-x86_64-fedora-gcc 1.3-0 52.82 WARN
r-devel-windows-ix86+x86_64 1.3-0 60.00 83.00 143.00 WARN
r-patched-linux-x86_64 1.3-0 9.62 65.37 74.99 WARN
r-patched-solaris-x86 1.3-0 81.00 OK
r-release-linux-x86_64 1.3-0 9.13 60.91 70.04 WARN
r-release-windows-ix86+x86_64 1.3-0 36.00 82.00 118.00 OK
r-release-osx-x86_64 1.3-0 OK
r-oldrel-windows-ix86+x86_64 1.3-0 54.00 67.00 121.00 OK
r-oldrel-osx-x86_64 1.3-0 OK

Check Details

Version: 1.3-0
Check: whether package can be installed
Result: WARN
    Found the following significant warnings:
     libjson/Source/JSONGlobals.h:43:50: warning: empty macro arguments are a C99 feature [-Wc99-extensions]
     libjson/Source/JSONGlobals.h:44:49: warning: empty macro arguments are a C99 feature [-Wc99-extensions]
     JSONValidator.cpp:394:105: warning: empty macro arguments are a C99 feature [-Wc99-extensions]
     JSONValidator.cpp:397:104: warning: empty macro arguments are a C99 feature [-Wc99-extensions]
Flavors: r-devel-linux-x86_64-debian-clang, r-devel-linux-x86_64-fedora-clang

Version: 1.3-0
Check: top-level files
Result: NOTE
    Non-standard files/directories found at top level:
     ‘Changes.html’ ‘Dependencies’ ‘README.libjson’ ‘Todo.xml’
     ‘cleanup.in’ ‘cp_libjson’ ‘libjsonFixes’ ‘libjsonNotes’
Flavors: r-devel-linux-x86_64-debian-clang, r-devel-linux-x86_64-debian-gcc, r-devel-linux-x86_64-fedora-clang, r-devel-linux-x86_64-fedora-gcc, r-patched-linux-x86_64, r-release-linux-x86_64

Version: 1.3-0
Check: compiled code
Result: NOTE
    File ‘RJSONIO/libs/RJSONIO.so’:
     Found no calls to: ‘R_registerRoutines’, ‘R_useDynamicSymbols’
    
    It is good practice to register native routines and to disable symbol
    search.
    
    See ‘Writing portable packages’ in the ‘Writing R Extensions’ manual.
Flavors: r-devel-linux-x86_64-debian-clang, r-devel-linux-x86_64-debian-gcc, r-devel-linux-x86_64-fedora-clang, r-devel-linux-x86_64-fedora-gcc, r-patched-linux-x86_64, r-release-linux-x86_64

Version: 1.3-0
Check: whether package can be installed
Result: WARN
    Found the following significant warnings:
     libjson/Source/JSONGlobals.h:43:50: warning: invoking macro json_global_decl argument 3: empty macro arguments are undefined in ISO C++98 [-Wpedantic]
     libjson/Source/JSONGlobals.h:44:49: warning: invoking macro json_global_decl argument 3: empty macro arguments are undefined in ISO C++98 [-Wpedantic]
     JSONValidator.cpp:394:105: warning: invoking macro JSON_ASSERT_SAFE argument 3: empty macro arguments are undefined in ISO C++98 [-Wpedantic]
     JSONValidator.cpp:397:104: warning: invoking macro JSON_ASSERT_SAFE argument 3: empty macro arguments are undefined in ISO C++98 [-Wpedantic]
Flavors: r-devel-linux-x86_64-debian-gcc, r-devel-linux-x86_64-fedora-gcc, r-patched-linux-x86_64, r-release-linux-x86_64

Version: 1.3-0
Check: whether package can be installed
Result: WARN
    Found the following significant warnings:
     libjson/Source/JSONGlobals.h:43:50: warning: invoking macro json_global_decl argument 3: empty macro arguments are undefined in ISO C90 and ISO C++98
     libjson/Source/JSONGlobals.h:44:49: warning: invoking macro json_global_decl argument 3: empty macro arguments are undefined in ISO C90 and ISO C++98
     JSONValidator.cpp:394:105: warning: invoking macro JSON_ASSERT_SAFE argument 3: empty macro arguments are undefined in ISO C90 and ISO C++98
     JSONValidator.cpp:397:104: warning: invoking macro JSON_ASSERT_SAFE argument 3: empty macro arguments are undefined in ISO C90 and ISO C++98
Flavor: r-devel-windows-ix86+x86_64