CRAN Package Check Results for Package RankAggreg

Last updated on 2016-12-06 16:50:59.

Flavor Version Tinstall Tcheck Ttotal Status Flags
r-devel-linux-x86_64-debian-clang 0.5 1.18 26.89 28.08 NOTE
r-devel-linux-x86_64-debian-gcc 0.5 1.06 26.42 27.48 NOTE
r-devel-linux-x86_64-fedora-clang 0.5 54.57 NOTE --no-stop-on-test-error
r-devel-linux-x86_64-fedora-gcc 0.5 50.24 NOTE --no-stop-on-test-error
r-devel-macos-x86_64-clang 0.5 39.91 NOTE
r-devel-windows-ix86+x86_64 0.5 6.00 63.00 69.00 NOTE
r-patched-linux-x86_64 0.5 0.96 24.26 25.22 NOTE
r-patched-solaris-sparc 0.5 302.30 NOTE
r-patched-solaris-x86 0.5 58.40 NOTE
r-release-linux-x86_64 0.5 1.01 24.56 25.56 NOTE
r-release-osx-x86_64-mavericks 0.5 NOTE
r-release-windows-ix86+x86_64 0.5 5.00 57.00 62.00 NOTE
r-oldrel-windows-ix86+x86_64 0.5 14.00 74.00 88.00 NOTE

Check Details

Version: 0.5
Check: DESCRIPTION meta-information
Result: NOTE
    Malformed Description field: should contain one or more complete sentences.
Flavors: r-devel-linux-x86_64-debian-clang, r-devel-linux-x86_64-debian-gcc, r-devel-macos-x86_64-clang, r-devel-windows-ix86+x86_64, r-patched-linux-x86_64, r-patched-solaris-sparc, r-patched-solaris-x86, r-release-linux-x86_64, r-release-osx-x86_64-mavericks, r-release-windows-ix86+x86_64, r-oldrel-windows-ix86+x86_64

Version: 0.5
Check: R code for possible problems
Result: NOTE
    BruteAggreg: no visible global function definition for ‘median’
    RankAggreg: no visible global function definition for ‘median’
    RankAggreg: no visible global function definition for ‘runif’
    mcmcProc: no visible global function definition for ‘runif’
    plot.raggr: no visible global function definition for ‘layout’
    plot.raggr: no visible global function definition for ‘plot’
    plot.raggr: no visible global function definition for ‘legend’
    plot.raggr: no visible global function definition for ‘hist’
    plot.raggr: no visible global function definition for ‘runif’
    plot.raggr: no visible global function definition for ‘axis’
    plot.raggr: no visible global function definition for ‘lines’
    plotUpdate: no visible global function definition for ‘layout’
    plotUpdate: no visible global function definition for ‘plot’
    plotUpdate: no visible global function definition for ‘legend’
    rmult: no visible global function definition for ‘runif’
    Undefined global functions or variables:
     axis hist layout legend lines median plot runif
    Consider adding
     importFrom("graphics", "axis", "hist", "layout", "legend", "lines",
     "plot")
     importFrom("stats", "median", "runif")
    to your NAMESPACE file.
Flavors: r-devel-linux-x86_64-debian-clang, r-devel-linux-x86_64-debian-gcc, r-devel-macos-x86_64-clang, r-devel-windows-ix86+x86_64, r-patched-linux-x86_64, r-patched-solaris-sparc, r-patched-solaris-x86, r-release-linux-x86_64, r-release-osx-x86_64-mavericks, r-release-windows-ix86+x86_64

Version: 0.5
Flags: --no-stop-on-test-error
Check: DESCRIPTION meta-information
Result: NOTE
    Malformed Description field: should contain one or more complete sentences.
Flavors: r-devel-linux-x86_64-fedora-clang, r-devel-linux-x86_64-fedora-gcc

Version: 0.5
Flags: --no-stop-on-test-error
Check: R code for possible problems
Result: NOTE
    BruteAggreg: no visible global function definition for ‘median’
    RankAggreg: no visible global function definition for ‘median’
    RankAggreg: no visible global function definition for ‘runif’
    mcmcProc: no visible global function definition for ‘runif’
    plot.raggr: no visible global function definition for ‘layout’
    plot.raggr: no visible global function definition for ‘plot’
    plot.raggr: no visible global function definition for ‘legend’
    plot.raggr: no visible global function definition for ‘hist’
    plot.raggr: no visible global function definition for ‘runif’
    plot.raggr: no visible global function definition for ‘axis’
    plot.raggr: no visible global function definition for ‘lines’
    plotUpdate: no visible global function definition for ‘layout’
    plotUpdate: no visible global function definition for ‘plot’
    plotUpdate: no visible global function definition for ‘legend’
    rmult: no visible global function definition for ‘runif’
    Undefined global functions or variables:
     axis hist layout legend lines median plot runif
    Consider adding
     importFrom("graphics", "axis", "hist", "layout", "legend", "lines",
     "plot")
     importFrom("stats", "median", "runif")
    to your NAMESPACE file.
Flavors: r-devel-linux-x86_64-fedora-clang, r-devel-linux-x86_64-fedora-gcc