CRAN Package Check Results for Package RankAggreg

Last updated on 2014-10-30 16:48:27.

Flavor Version Tinstall Tcheck Ttotal Status Flags
r-devel-linux-x86_64-debian-clang 0.5 1.01 28.23 29.24 OK
r-devel-linux-x86_64-debian-gcc 0.5 1.02 27.81 28.84 OK
r-devel-linux-x86_64-fedora-clang 0.5 60.95 OK
r-devel-linux-x86_64-fedora-gcc 0.5 56.49 OK
r-devel-osx-x86_64-clang 0.5 57.53 OK
r-devel-windows-ix86+x86_64 0.5 5.00 52.00 57.00 OK
r-patched-linux-x86_64 0.5 1.02 30.66 31.68 OK
r-patched-solaris-sparc 0.5 348.00 OK
r-patched-solaris-x86 0.5 74.00 OK
r-release-linux-ix86 0.5 1.48 38.96 40.44 OK
r-release-linux-x86_64 0.5 1.02 28.59 29.60 OK
r-release-osx-x86_64-mavericks 0.5 NOTE
r-release-osx-x86_64-snowleopard 0.5 OK
r-release-windows-ix86+x86_64 0.5 5.00 53.00 58.00 OK
r-oldrel-windows-ix86+x86_64 0.5 5.00 57.00 62.00 OK

Check Details

Version: 0.5
Check: re-building of vignette outputs
Result: NOTE
    Error in re-building vignettes:
     ...
    Loading required package: class
    Loading required package: MASS
    Loading required package: mclust
    Package 'mclust' version 4.3
    
    Attaching package: ‘mclust’
    
    The following object is masked from ‘package:kohonen’:
    
     map
    
    Warning in fanny(DistDel, nc, ...) :
     FANNY algorithm has not converged in 'maxit' = 500 iterations
    Error in texi2dvi(file = file, pdf = TRUE, clean = clean, quiet = quiet, :
     Running 'texi2dvi' on 'RankAggreg.tex' failed.
    LaTeX errors:
    ! LaTeX Error: File `relsize.sty' not found.
    
    Type X to quit or <RETURN> to proceed,
    or enter new name. (Default extension: sty)
    
    ign_test/RankAggreg/vignettes/RankAggreg.tex:28: ==> Fatal error occurred, no
    output PDF file produced!
    Calls: buildVignettes -> texi2pdf -> texi2dvi
    Execution halted
Flavor: r-release-osx-x86_64-mavericks