CRAN Package Check Results for Package RankAggreg

Last updated on 2014-08-29 20:48:02.

Flavor Version Tinstall Tcheck Ttotal Status Flags
r-devel-linux-x86_64-debian-clang 0.4-3 1.15 16.56 17.71 NOTE
r-devel-linux-x86_64-debian-gcc 0.4-3 1.16 16.15 17.31 NOTE
r-devel-linux-x86_64-fedora-clang 0.4-3 43.31 NOTE
r-devel-linux-x86_64-fedora-gcc 0.4-3 36.84 NOTE
r-devel-osx-x86_64-clang 0.4-3 34.65 NOTE
r-devel-windows-ix86+x86_64 0.4-3 7.00 36.00 43.00 NOTE
r-patched-linux-x86_64 0.4-3 1.28 17.37 18.65 NOTE
r-patched-solaris-sparc 0.4-3 210.70 NOTE
r-patched-solaris-x86 0.4-3 55.00 NOTE
r-release-linux-ix86 0.4-3 1.83 25.57 27.40 NOTE
r-release-linux-x86_64 0.4-3 1.34 17.90 19.24 NOTE
r-release-osx-x86_64-mavericks 0.4-3 NOTE
r-release-osx-x86_64-snowleopard 0.4-3 NOTE
r-release-windows-ix86+x86_64 0.4-3 6.00 37.00 43.00 NOTE
r-oldrel-windows-ix86+x86_64 0.4-3 7.00 88.00 95.00 NOTE

Check Details

Version: 0.4-3
Check: dependencies in R code
Result: NOTE
    'library' or 'require' call to ‘gtools’ which was already attached by Depends.
     Please remove these calls from your code.
    Packages in Depends field not imported from:
     ‘clValid’ ‘gtools’
     These packages need to be imported from (in the NAMESPACE file)
     for when this namespace is loaded but not attached.
    See the information on DESCRIPTION files in the chapter ‘Creating R
    packages’ of the ‘Writing R Extensions’ manual.
Flavors: r-devel-linux-x86_64-debian-clang, r-devel-linux-x86_64-debian-gcc, r-devel-linux-x86_64-fedora-clang, r-devel-linux-x86_64-fedora-gcc, r-devel-osx-x86_64-clang, r-devel-windows-ix86+x86_64, r-patched-linux-x86_64, r-patched-solaris-sparc, r-patched-solaris-x86, r-release-linux-ix86, r-release-linux-x86_64, r-release-osx-x86_64-mavericks, r-release-windows-ix86+x86_64, r-oldrel-windows-ix86+x86_64

Version: 0.4-3
Check: R code for possible problems
Result: NOTE
    BruteAggreg: no visible global function definition for ‘permutations’
    RankAggreg: no visible global function definition for ‘tclvalue<-’
Flavors: r-devel-linux-x86_64-debian-clang, r-devel-linux-x86_64-debian-gcc, r-devel-linux-x86_64-fedora-clang, r-devel-linux-x86_64-fedora-gcc, r-devel-osx-x86_64-clang, r-devel-windows-ix86+x86_64

Version: 0.4-3
Check: for old-style vignette sources
Result: NOTE
    Vignette sources only in ‘inst/doc’:
     ‘RankAggreg.Rnw’
    A ‘vignettes’ directory is required as from R 3.1.0
    and these will not be indexed nor checked
Flavors: r-devel-linux-x86_64-debian-clang, r-devel-linux-x86_64-debian-gcc, r-devel-linux-x86_64-fedora-clang, r-devel-linux-x86_64-fedora-gcc, r-devel-osx-x86_64-clang, r-devel-windows-ix86+x86_64, r-patched-linux-x86_64, r-patched-solaris-sparc, r-patched-solaris-x86, r-release-linux-ix86, r-release-linux-x86_64, r-release-osx-x86_64-mavericks, r-release-osx-x86_64-snowleopard, r-release-windows-ix86+x86_64

Version: 0.4-3
Check: Rd line widths
Result: NOTE
    Rd file 'BruteAggreg.Rd':
     \usage lines wider than 90 characters:
     BruteAggreg(x, k, weights = NULL, distance = c("Spearman", "Kendall"), importance=rep(1,nrow(x)))
    
    These lines will be truncated in the PDF manual.
Flavors: r-devel-linux-x86_64-fedora-clang, r-devel-linux-x86_64-fedora-gcc

Version: 0.4-3
Check: dependencies in R code
Result: NOTE
    'library' or 'require' call to 'gtools' which was already attached by Depends.
     Please remove these calls from your code.
    See the information on DESCRIPTION files in the chapter 'Creating R
    packages' of the 'Writing R Extensions' manual.
Flavor: r-release-osx-x86_64-snowleopard

Version: 0.4-3
Check: for old-style vignette sources
Result: NOTE
    Vignette sources only in 'inst/doc':
     'RankAggreg.Rnw'
    A 'vignettes' directory will be required as from R 3.1.0
Flavor: r-oldrel-windows-ix86+x86_64