CRAN Package Check Results for Package RankAggreg

Last updated on 2015-03-31 17:50:05.

Flavor Version Tinstall Tcheck Ttotal Status Flags
r-devel-linux-x86_64-debian-clang 0.5 0.93 26.87 27.80 NOTE
r-devel-linux-x86_64-debian-gcc 0.5 0.91 26.15 27.06 NOTE
r-devel-linux-x86_64-fedora-clang 0.5 57.16 NOTE
r-devel-linux-x86_64-fedora-gcc 0.5 53.13 NOTE
r-devel-osx-x86_64-clang 0.5 60.15 NOTE
r-prerel-windows-ix86+x86_64 0.5 6.00 51.00 57.00 NOTE
r-prerel-linux-x86_64 0.5 0.91 26.47 27.38 NOTE
r-prerel-solaris-sparc 0.5 351.10 NOTE
r-prerel-solaris-x86 0.5 67.40 NOTE
r-release-linux-x86_64 0.5 1.03 29.38 30.41 OK
r-release-osx-x86_64-mavericks 0.5 OK
r-release-osx-x86_64-snowleopard 0.5 OK
r-release-windows-ix86+x86_64 0.5 6.00 59.00 65.00 OK
r-oldrel-windows-ix86+x86_64 0.5 6.00 64.00 70.00 OK

Check Details

Version: 0.5
Check: DESCRIPTION meta-information
Result: NOTE
    Malformed Description field: should contain one or more complete sentences.
Flavors: r-devel-linux-x86_64-debian-clang, r-devel-linux-x86_64-debian-gcc, r-devel-linux-x86_64-fedora-clang, r-devel-linux-x86_64-fedora-gcc, r-devel-osx-x86_64-clang, r-prerel-windows-ix86+x86_64, r-prerel-linux-x86_64, r-prerel-solaris-sparc, r-prerel-solaris-x86