CRAN Package Check Results for Package RankAggreg

Last updated on 2016-08-25 18:47:29.

Flavor Version Tinstall Tcheck Ttotal Status Flags
r-devel-linux-x86_64-debian-clang 0.5 1.01 25.74 26.75 NOTE
r-devel-linux-x86_64-debian-gcc 0.5 1.05 23.63 24.68 NOTE
r-devel-linux-x86_64-fedora-clang 0.5 48.61 NOTE
r-devel-linux-x86_64-fedora-gcc 0.5 44.81 NOTE
r-devel-osx-x86_64-clang 0.5 36.92 NOTE
r-devel-windows-ix86+x86_64 0.5 11.00 78.00 89.00 NOTE
r-patched-linux-x86_64 0.5 0.90 24.19 25.09 NOTE
r-patched-solaris-sparc 0.5 302.30 NOTE
r-patched-solaris-x86 0.5 57.80 NOTE
r-release-linux-x86_64 0.5 0.93 23.91 24.84 NOTE
r-release-osx-x86_64-mavericks 0.5 NOTE
r-release-windows-ix86+x86_64 0.5 6.00 76.00 82.00 NOTE
r-oldrel-windows-ix86+x86_64 0.5 5.00 66.00 71.00 NOTE

Check Details

Version: 0.5
Check: DESCRIPTION meta-information
Result: NOTE
    Malformed Description field: should contain one or more complete sentences.
Flavors: r-devel-linux-x86_64-debian-clang, r-devel-linux-x86_64-debian-gcc, r-devel-linux-x86_64-fedora-clang, r-devel-linux-x86_64-fedora-gcc, r-devel-osx-x86_64-clang, r-devel-windows-ix86+x86_64, r-patched-linux-x86_64, r-patched-solaris-sparc, r-patched-solaris-x86, r-release-linux-x86_64, r-release-osx-x86_64-mavericks, r-release-windows-ix86+x86_64, r-oldrel-windows-ix86+x86_64

Version: 0.5
Check: R code for possible problems
Result: NOTE
    BruteAggreg: no visible global function definition for ‘median’
    RankAggreg: no visible global function definition for ‘median’
    RankAggreg: no visible global function definition for ‘runif’
    mcmcProc: no visible global function definition for ‘runif’
    plot.raggr: no visible global function definition for ‘layout’
    plot.raggr: no visible global function definition for ‘plot’
    plot.raggr: no visible global function definition for ‘legend’
    plot.raggr: no visible global function definition for ‘hist’
    plot.raggr: no visible global function definition for ‘runif’
    plot.raggr: no visible global function definition for ‘axis’
    plot.raggr: no visible global function definition for ‘lines’
    plotUpdate: no visible global function definition for ‘layout’
    plotUpdate: no visible global function definition for ‘plot’
    plotUpdate: no visible global function definition for ‘legend’
    rmult: no visible global function definition for ‘runif’
    Undefined global functions or variables:
     axis hist layout legend lines median plot runif
    Consider adding
     importFrom("graphics", "axis", "hist", "layout", "legend", "lines",
     "plot")
     importFrom("stats", "median", "runif")
    to your NAMESPACE file.
Flavors: r-devel-linux-x86_64-debian-clang, r-devel-linux-x86_64-debian-gcc, r-devel-linux-x86_64-fedora-clang, r-devel-linux-x86_64-fedora-gcc, r-devel-osx-x86_64-clang, r-devel-windows-ix86+x86_64, r-patched-linux-x86_64, r-patched-solaris-sparc, r-patched-solaris-x86, r-release-linux-x86_64, r-release-osx-x86_64-mavericks, r-release-windows-ix86+x86_64