CRAN Package Check Results for Package RankAggreg

Last updated on 2015-05-29 19:47:52.

Flavor Version Tinstall Tcheck Ttotal Status Flags
r-devel-linux-x86_64-debian-clang 0.5 1.00 59.20 60.20 NOTE
r-devel-linux-x86_64-debian-gcc 0.5 0.93 58.71 59.64 NOTE
r-devel-linux-x86_64-fedora-clang 0.5 120.58 NOTE
r-devel-linux-x86_64-fedora-gcc 0.5 116.55 NOTE
r-devel-osx-x86_64-clang 0.5 119.08 NOTE
r-devel-windows-ix86+x86_64 0.5 5.00 126.00 131.00 NOTE
r-patched-linux-x86_64 0.5 0.96 58.41 59.37 NOTE
r-patched-solaris-sparc 0.5 823.40 NOTE
r-patched-solaris-x86 0.5 97.00 ERROR
r-release-linux-x86_64 0.5 0.92 60.54 61.47 NOTE
r-release-osx-x86_64-mavericks 0.5 NOTE
r-release-osx-x86_64-snowleopard 0.5 NOTE
r-release-windows-ix86+x86_64 0.5 6.00 108.00 114.00 NOTE
r-oldrel-windows-ix86+x86_64 0.5 7.00 113.00 120.00 OK

Check Details

Version: 0.5
Check: DESCRIPTION meta-information
Result: NOTE
    Malformed Description field: should contain one or more complete sentences.
Flavors: r-devel-linux-x86_64-debian-clang, r-devel-linux-x86_64-debian-gcc, r-devel-linux-x86_64-fedora-clang, r-devel-linux-x86_64-fedora-gcc, r-devel-osx-x86_64-clang, r-devel-windows-ix86+x86_64, r-patched-linux-x86_64, r-patched-solaris-sparc, r-patched-solaris-x86, r-release-linux-x86_64, r-release-osx-x86_64-mavericks, r-release-osx-x86_64-snowleopard, r-release-windows-ix86+x86_64

Version: 0.5
Check: running R code from vignettes
Result: ERROR
    Errors in running code in vignettes:
    when running code in ‘RankAggreg.Rnw’
     ...
    The following object is masked from ‘package:kohonen’:
    
     map
    
    Warning in fanny(DistDel, nc, ...) :
     FANNY algorithm has not converged in 'maxit' = 500 iterations
    
     When sourcing ‘RankAggreg.R’:
    Error: missing value where TRUE/FALSE needed
    Execution halted
Flavor: r-patched-solaris-x86

Version: 0.5
Check: re-building of vignette outputs
Result: NOTE
    Error in re-building vignettes:
     ...
    Loading required package: cluster
    Loading required package: kohonen
    Loading required package: class
    Loading required package: MASS
    Loading required package: mclust
    Package 'mclust' version 5.0.1
    Type 'citation("mclust")' for citing this R package in publications.
    
    Attaching package: ‘mclust’
    
    The following object is masked from ‘package:kohonen’:
    
     map
    
    Warning in fanny(DistDel, nc, ...) :
     FANNY algorithm has not converged in 'maxit' = 500 iterations
    
    Error: processing vignette 'RankAggreg.Rnw' failed with diagnostics:
     chunk 4
    Error in if (loglik > signif(.Machine$double.xmax, 6)) { :
     missing value where TRUE/FALSE needed
    Execution halted
Flavor: r-patched-solaris-x86