CRAN Package Check Results for Package RankAggreg

Last updated on 2017-02-27 16:48:06.

Flavor Version Tinstall Tcheck Ttotal Status Flags
r-devel-linux-x86_64-debian-clang 0.5 1.19 26.32 27.51 NOTE
r-devel-linux-x86_64-debian-gcc 0.5 1.01 26.55 27.56 NOTE
r-devel-linux-x86_64-fedora-clang 0.5 51.19 NOTE --no-stop-on-test-error
r-devel-linux-x86_64-fedora-gcc 0.5 49.13 NOTE --no-stop-on-test-error
r-devel-macos-x86_64-clang 0.5 41.61 NOTE --no-stop-on-test-error
r-devel-windows-ix86+x86_64 0.5 5.00 86.00 91.00 NOTE
r-patched-linux-x86_64 0.5 0.99 23.99 24.98 NOTE
r-patched-solaris-sparc 0.5 311.30 NOTE
r-patched-solaris-x86 0.5 58.70 NOTE
r-release-linux-x86_64 0.5 0.92 23.67 24.59 NOTE
r-release-osx-x86_64-mavericks 0.5 NOTE
r-release-windows-ix86+x86_64 0.5 16.00 136.00 152.00 NOTE
r-oldrel-windows-ix86+x86_64 0.5 10.00 134.00 144.00 NOTE

Check Details

Version: 0.5
Check: DESCRIPTION meta-information
Result: NOTE
    Malformed Description field: should contain one or more complete sentences.
Flavors: r-devel-linux-x86_64-debian-clang, r-devel-linux-x86_64-debian-gcc, r-devel-windows-ix86+x86_64, r-patched-linux-x86_64, r-patched-solaris-sparc, r-patched-solaris-x86, r-release-linux-x86_64, r-release-osx-x86_64-mavericks, r-release-windows-ix86+x86_64, r-oldrel-windows-ix86+x86_64

Version: 0.5
Check: R code for possible problems
Result: NOTE
    BruteAggreg: no visible global function definition for ‘median’
    RankAggreg: no visible global function definition for ‘median’
    RankAggreg: no visible global function definition for ‘runif’
    mcmcProc: no visible global function definition for ‘runif’
    plot.raggr: no visible global function definition for ‘layout’
    plot.raggr: no visible global function definition for ‘plot’
    plot.raggr: no visible global function definition for ‘legend’
    plot.raggr: no visible global function definition for ‘hist’
    plot.raggr: no visible global function definition for ‘runif’
    plot.raggr: no visible global function definition for ‘axis’
    plot.raggr: no visible global function definition for ‘lines’
    plotUpdate: no visible global function definition for ‘layout’
    plotUpdate: no visible global function definition for ‘plot’
    plotUpdate: no visible global function definition for ‘legend’
    rmult: no visible global function definition for ‘runif’
    Undefined global functions or variables:
     axis hist layout legend lines median plot runif
    Consider adding
     importFrom("graphics", "axis", "hist", "layout", "legend", "lines",
     "plot")
     importFrom("stats", "median", "runif")
    to your NAMESPACE file.
Flavors: r-devel-linux-x86_64-debian-clang, r-devel-linux-x86_64-debian-gcc, r-devel-windows-ix86+x86_64, r-patched-linux-x86_64, r-patched-solaris-sparc, r-patched-solaris-x86, r-release-linux-x86_64, r-release-osx-x86_64-mavericks, r-release-windows-ix86+x86_64

Version: 0.5
Check: compiled code
Result: NOTE
    File ‘RankAggreg/libs/RankAggreg.so’:
     Found no calls to: ‘R_registerRoutines’, ‘R_useDynamicSymbols’
    
    It is good practice to register native routines and to disable symbol
    search.
    
    See ‘Writing portable packages’ in the ‘Writing R Extensions’ manual.
Flavors: r-devel-linux-x86_64-debian-clang, r-devel-linux-x86_64-debian-gcc

Version: 0.5
Flags: --no-stop-on-test-error
Check: DESCRIPTION meta-information
Result: NOTE
    Malformed Description field: should contain one or more complete sentences.
Flavors: r-devel-linux-x86_64-fedora-clang, r-devel-linux-x86_64-fedora-gcc, r-devel-macos-x86_64-clang

Version: 0.5
Flags: --no-stop-on-test-error
Check: R code for possible problems
Result: NOTE
    BruteAggreg: no visible global function definition for ‘median’
    RankAggreg: no visible global function definition for ‘median’
    RankAggreg: no visible global function definition for ‘runif’
    mcmcProc: no visible global function definition for ‘runif’
    plot.raggr: no visible global function definition for ‘layout’
    plot.raggr: no visible global function definition for ‘plot’
    plot.raggr: no visible global function definition for ‘legend’
    plot.raggr: no visible global function definition for ‘hist’
    plot.raggr: no visible global function definition for ‘runif’
    plot.raggr: no visible global function definition for ‘axis’
    plot.raggr: no visible global function definition for ‘lines’
    plotUpdate: no visible global function definition for ‘layout’
    plotUpdate: no visible global function definition for ‘plot’
    plotUpdate: no visible global function definition for ‘legend’
    rmult: no visible global function definition for ‘runif’
    Undefined global functions or variables:
     axis hist layout legend lines median plot runif
    Consider adding
     importFrom("graphics", "axis", "hist", "layout", "legend", "lines",
     "plot")
     importFrom("stats", "median", "runif")
    to your NAMESPACE file.
Flavors: r-devel-linux-x86_64-fedora-clang, r-devel-linux-x86_64-fedora-gcc, r-devel-macos-x86_64-clang

Version: 0.5
Flags: --no-stop-on-test-error
Check: compiled code
Result: NOTE
    File ‘RankAggreg/libs/RankAggreg.so’:
     Found no calls to: ‘R_registerRoutines’, ‘R_useDynamicSymbols’
    
    It is good practice to register native routines and to disable symbol
    search.
    
    See ‘Writing portable packages’ in the ‘Writing R Extensions’ manual.
Flavors: r-devel-linux-x86_64-fedora-clang, r-devel-linux-x86_64-fedora-gcc, r-devel-macos-x86_64-clang