CRAN Package Check Results for Package blme

Last updated on 2018-04-25 18:46:29 CEST.

Flavor Version Tinstall Tcheck Ttotal Status Flags
r-devel-linux-x86_64-debian-clang 1.0-4 8.13 87.48 95.61 NOTE
r-devel-linux-x86_64-debian-gcc 1.0-4 6.33 66.44 72.77 NOTE
r-devel-linux-x86_64-fedora-clang 1.0-4 112.89 NOTE
r-devel-linux-x86_64-fedora-gcc 1.0-4 110.52 NOTE
r-devel-windows-ix86+x86_64 1.0-4 17.00 91.00 108.00 NOTE
r-patched-linux-x86_64 1.0-4 7.60 83.49 91.09 NOTE
r-patched-solaris-x86 1.0-4 159.10 NOTE
r-release-linux-x86_64 1.0-4 6.84 85.08 91.92 NOTE
r-release-windows-ix86+x86_64 1.0-4 17.00 91.00 108.00 NOTE
r-release-osx-x86_64 1.0-4 NOTE
r-oldrel-windows-ix86+x86_64 1.0-4 8.00 140.00 148.00 NOTE
r-oldrel-osx-x86_64 1.0-4 NOTE

Check Details

Version: 1.0-4
Check: R code for possible problems
Result: NOTE
    bglmer: no visible global function definition for ‘packageVersion’
    getBglmerDevianceFunctionBody: no visible global function definition
     for ‘packageVersion’
    getParInfo : <anonymous>: no visible global function definition for
     ‘sd’
    makeRefitDevFun: no visible global function definition for
     ‘packageVersion’
    mkBglmerDevfun: no visible global function definition for
     ‘packageVersion’
    namedList: no visible global function definition for ‘setNames’
    refit.bmerMod: no visible global function definition for
     ‘packageVersion’
    refit.bmerMod: no visible global function definition for ‘model.frame’
    refit.bmerMod: no visible global function definition for ‘family’
    refit.bmerMod: no visible global function definition for ‘getCall’
    Undefined global functions or variables:
     family getCall model.frame packageVersion sd setNames
    Consider adding
     importFrom("stats", "family", "getCall", "model.frame", "sd",
     "setNames")
     importFrom("utils", "packageVersion")
    to your NAMESPACE file.
Flavors: r-devel-linux-x86_64-debian-clang, r-devel-linux-x86_64-debian-gcc, r-devel-linux-x86_64-fedora-clang, r-devel-linux-x86_64-fedora-gcc, r-devel-windows-ix86+x86_64, r-patched-linux-x86_64, r-patched-solaris-x86, r-release-linux-x86_64, r-release-windows-ix86+x86_64, r-release-osx-x86_64, r-oldrel-windows-ix86+x86_64, r-oldrel-osx-x86_64