CRAN Package Check Results for Package blme

Last updated on 2015-08-27 18:48:08.

Flavor Version Tinstall Tcheck Ttotal Status Flags
r-devel-linux-x86_64-debian-clang 1.0-4 3.66 53.14 56.80 NOTE
r-devel-linux-x86_64-debian-gcc 1.0-4 3.18 53.30 56.48 NOTE
r-devel-linux-x86_64-fedora-clang 1.0-4 114.96 NOTE
r-devel-linux-x86_64-fedora-gcc 1.0-4 110.37 NOTE
r-devel-osx-x86_64-clang 1.0-4 100.02 OK
r-devel-windows-ix86+x86_64 1.0-4 12.00 89.00 101.00 NOTE
r-patched-linux-x86_64 1.0-4 3.72 55.15 58.87 OK
r-patched-solaris-sparc 1.0-4 721.40 OK
r-patched-solaris-x86 1.0-4 160.10 OK
r-release-linux-x86_64 1.0-4 3.80 54.10 57.90 OK
r-release-osx-x86_64-mavericks 1.0-4 OK
r-release-windows-ix86+x86_64 1.0-4 12.00 89.00 101.00 OK
r-oldrel-windows-ix86+x86_64 1.0-4 19.00 105.00 124.00 OK

Check Details

Version: 1.0-4
Check: R code for possible problems
Result: NOTE
    bglmer: no visible global function definition for ‘packageVersion’
    getBglmerDevianceFunctionBody: no visible global function definition
     for ‘packageVersion’
    getParInfo : <anonymous>: no visible global function definition for
     ‘sd’
    makeRefitDevFun: no visible global function definition for
     ‘packageVersion’
    mkBglmerDevfun: no visible global function definition for
     ‘packageVersion’
    namedList: no visible global function definition for ‘setNames’
    refit.bmerMod: no visible global function definition for
     ‘packageVersion’
    refit.bmerMod: no visible global function definition for ‘model.frame’
    refit.bmerMod: no visible global function definition for ‘family’
    refit.bmerMod: no visible global function definition for ‘getCall’
    Undefined global functions or variables:
     family getCall model.frame packageVersion sd setNames
    Consider adding
     importFrom("stats", "family", "getCall", "model.frame", "sd",
     "setNames")
     importFrom("utils", "packageVersion")
    to your NAMESPACE.
Flavors: r-devel-linux-x86_64-debian-clang, r-devel-linux-x86_64-debian-gcc, r-devel-linux-x86_64-fedora-clang, r-devel-linux-x86_64-fedora-gcc, r-devel-windows-ix86+x86_64