CRAN Package Check Results for Package blme

Last updated on 2016-06-30 19:46:30.

Flavor Version Tinstall Tcheck Ttotal Status Flags
r-devel-linux-x86_64-debian-gcc 1.0-4 3.18 54.24 57.43 NOTE
r-devel-linux-x86_64-fedora-clang 1.0-4 112.33 NOTE
r-devel-linux-x86_64-fedora-gcc 1.0-4 110.89 NOTE
r-devel-osx-x86_64-clang 1.0-4 88.20 NOTE
r-devel-windows-ix86+x86_64 1.0-4 9.00 90.00 99.00 NOTE
r-patched-linux-x86_64 1.0-4 4.36 55.93 60.29 NOTE
r-patched-solaris-sparc 1.0-4 645.10 NOTE
r-patched-solaris-x86 1.0-4 135.80 NOTE
r-release-linux-x86_64 1.0-4 3.70 53.60 57.30 NOTE
r-release-osx-x86_64-mavericks 1.0-4 NOTE
r-release-windows-ix86+x86_64 1.0-4 14.00 117.00 131.00 NOTE
r-oldrel-windows-ix86+x86_64 1.0-4 14.00 98.00 112.00 OK

Check Details

Version: 1.0-4
Check: R code for possible problems
Result: NOTE
    bglmer: no visible global function definition for ‘packageVersion’
    getBglmerDevianceFunctionBody: no visible global function definition
     for ‘packageVersion’
    getParInfo : <anonymous>: no visible global function definition for
     ‘sd’
    makeRefitDevFun: no visible global function definition for
     ‘packageVersion’
    mkBglmerDevfun: no visible global function definition for
     ‘packageVersion’
    namedList: no visible global function definition for ‘setNames’
    refit.bmerMod: no visible global function definition for
     ‘packageVersion’
    refit.bmerMod: no visible global function definition for ‘model.frame’
    refit.bmerMod: no visible global function definition for ‘family’
    refit.bmerMod: no visible global function definition for ‘getCall’
    Undefined global functions or variables:
     family getCall model.frame packageVersion sd setNames
    Consider adding
     importFrom("stats", "family", "getCall", "model.frame", "sd",
     "setNames")
     importFrom("utils", "packageVersion")
    to your NAMESPACE file.
Flavors: r-devel-linux-x86_64-debian-gcc, r-devel-linux-x86_64-fedora-clang, r-devel-linux-x86_64-fedora-gcc, r-devel-osx-x86_64-clang, r-devel-windows-ix86+x86_64, r-patched-linux-x86_64, r-patched-solaris-sparc, r-patched-solaris-x86, r-release-linux-x86_64, r-release-osx-x86_64-mavericks, r-release-windows-ix86+x86_64