CRAN Package Check Results for Package blme

Last updated on 2018-02-21 16:49:11 CET.

Flavor Version Tinstall Tcheck Ttotal Status Flags
r-devel-linux-x86_64-debian-clang 1.0-4 6.87 85.34 92.21 NOTE
r-devel-linux-x86_64-debian-gcc 1.0-4 5.91 66.25 72.16 NOTE
r-devel-linux-x86_64-fedora-clang 1.0-4 114.57 NOTE
r-devel-linux-x86_64-fedora-gcc 1.0-4 107.51 NOTE
r-devel-windows-ix86+x86_64 1.0-4 12.00 90.00 102.00 NOTE
r-patched-linux-x86_64 1.0-4 4.05 92.97 97.02 NOTE
r-patched-solaris-x86 1.0-4 161.40 NOTE
r-release-linux-x86_64 1.0-4 4.97 92.52 97.49 NOTE
r-release-windows-ix86+x86_64 1.0-4 11.00 122.00 133.00 NOTE
r-release-osx-x86_64 1.0-4 NOTE
r-oldrel-windows-ix86+x86_64 1.0-4 8.00 92.00 100.00 NOTE
r-oldrel-osx-x86_64 1.0-4 NOTE

Check Details

Version: 1.0-4
Check: R code for possible problems
Result: NOTE
    bglmer: no visible global function definition for ‘packageVersion’
    getBglmerDevianceFunctionBody: no visible global function definition
     for ‘packageVersion’
    getParInfo : <anonymous>: no visible global function definition for
     ‘sd’
    makeRefitDevFun: no visible global function definition for
     ‘packageVersion’
    mkBglmerDevfun: no visible global function definition for
     ‘packageVersion’
    namedList: no visible global function definition for ‘setNames’
    refit.bmerMod: no visible global function definition for
     ‘packageVersion’
    refit.bmerMod: no visible global function definition for ‘model.frame’
    refit.bmerMod: no visible global function definition for ‘family’
    refit.bmerMod: no visible global function definition for ‘getCall’
    Undefined global functions or variables:
     family getCall model.frame packageVersion sd setNames
    Consider adding
     importFrom("stats", "family", "getCall", "model.frame", "sd",
     "setNames")
     importFrom("utils", "packageVersion")
    to your NAMESPACE file.
Flavors: r-devel-linux-x86_64-debian-clang, r-devel-linux-x86_64-debian-gcc, r-devel-linux-x86_64-fedora-clang, r-devel-linux-x86_64-fedora-gcc, r-devel-windows-ix86+x86_64, r-patched-linux-x86_64, r-patched-solaris-x86, r-release-linux-x86_64, r-release-windows-ix86+x86_64, r-release-osx-x86_64, r-oldrel-windows-ix86+x86_64, r-oldrel-osx-x86_64