CRAN Package Check Results for Package blme

Last updated on 2017-09-25 18:46:59.

Flavor Version Tinstall Tcheck Ttotal Status Flags
r-devel-linux-x86_64-debian-clang 1.0-4 3.10 55.88 58.98 NOTE
r-devel-linux-x86_64-debian-gcc 1.0-4 2.96 54.42 57.38 NOTE
r-devel-linux-x86_64-fedora-clang 1.0-4 132.42 NOTE
r-devel-linux-x86_64-fedora-gcc 1.0-4 136.55 NOTE
r-devel-windows-ix86+x86_64 1.0-4 8.00 94.00 102.00 NOTE
r-patched-linux-x86_64 1.0-4 3.58 55.32 58.90 NOTE
r-patched-solaris-x86 1.0-4 163.30 NOTE
r-release-linux-x86_64 1.0-4 3.23 54.88 58.10 NOTE
r-release-windows-ix86+x86_64 1.0-4 10.00 91.00 101.00 NOTE
r-release-osx-x86_64 1.0-4 NOTE
r-oldrel-windows-ix86+x86_64 1.0-4 8.00 87.00 95.00 NOTE
r-oldrel-osx-x86_64 1.0-4 NOTE

Check Details

Version: 1.0-4
Check: R code for possible problems
Result: NOTE
    bglmer: no visible global function definition for ‘packageVersion’
    getBglmerDevianceFunctionBody: no visible global function definition
     for ‘packageVersion’
    getParInfo : <anonymous>: no visible global function definition for
     ‘sd’
    makeRefitDevFun: no visible global function definition for
     ‘packageVersion’
    mkBglmerDevfun: no visible global function definition for
     ‘packageVersion’
    namedList: no visible global function definition for ‘setNames’
    refit.bmerMod: no visible global function definition for
     ‘packageVersion’
    refit.bmerMod: no visible global function definition for ‘model.frame’
    refit.bmerMod: no visible global function definition for ‘family’
    refit.bmerMod: no visible global function definition for ‘getCall’
    Undefined global functions or variables:
     family getCall model.frame packageVersion sd setNames
    Consider adding
     importFrom("stats", "family", "getCall", "model.frame", "sd",
     "setNames")
     importFrom("utils", "packageVersion")
    to your NAMESPACE file.
Flavors: r-devel-linux-x86_64-debian-clang, r-devel-linux-x86_64-debian-gcc, r-devel-linux-x86_64-fedora-clang, r-devel-linux-x86_64-fedora-gcc, r-devel-windows-ix86+x86_64, r-patched-linux-x86_64, r-patched-solaris-x86, r-release-linux-x86_64, r-release-windows-ix86+x86_64, r-release-osx-x86_64, r-oldrel-windows-ix86+x86_64, r-oldrel-osx-x86_64