CRAN Package Check Results for Package blme

Last updated on 2016-07-25 18:50:13.

Flavor Version Tinstall Tcheck Ttotal Status Flags
r-devel-linux-x86_64-debian-clang 1.0-4 3.78 59.08 62.86 NOTE
r-devel-linux-x86_64-debian-gcc 1.0-4 3.68 59.82 63.49 NOTE
r-devel-linux-x86_64-fedora-clang 1.0-4 113.18 NOTE
r-devel-linux-x86_64-fedora-gcc 1.0-4 109.10 NOTE
r-devel-osx-x86_64-clang 1.0-4 91.25 NOTE
r-devel-windows-ix86+x86_64 1.0-4 12.00 97.00 109.00 NOTE
r-patched-linux-x86_64 1.0-4 4.76 55.88 60.64 NOTE
r-patched-solaris-sparc 1.0-4 645.10 NOTE
r-patched-solaris-x86 1.0-4 133.70 NOTE
r-release-linux-x86_64 1.0-4 3.73 57.29 61.02 NOTE
r-release-osx-x86_64-mavericks 1.0-4 NOTE
r-release-windows-ix86+x86_64 1.0-4 13.00 86.00 99.00 NOTE
r-oldrel-windows-ix86+x86_64 1.0-4 13.00 91.00 104.00 OK

Check Details

Version: 1.0-4
Check: R code for possible problems
Result: NOTE
    bglmer: no visible global function definition for ‘packageVersion’
    getBglmerDevianceFunctionBody: no visible global function definition
     for ‘packageVersion’
    getParInfo : <anonymous>: no visible global function definition for
     ‘sd’
    makeRefitDevFun: no visible global function definition for
     ‘packageVersion’
    mkBglmerDevfun: no visible global function definition for
     ‘packageVersion’
    namedList: no visible global function definition for ‘setNames’
    refit.bmerMod: no visible global function definition for
     ‘packageVersion’
    refit.bmerMod: no visible global function definition for ‘model.frame’
    refit.bmerMod: no visible global function definition for ‘family’
    refit.bmerMod: no visible global function definition for ‘getCall’
    Undefined global functions or variables:
     family getCall model.frame packageVersion sd setNames
    Consider adding
     importFrom("stats", "family", "getCall", "model.frame", "sd",
     "setNames")
     importFrom("utils", "packageVersion")
    to your NAMESPACE file.
Flavors: r-devel-linux-x86_64-debian-clang, r-devel-linux-x86_64-debian-gcc, r-devel-linux-x86_64-fedora-clang, r-devel-linux-x86_64-fedora-gcc, r-devel-osx-x86_64-clang, r-devel-windows-ix86+x86_64, r-patched-linux-x86_64, r-patched-solaris-sparc, r-patched-solaris-x86, r-release-linux-x86_64, r-release-osx-x86_64-mavericks, r-release-windows-ix86+x86_64