CRAN Package Check Results for Package blme

Last updated on 2016-02-07 16:46:56.

Flavor Version Tinstall Tcheck Ttotal Status Flags
r-devel-linux-x86_64-debian-gcc 1.0-4 3.61 50.18 53.79 NOTE
r-devel-linux-x86_64-fedora-clang 1.0-4 110.84 NOTE
r-devel-linux-x86_64-fedora-gcc 1.0-4 112.68 NOTE
r-devel-osx-x86_64-clang 1.0-4 119.38 NOTE
r-devel-windows-ix86+x86_64 1.0-4 9.00 116.00 125.00 NOTE
r-patched-linux-x86_64 1.0-4 3.74 55.28 59.01 OK
r-patched-solaris-sparc 1.0-4 698.00 OK
r-patched-solaris-x86 1.0-4 152.20 OK
r-release-linux-x86_64 1.0-4 3.73 54.56 58.29 OK
r-release-osx-x86_64-mavericks 1.0-4 OK
r-release-windows-ix86+x86_64 1.0-4 11.00 83.00 94.00 OK
r-oldrel-windows-ix86+x86_64 1.0-4 20.00 150.00 170.00 OK

Check Details

Version: 1.0-4
Check: R code for possible problems
Result: NOTE
    bglmer: no visible global function definition for ‘packageVersion’
    getBglmerDevianceFunctionBody: no visible global function definition
     for ‘packageVersion’
    getParInfo : <anonymous>: no visible global function definition for
     ‘sd’
    makeRefitDevFun: no visible global function definition for
     ‘packageVersion’
    mkBglmerDevfun: no visible global function definition for
     ‘packageVersion’
    namedList: no visible global function definition for ‘setNames’
    refit.bmerMod: no visible global function definition for
     ‘packageVersion’
    refit.bmerMod: no visible global function definition for ‘model.frame’
    refit.bmerMod: no visible global function definition for ‘family’
    refit.bmerMod: no visible global function definition for ‘getCall’
    Undefined global functions or variables:
     family getCall model.frame packageVersion sd setNames
    Consider adding
     importFrom("stats", "family", "getCall", "model.frame", "sd",
     "setNames")
     importFrom("utils", "packageVersion")
    to your NAMESPACE file.
Flavors: r-devel-linux-x86_64-debian-gcc, r-devel-linux-x86_64-fedora-clang, r-devel-linux-x86_64-fedora-gcc, r-devel-osx-x86_64-clang, r-devel-windows-ix86+x86_64