CRAN Package Check Results for Package cluster

Last updated on 2015-06-30 18:47:08.

Flavor Version Tinstall Tcheck Ttotal Status Flags
r-devel-linux-x86_64-debian-clang 2.0.2 8.82 61.01 69.83 NOTE
r-devel-linux-x86_64-debian-gcc 2.0.2 9.73 55.57 65.30 NOTE
r-devel-linux-x86_64-fedora-clang 2.0.2 118.45 NOTE
r-devel-linux-x86_64-fedora-gcc 2.0.2 112.30 NOTE
r-devel-osx-x86_64-clang 2.0.2 105.42 NOTE
r-patched-linux-x86_64 2.0.2 5.58 56.08 61.66 NOTE
r-patched-solaris-sparc 2.0.2 NOTE
r-patched-solaris-x86 2.0.2 NOTE
r-release-linux-x86_64 2.0.2 11.59 56.73 68.32 NOTE
r-release-osx-x86_64-mavericks 2.0.2 NOTE
r-release-windows-ix86+x86_64 2.0.2 30.00 154.00 184.00 NOTE
r-oldrel-windows-ix86+x86_64 2.0.2 32.00 140.00 172.00 OK

Check Details

Version: 2.0.2
Check: DESCRIPTION meta-information
Result: NOTE
    Malformed Title field: should not end in a period.
Flavors: r-devel-linux-x86_64-debian-clang, r-devel-linux-x86_64-debian-gcc, r-devel-linux-x86_64-fedora-clang, r-devel-linux-x86_64-fedora-gcc, r-devel-osx-x86_64-clang, r-patched-linux-x86_64, r-patched-solaris-sparc, r-patched-solaris-x86, r-release-linux-x86_64, r-release-osx-x86_64-mavericks, r-release-windows-ix86+x86_64

Version: 2.0.2
Check: R code for possible problems
Result: NOTE
    bannerplot: no visible global function definition for ‘rect’
    clusGap : W.k : <anonymous>: no visible global function definition for
     ‘dist’
    clusGap : <anonymous>: no visible global function definition for
     ‘runif’
    clusGap: no visible binding for global variable ‘var’
    clusplot.default: no visible global function definition for ‘var’
    clusplot.default: no visible global function definition for ‘cov.wt’
    clusplot.default: no visible global function definition for ‘polygon’
    clusplot.default: no visible global function definition for ‘points’
    clusplot.default: no visible global function definition for ‘segments’
    clusplot.default: no visible global function definition for ‘identify’
    ellipsoidhull: no visible global function definition for ‘na.omit’
    ellipsoidhull: no visible global function definition for ‘cov.wt’
    mkCheckX: no visible global function definition for ‘cmdscale’
    mkCheckX : <anonymous>: no visible global function definition for
     ‘median’
    plot.agnes: no visible global function definition for ‘menu’
    plot.clusGap: no visible binding for global variable ‘arrows’
    plot.diana: no visible global function definition for ‘menu’
    plot.partition: no visible global function definition for ‘menu’
    plot.silhouette: no visible global function definition for ‘mtext’
Flavors: r-devel-linux-x86_64-debian-clang, r-devel-linux-x86_64-debian-gcc, r-devel-linux-x86_64-fedora-clang