CRAN Package Check Results for Package cluster

Last updated on 2016-06-26 16:46:36.

Flavor Version Tinstall Tcheck Ttotal Status Flags
r-devel-linux-x86_64-debian-gcc 2.0.4 7.63 57.93 65.56 OK
r-devel-linux-x86_64-fedora-clang 2.0.4 119.23 OK
r-devel-linux-x86_64-fedora-gcc 2.0.4 111.32 OK
r-devel-osx-x86_64-clang 2.0.4 92.66 OK
r-devel-windows-ix86+x86_64 2.0.4 32.00 192.00 224.00 OK
r-patched-linux-x86_64 2.0.4 5.76 58.78 64.53 OK
r-patched-solaris-sparc 2.0.4 OK
r-patched-solaris-x86 2.0.4 OK
r-release-linux-x86_64 2.0.4 5.71 59.10 64.81 OK
r-release-osx-x86_64-mavericks 2.0.4 OK
r-release-windows-ix86+x86_64 2.0.4 40.00 163.00 203.00 OK
r-oldrel-windows-ix86+x86_64 2.0.4 33.00 198.00 231.00 NOTE

Check Details

Version: 2.0.4
Check: DESCRIPTION meta-information
Result: NOTE
    Malformed Title field: should not end in a period.
Flavor: r-oldrel-windows-ix86+x86_64