CRAN Package Check Results for Package cluster

Last updated on 2016-02-09 16:46:51.

Flavor Version Tinstall Tcheck Ttotal Status Flags
r-devel-linux-x86_64-debian-gcc 2.0.3 11.41 57.69 69.10 OK
r-devel-linux-x86_64-fedora-clang 2.0.3 119.20 OK
r-devel-linux-x86_64-fedora-gcc 2.0.3 116.26 OK
r-devel-osx-x86_64-clang 2.0.3 123.88 OK
r-devel-windows-ix86+x86_64 2.0.3 34.00 162.00 196.00 OK
r-patched-linux-x86_64 2.0.3 7.24 58.07 65.31 NOTE
r-patched-solaris-sparc 2.0.3 NOTE
r-patched-solaris-x86 2.0.3 NOTE
r-release-linux-x86_64 2.0.3 5.58 57.98 63.56 NOTE
r-release-osx-x86_64-mavericks 2.0.3 NOTE
r-release-windows-ix86+x86_64 2.0.3 34.00 146.00 180.00 NOTE
r-oldrel-windows-ix86+x86_64 2.0.3 33.00 168.00 201.00 WARN

Check Details

Version: 2.0.3
Check: DESCRIPTION meta-information
Result: NOTE
    Malformed Title field: should not end in a period.
Flavors: r-patched-linux-x86_64, r-patched-solaris-sparc, r-patched-solaris-x86, r-release-linux-x86_64, r-release-osx-x86_64-mavericks, r-release-windows-ix86+x86_64

Version: 2.0.3
Check: package subdirectories
Result: WARN
    Problems with news in 'inst/NEWS.Rd':
     inst/NEWS.Rd:35: unknown macro '\PR'
Flavor: r-oldrel-windows-ix86+x86_64