CRAN Package Check Results for Package cluster

Last updated on 2015-07-28 19:47:48.

Flavor Version Tinstall Tcheck Ttotal Status Flags
r-devel-linux-x86_64-debian-clang 2.0.3 11.00 58.05 69.05 OK
r-devel-linux-x86_64-debian-gcc 2.0.3 10.29 55.52 65.81 OK
r-devel-linux-x86_64-fedora-clang 2.0.3 121.37 OK
r-devel-linux-x86_64-fedora-gcc 2.0.3 114.71 OK
r-devel-osx-x86_64-clang 2.0.3 98.99 OK
r-patched-linux-x86_64 2.0.3 7.40 60.63 68.03 NOTE
r-patched-solaris-sparc 2.0.3 NOTE
r-patched-solaris-x86 2.0.3 NOTE
r-release-linux-x86_64 2.0.3 7.12 60.13 67.26 NOTE
r-release-osx-x86_64-mavericks 2.0.3 NOTE
r-release-windows-ix86+x86_64 2.0.3 28.00 202.00 230.00 NOTE
r-oldrel-windows-ix86+x86_64 2.0.3 34.00 149.00 183.00 WARN

Check Details

Version: 2.0.3
Check: DESCRIPTION meta-information
Result: NOTE
    Malformed Title field: should not end in a period.
Flavors: r-patched-linux-x86_64, r-patched-solaris-sparc, r-patched-solaris-x86, r-release-linux-x86_64, r-release-osx-x86_64-mavericks, r-release-windows-ix86+x86_64

Version: 2.0.3
Check: package subdirectories
Result: WARN
    Problems with news in 'inst/NEWS.Rd':
     inst/NEWS.Rd:35: unknown macro '\PR'
Flavor: r-oldrel-windows-ix86+x86_64