CRAN Package Check Results for Package cluster

Last updated on 2016-08-29 19:48:12.

Flavor Version Tinstall Tcheck Ttotal Status Flags
r-devel-linux-x86_64-debian-clang 2.0.4 10.23 59.82 70.05 OK
r-devel-linux-x86_64-debian-gcc 2.0.4 7.43 58.22 65.64 OK
r-devel-linux-x86_64-fedora-clang 2.0.4 123.82 OK
r-devel-linux-x86_64-fedora-gcc 2.0.4 118.03 OK
r-devel-osx-x86_64-clang 2.0.4 82.89 OK
r-devel-windows-ix86+x86_64 2.0.4 43.00 166.00 209.00 OK
r-patched-linux-x86_64 2.0.4 5.68 58.51 64.18 OK
r-patched-solaris-sparc 2.0.4 OK
r-patched-solaris-x86 2.0.4 OK
r-release-linux-x86_64 2.0.4 5.54 58.79 64.33 OK
r-release-osx-x86_64-mavericks 2.0.4 OK
r-release-windows-ix86+x86_64 2.0.4 20.00 152.00 172.00 OK
r-oldrel-windows-ix86+x86_64 2.0.4 38.00 201.00 239.00 NOTE

Check Details

Version: 2.0.4
Check: DESCRIPTION meta-information
Result: NOTE
    Malformed Title field: should not end in a period.
Flavor: r-oldrel-windows-ix86+x86_64