CRAN Package Check Results for Package cluster

Last updated on 2017-02-27 16:47:37.

Flavor Version Tinstall Tcheck Ttotal Status Flags
r-devel-linux-x86_64-debian-clang 2.0.5 8.73 65.10 73.83 OK
r-devel-linux-x86_64-debian-gcc 2.0.5 18.14 64.86 83.00 OK
r-devel-linux-x86_64-fedora-clang 2.0.5 125.38 OK --no-stop-on-test-error
r-devel-linux-x86_64-fedora-gcc 2.0.5 121.57 OK --no-stop-on-test-error
r-devel-macos-x86_64-clang 2.0.5 98.74 OK --no-stop-on-test-error
r-devel-windows-ix86+x86_64 2.0.5 27.00 292.00 319.00 OK
r-patched-linux-x86_64 2.0.5 5.82 58.50 64.31 OK
r-patched-solaris-sparc 2.0.5 OK
r-patched-solaris-x86 2.0.5 OK
r-release-linux-x86_64 2.0.5 15.63 59.48 75.12 OK
r-release-osx-x86_64-mavericks 2.0.5 OK
r-release-windows-ix86+x86_64 2.0.5 54.00 158.00 212.00 OK
r-oldrel-windows-ix86+x86_64 2.0.5 37.00 261.00 298.00 NOTE

Check Details

Version: 2.0.5
Check: DESCRIPTION meta-information
Result: NOTE
    Malformed Title field: should not end in a period.
Flavor: r-oldrel-windows-ix86+x86_64