CRAN Package Check Results for Package cluster

Last updated on 2017-01-23 15:47:47.

Flavor Version Tinstall Tcheck Ttotal Status Flags
r-devel-linux-x86_64-debian-clang 2.0.5 12.05 65.32 77.38 OK
r-devel-linux-x86_64-debian-gcc 2.0.5 20.49 63.27 83.76 OK
r-devel-linux-x86_64-fedora-clang 2.0.5 128.89 OK --no-stop-on-test-error
r-devel-linux-x86_64-fedora-gcc 2.0.5 120.83 OK --no-stop-on-test-error
r-devel-macos-x86_64-clang 2.0.5 97.14 OK --no-stop-on-test-error
r-devel-windows-ix86+x86_64 2.0.5 61.00 176.00 237.00 OK
r-patched-linux-x86_64 2.0.5 5.79 60.06 65.85 OK
r-patched-solaris-sparc 2.0.5 OK
r-patched-solaris-x86 2.0.5 OK
r-release-linux-x86_64 2.0.5 13.56 60.82 74.38 OK
r-release-osx-x86_64-mavericks 2.0.5 OK
r-release-windows-ix86+x86_64 2.0.5 40.00 172.00 212.00 OK
r-oldrel-windows-ix86+x86_64 2.0.5 48.00 200.00 248.00 NOTE

Check Details

Version: 2.0.5
Check: DESCRIPTION meta-information
Result: NOTE
    Malformed Title field: should not end in a period.
Flavor: r-oldrel-windows-ix86+x86_64