CRAN Package Check Results for Package cluster

Last updated on 2015-03-05 16:46:52.

Flavor Version Tinstall Tcheck Ttotal Status Flags
r-devel-linux-x86_64-debian-clang 2.0.1 5.54 60.29 65.83 NOTE
r-devel-linux-x86_64-debian-gcc 2.0.1 7.68 55.67 63.34 NOTE
r-devel-linux-x86_64-fedora-clang 2.0.1 121.13 NOTE
r-devel-linux-x86_64-fedora-gcc 2.0.1 116.74 NOTE
r-devel-osx-x86_64-clang 2.0.1 103.74 NOTE
r-patched-linux-x86_64 2.0.1 7.84 58.43 66.26 OK
r-patched-solaris-sparc 2.0.1 OK
r-patched-solaris-x86 2.0.1 OK
r-release-linux-ix86 2.0.1 7.34 74.10 81.44 OK
r-release-linux-x86_64 2.0.1 8.02 58.32 66.34 OK
r-release-osx-x86_64-mavericks 2.0.1 OK
r-release-osx-x86_64-snowleopard 2.0.1 OK
r-release-windows-ix86+x86_64 2.0.1 24.00 150.00 174.00 OK
r-oldrel-windows-ix86+x86_64 2.0.1 23.00 161.00 184.00 OK

Memtest notes: valgrind

Check Details

Version: 2.0.1
Check: DESCRIPTION meta-information
Result: NOTE
    Malformed Title field: should not end in a period.
Flavors: r-devel-linux-x86_64-debian-clang, r-devel-linux-x86_64-debian-gcc, r-devel-linux-x86_64-fedora-clang, r-devel-linux-x86_64-fedora-gcc, r-devel-osx-x86_64-clang