CRAN Package Check Results for Package cluster

Last updated on 2015-08-31 17:48:12.

Flavor Version Tinstall Tcheck Ttotal Status Flags
r-devel-linux-x86_64-debian-clang 2.0.3 13.21 56.74 69.95 OK
r-devel-linux-x86_64-debian-gcc 2.0.3 9.61 54.37 63.98 OK
r-devel-linux-x86_64-fedora-clang 2.0.3 118.06 OK
r-devel-linux-x86_64-fedora-gcc 2.0.3 113.26 OK
r-devel-osx-x86_64-clang 2.0.3 100.29 OK
r-patched-linux-x86_64 2.0.3 6.69 56.03 62.72 NOTE
r-patched-solaris-sparc 2.0.3 NOTE
r-patched-solaris-x86 2.0.3 NOTE
r-release-linux-x86_64 2.0.3 5.51 57.37 62.88 NOTE
r-release-osx-x86_64-mavericks 2.0.3 NOTE
r-release-windows-ix86+x86_64 2.0.3 32.00 161.00 193.00 NOTE
r-oldrel-windows-ix86+x86_64 2.0.3 32.00 155.00 187.00 WARN

Check Details

Version: 2.0.3
Check: DESCRIPTION meta-information
Result: NOTE
    Malformed Title field: should not end in a period.
Flavors: r-patched-linux-x86_64, r-patched-solaris-sparc, r-patched-solaris-x86, r-release-linux-x86_64, r-release-osx-x86_64-mavericks, r-release-windows-ix86+x86_64

Version: 2.0.3
Check: package subdirectories
Result: WARN
    Problems with news in 'inst/NEWS.Rd':
     inst/NEWS.Rd:35: unknown macro '\PR'
Flavor: r-oldrel-windows-ix86+x86_64