CRAN Package Check Results for Package cluster

Last updated on 2014-04-22 19:48:28.

Flavor Version Tinstall Tcheck Ttotal Status Flags
r-devel-linux-x86_64-debian-clang 1.15.2 6.88 59.32 66.20 NOTE
r-devel-linux-x86_64-debian-gcc 1.15.2 6.18 58.72 64.91 NOTE
r-devel-linux-x86_64-fedora-clang 1.15.2 115.80 NOTE
r-devel-linux-x86_64-fedora-gcc 1.15.2 111.18 NOTE
r-devel-osx-x86_64-clang 1.15.2 93.77 NOTE
r-devel-osx-x86_64-gcc 1.15.2 NOTE
r-patched-linux-x86_64 1.15.2 7.44 59.50 66.93 NOTE
r-patched-solaris-sparc 1.15.2 NOTE
r-patched-solaris-x86 1.15.2 NOTE
r-release-linux-x86_64 1.15.2 10.76 60.87 71.63 NOTE
r-release-osx-x86_64-mavericks 1.15.2 WARN
r-release-osx-x86_64-snowleopard 1.15.2 NOTE
r-release-windows-ix86+x86_64 1.15.2 22.00 137.00 159.00 NOTE
r-oldrel-windows-ix86+x86_64 1.15.2 23.00 142.00 165.00 OK

Check Details

Version: 1.15.2
Check: foreign function calls
Result: NOTE
    Calls with DUP = FALSE:
     .C(twins, as.integer(n), as.integer(jp), x2, dv, dis = double(if (C.keep.diss) length(dv) else 1),
     jdyss = if (C.keep.diss) diss + 10L else as.integer(diss),
     if (mdata) valmd else double(1), if (mdata) jtmd else integer(jp),
     as.integer(ndyst), 1L, meth, integer(n), ner = integer(n),
     ban = double(n), ac = as.double(0), par.method, merge = matrix(0L,
     n - 1, 2), DUP = FALSE)
     .Fortran(cl_daisy, n, p, x, if (mdata) valmd else double(1),
     as.double(weights), if (mdata) jtmd else integer(1), jdat,
     type3, ndyst, as.integer(mdata), dis = double((n * (n - 1))/2),
     NAOK = TRUE, DUP = FALSE)
     .C(twins, n, jp, as.double(x2), dv, dis = double(if (C.keep.diss) length(dv) else 1),
     jdyss = if (C.keep.diss) diss + 10L else as.integer(diss),
     if (mdata) valmd else double(1), if (mdata) jtmd else integer(jp),
     as.integer(ndyst), 2L, 0L, integer(n), ner = integer(n),
     ban = double(n), dc = as.double(trace.lev), double(1), merge = matrix(0L,
     n - 1, 2), DUP = FALSE)
     .C(cl_pam, as.integer(n), as.integer(jp), k, x = x2, dys = dv,
     jdyss = as.integer(diss), if (mdata) valmd else double(1),
     if (mdata) jtmd else integer(jp), as.integer(ndyst), integer(n),
     logical(n), integer(if (cluster.only) 1 else n), double(n),
     double(n), avsil = double(n), double(n), ttsil = as.double(0),
     obj = as.double(c(cluster.only, trace.lev)), med = medID,
     clu = integer(n), clusinf = if (cluster.only) 0 else matrix(0,
     k, 5), silinf = if (cluster.only) 0 else matrix(0, n,
     4), isol = nisol, as.integer(pamonce), DUP = FALSE)
     .C(sildist, d = as.numeric(if (has.dmatrix) dmatrix else dist),
     as.integer(n), x, as.integer(k), diC = numeric(n * k), counts = integer(k),
     si = numeric(n), neighbor = integer(n), ismat = has.dmatrix,
     DUP = FALSE)
    DUP = FALSE is deprecated and may be disabled in future versions of R.
Flavors: r-devel-linux-x86_64-debian-clang, r-devel-linux-x86_64-debian-gcc, r-devel-linux-x86_64-fedora-clang, r-devel-linux-x86_64-fedora-gcc, r-devel-osx-x86_64-clang, r-devel-osx-x86_64-gcc, r-patched-linux-x86_64, r-patched-solaris-sparc, r-patched-solaris-x86, r-release-linux-x86_64, r-release-osx-x86_64-mavericks, r-release-osx-x86_64-snowleopard, r-release-windows-ix86+x86_64

Version: 1.15.2
Check: Rd cross-references
Result: NOTE
    Packages unavailable to check Rd xrefs: ‘mvoutlier’, ‘fpc’
Flavor: r-devel-osx-x86_64-gcc

Version: 1.15.2
Check: Rd cross-references
Result: NOTE
    Package unavailable to check Rd xrefs: ‘mvoutlier’
Flavor: r-release-osx-x86_64-mavericks

Version: 1.15.2
Check: PDF version of manual
Result: WARNING
    LaTeX errors when creating PDF version.
    This typically indicates Rd problems.
    LaTeX errors found:
    ! LaTeX Error: File `upquote.sty' not found.
    
    Type X to quit or <RETURN> to proceed,
    or enter new name. (Default extension: sty)
    
    fee1ff/Rd2.tex:8: ==> Fatal error occurred, no output PDF file produced!
Flavor: r-release-osx-x86_64-mavericks