CRAN Package Check Results for Package formatR

Last updated on 2015-08-04 18:48:01.

Flavor Version Tinstall Tcheck Ttotal Status Flags
r-devel-linux-x86_64-debian-clang 1.2 0.52 10.27 10.80 NOTE
r-devel-linux-x86_64-debian-gcc 1.2 0.52 10.00 10.52 NOTE
r-devel-linux-x86_64-fedora-clang 1.2 20.60 NOTE
r-devel-linux-x86_64-fedora-gcc 1.2 19.05 NOTE
r-devel-osx-x86_64-clang 1.2 20.01 OK
r-devel-windows-ix86+x86_64 1.2 5.00 20.00 25.00 NOTE
r-patched-linux-x86_64 1.2 0.58 10.16 10.74 OK
r-patched-solaris-sparc 1.2 133.90 OK
r-patched-solaris-x86 1.2 32.20 OK
r-release-linux-x86_64 1.2 0.56 10.63 11.19 OK
r-release-osx-x86_64-mavericks 1.2 OK
r-release-windows-ix86+x86_64 1.2 4.00 21.00 25.00 OK
r-oldrel-windows-ix86+x86_64 1.2 6.00 23.00 29.00 OK

Check Details

Version: 1.2
Check: R code for possible problems
Result: NOTE
    tidy_eval: no visible global function definition for ‘capture.output’
    usage: no visible global function definition for ‘capture.output’
    usage: no visible binding for global variable ‘argsAnywhere’
    usage: no visible global function definition for ‘getS3method’
    Undefined global functions or variables:
     argsAnywhere capture.output getS3method
    Consider adding
     importFrom("utils", "argsAnywhere", "capture.output", "getS3method")
    to your NAMESPACE.
Flavors: r-devel-linux-x86_64-debian-clang, r-devel-linux-x86_64-debian-gcc, r-devel-linux-x86_64-fedora-clang, r-devel-linux-x86_64-fedora-gcc, r-devel-windows-ix86+x86_64