CRAN Package Check Results for Package formatR

Last updated on 2015-09-02 17:49:17.

Flavor Version Tinstall Tcheck Ttotal Status Flags
r-devel-linux-x86_64-debian-clang 1.2 0.52 10.25 10.76 NOTE
r-devel-linux-x86_64-debian-gcc 1.2 0.54 10.16 10.70 NOTE
r-devel-linux-x86_64-fedora-clang 1.2 21.26 NOTE
r-devel-linux-x86_64-fedora-gcc 1.2 19.89 NOTE
r-devel-osx-x86_64-clang 1.2 20.00 OK
r-devel-windows-ix86+x86_64 1.2 4.00 25.00 29.00 NOTE
r-patched-linux-x86_64 1.2 0.61 10.85 11.46 OK
r-patched-solaris-sparc 1.2 133.90 OK
r-patched-solaris-x86 1.2 33.20 OK
r-release-linux-x86_64 1.2 0.62 10.88 11.50 OK
r-release-osx-x86_64-mavericks 1.2 OK
r-release-windows-ix86+x86_64 1.2 5.00 22.00 27.00 OK
r-oldrel-windows-ix86+x86_64 1.2 6.00 32.00 38.00 OK

Check Details

Version: 1.2
Check: R code for possible problems
Result: NOTE
    tidy_eval: no visible global function definition for ‘capture.output’
    usage: no visible global function definition for ‘capture.output’
    usage: no visible binding for global variable ‘argsAnywhere’
    usage: no visible global function definition for ‘getS3method’
    Undefined global functions or variables:
     argsAnywhere capture.output getS3method
    Consider adding
     importFrom("utils", "argsAnywhere", "capture.output", "getS3method")
    to your NAMESPACE.
Flavors: r-devel-linux-x86_64-debian-clang, r-devel-linux-x86_64-debian-gcc, r-devel-linux-x86_64-fedora-clang, r-devel-linux-x86_64-fedora-gcc, r-devel-windows-ix86+x86_64