CRAN Package Check Results for Package formatR

Last updated on 2014-07-25 19:50:13.

Flavor Version Tinstall Tcheck Ttotal Status Flags
r-devel-linux-x86_64-debian-clang 0.10 0.63 12.57 13.20 OK
r-devel-linux-x86_64-debian-gcc 0.10 0.52 12.76 13.28 OK
r-devel-linux-x86_64-fedora-clang 0.10 27.69 OK
r-devel-linux-x86_64-fedora-gcc 0.10 25.61 OK
r-devel-osx-x86_64-clang 0.10 25.22 OK
r-devel-windows-ix86+x86_64 0.10 2.00 22.00 24.00 OK
r-patched-linux-x86_64 0.10 0.53 12.53 13.06 OK
r-patched-solaris-sparc 0.10 156.20 OK
r-patched-solaris-x86 0.10 39.70 OK
r-release-linux-ix86 0.10 0.86 20.04 20.90 OK
r-release-linux-x86_64 0.10 0.55 13.30 13.85 OK
r-release-osx-x86_64-mavericks 0.10 NOTE
r-release-osx-x86_64-snowleopard 0.10 OK
r-release-windows-ix86+x86_64 0.10 2.00 26.00 28.00 OK
r-oldrel-windows-ix86+x86_64 0.10 2.00 24.00 26.00 OK

Check Details

Version: 0.10
Check: package dependencies
Result: NOTE
    Package suggested but not available for checking: ‘gWidgetsRGtk2’
Flavor: r-release-osx-x86_64-mavericks

Version: 0.10
Check: R code for possible problems
Result: NOTE
    tidy.gui: no visible global function definition for ‘ggroup’
    tidy.gui: no visible global function definition for ‘gwindow’
    tidy.gui: no visible global function definition for ‘gtext’
    tidy.gui: no visible global function definition for ‘gbutton’
    tidy.gui : <anonymous>: no visible global function definition for
     ‘gfile’
    tidy.gui : <anonymous>: no visible global function definition for
     ‘svalue<-’
    tidy.gui : <anonymous>: no visible global function definition for
     ‘tag<-’
    tidy.gui : <anonymous>: no visible global function definition for
     ‘tooltip<-’
    tidy.gui : <anonymous>: no visible global function definition for
     ‘svalue’
    tidy.gui : <anonymous>: no visible global function definition for ‘tag’
    tidy.gui : <anonymous>: no visible global function definition for
     ‘gwindow’
    tidy.gui : <anonymous>: no visible global function definition for
     ‘ggroup’
    tidy.gui : <anonymous>: no visible global function definition for
     ‘glayout’
    tidy.gui : <anonymous>: no visible global function definition for
     ‘gframe’
    tidy.gui : <anonymous>: no visible global function definition for
     ‘gradio’
    tidy.gui : <anonymous>: no visible global function definition for
     ‘gbutton’
    tidy.gui : <anonymous> : <anonymous>: no visible global function
     definition for ‘svalue’
    tidy.gui : <anonymous> : <anonymous>: no visible global function
     definition for ‘font<-’
    tidy.gui : <anonymous> : <anonymous>: no visible global function
     definition for ‘dispose’
    tidy.gui : <anonymous>: no visible global function definition for
     ‘gedit’
    tidy.gui : <anonymous> : <anonymous>: no visible global function
     definition for ‘gmessage’
Flavor: r-release-osx-x86_64-mavericks