CRAN Package Check Results for Package formatR

Last updated on 2015-06-30 18:47:14.

Flavor Version Tinstall Tcheck Ttotal Status Flags
r-devel-linux-x86_64-debian-clang 1.2 0.58 10.03 10.61 NOTE
r-devel-linux-x86_64-debian-gcc 1.2 0.52 9.96 10.48 NOTE
r-devel-linux-x86_64-fedora-clang 1.2 20.72 NOTE
r-devel-linux-x86_64-fedora-gcc 1.2 18.85 OK
r-devel-osx-x86_64-clang 1.2 21.15 OK
r-devel-windows-ix86+x86_64 1.2 4.00 20.00 24.00 NOTE
r-patched-linux-x86_64 1.2 0.54 10.84 11.38 OK
r-patched-solaris-sparc 1.2 138.40 OK
r-patched-solaris-x86 1.2 32.60 OK
r-release-linux-x86_64 1.2 0.60 10.35 10.95 OK
r-release-osx-x86_64-mavericks 1.2 OK
r-release-windows-ix86+x86_64 1.2 5.00 21.00 26.00 OK
r-oldrel-windows-ix86+x86_64 1.2 6.00 31.00 37.00 OK

Check Details

Version: 1.2
Check: R code for possible problems
Result: NOTE
    tidy_eval: no visible global function definition for ‘capture.output’
    usage: no visible global function definition for ‘capture.output’
    usage: no visible binding for global variable ‘argsAnywhere’
    usage: no visible global function definition for ‘getS3method’
Flavors: r-devel-linux-x86_64-debian-clang, r-devel-linux-x86_64-debian-gcc, r-devel-linux-x86_64-fedora-clang, r-devel-windows-ix86+x86_64