CRAN Package Check Results for Package hydroGOF

Last updated on 2014-12-19 15:48:28.

Flavor Version Tinstall Tcheck Ttotal Status Flags
r-devel-linux-x86_64-debian-clang 0.3-8 3.64 54.44 58.09 OK
r-devel-linux-x86_64-debian-gcc 0.3-8 3.58 51.15 54.73 OK
r-devel-linux-x86_64-fedora-clang 0.3-8 124.26 OK
r-devel-linux-x86_64-fedora-gcc 0.3-8 115.74 OK
r-devel-osx-x86_64-clang 0.3-8 104.87 OK
r-devel-windows-ix86+x86_64 0.3-8 12.00 83.00 95.00 OK
r-patched-linux-x86_64 0.3-8 3.77 54.66 58.44 OK
r-patched-solaris-sparc 0.3-8 623.30 OK
r-patched-solaris-x86 0.3-8 151.60 OK
r-release-linux-ix86 0.3-8 4.37 62.34 66.70 OK
r-release-linux-x86_64 0.3-8 3.85 53.89 57.74 OK
r-release-osx-x86_64-mavericks 0.3-8 ERROR
r-release-osx-x86_64-snowleopard 0.3-8 OK
r-release-windows-ix86+x86_64 0.3-8 15.00 90.00 105.00 OK
r-oldrel-windows-ix86+x86_64 0.3-8 12.00 82.00 94.00 OK

Check Details

Version: 0.3-8
Check: package dependencies
Result: ERROR
    Package required but not available: ‘hydroTSM’
    
    See the information on DESCRIPTION files in the chapter ‘Creating R
    packages’ of the ‘Writing R Extensions’ manual.
Flavor: r-release-osx-x86_64-mavericks