CRAN Package Check Results for Package hydroGOF

Last updated on 2014-04-23 20:47:14.

Flavor Version Tinstall Tcheck Ttotal Status Flags
r-devel-linux-x86_64-debian-clang 0.3-8 4.19 50.92 55.10 OK
r-devel-linux-x86_64-debian-gcc 0.3-8 3.68 45.71 49.38 OK
r-devel-linux-x86_64-fedora-clang 0.3-8 108.22 OK
r-devel-linux-x86_64-fedora-gcc 0.3-8 112.76 OK
r-devel-osx-x86_64-clang 0.3-8 86.56 OK
r-devel-osx-x86_64-gcc 0.3-8 ERROR
r-devel-windows-ix86+x86_64 0.3-8 8.00 74.00 82.00 OK
r-patched-linux-x86_64 0.3-8 3.66 45.85 49.51 OK
r-patched-solaris-sparc 0.3-8 499.70 OK
r-patched-solaris-x86 0.3-8 134.00 OK
r-release-linux-ix86 0.3-8 6.00 81.00 87.00 OK
r-release-linux-x86_64 0.3-8 4.22 51.55 55.77 OK
r-release-osx-x86_64-mavericks 0.3-8 ERROR
r-release-osx-x86_64-snowleopard 0.3-8 OK
r-release-windows-ix86+x86_64 0.3-8 10.00 72.00 82.00 OK
r-oldrel-windows-ix86+x86_64 0.3-8 11.00 75.00 86.00 OK

Check Details

Version: 0.3-8
Check: package dependencies
Result: ERROR
    Packages required but not available: ‘zoo’ ‘hydroTSM’ ‘xts’
    
    See the information on DESCRIPTION files in the chapter ‘Creating R
    packages’ of the ‘Writing R Extensions’ manual.
Flavor: r-devel-osx-x86_64-gcc

Version: 0.3-8
Check: package dependencies
Result: ERROR
    Package required but not available: ‘hydroTSM’
    
    See the information on DESCRIPTION files in the chapter ‘Creating R
    packages’ of the ‘Writing R Extensions’ manual.
Flavor: r-release-osx-x86_64-mavericks