CRAN Package Check Results for Package hydroGOF

Last updated on 2014-07-23 17:48:58.

Flavor Version Tinstall Tcheck Ttotal Status Flags
r-devel-linux-x86_64-debian-clang 0.3-8 3.82 47.38 51.21 OK
r-devel-linux-x86_64-debian-gcc 0.3-8 3.69 47.08 50.78 OK
r-devel-linux-x86_64-fedora-clang 0.3-8 117.72 OK
r-devel-linux-x86_64-fedora-gcc 0.3-8 111.96 OK
r-devel-osx-x86_64-clang 0.3-8 94.54 OK
r-devel-windows-ix86+x86_64 0.3-8 11.00 82.00 93.00 OK
r-patched-linux-x86_64 0.3-8 3.72 47.94 51.66 OK
r-patched-solaris-sparc 0.3-8 499.70 OK
r-patched-solaris-x86 0.3-8 145.10 OK
r-release-linux-ix86 0.3-8 4.56 59.77 64.34 OK
r-release-linux-x86_64 0.3-8 3.81 47.86 51.67 OK
r-release-osx-x86_64-mavericks 0.3-8 ERROR
r-release-osx-x86_64-snowleopard 0.3-8 OK
r-release-windows-ix86+x86_64 0.3-8 10.00 82.00 92.00 OK
r-oldrel-windows-ix86+x86_64 0.3-8 12.00 77.00 89.00 OK

Check Details

Version: 0.3-8
Check: package dependencies
Result: ERROR
    Package required but not available: ‘hydroTSM’
    
    See the information on DESCRIPTION files in the chapter ‘Creating R
    packages’ of the ‘Writing R Extensions’ manual.
Flavor: r-release-osx-x86_64-mavericks