CRAN Package Check Results for Package hydroGOF

Last updated on 2014-09-23 18:48:31.

Flavor Version Tinstall Tcheck Ttotal Status Flags
r-devel-linux-x86_64-debian-clang 0.3-8 3.69 52.58 56.27 OK
r-devel-linux-x86_64-debian-gcc 0.3-8 4.00 51.59 55.58 OK
r-devel-linux-x86_64-fedora-clang 0.3-8 121.60 OK
r-devel-linux-x86_64-fedora-gcc 0.3-8 118.14 OK
r-devel-osx-x86_64-clang 0.3-8 96.55 OK
r-devel-windows-ix86+x86_64 0.3-8 12.00 80.00 92.00 OK
r-patched-linux-x86_64 0.3-8 3.82 55.07 58.88 OK
r-patched-solaris-sparc 0.3-8 623.30 OK
r-patched-solaris-x86 0.3-8 147.80 OK
r-release-linux-ix86 0.3-8 4.63 60.61 65.24 OK
r-release-linux-x86_64 0.3-8 3.89 55.72 59.62 OK
r-release-osx-x86_64-mavericks 0.3-8 ERROR
r-release-osx-x86_64-snowleopard 0.3-8 OK
r-release-windows-ix86+x86_64 0.3-8 13.00 85.00 98.00 OK
r-oldrel-windows-ix86+x86_64 0.3-8 12.00 78.00 90.00 OK

Check Details

Version: 0.3-8
Check: package dependencies
Result: ERROR
    Package required but not available: ‘hydroTSM’
    
    See the information on DESCRIPTION files in the chapter ‘Creating R
    packages’ of the ‘Writing R Extensions’ manual.
Flavor: r-release-osx-x86_64-mavericks