CRAN Package Check Results for Package hydroGOF

Last updated on 2014-08-27 19:48:31.

Flavor Version Tinstall Tcheck Ttotal Status Flags
r-devel-linux-x86_64-debian-clang 0.3-8 3.74 47.00 50.74 OK
r-devel-linux-x86_64-debian-gcc 0.3-8 3.69 45.67 49.36 OK
r-devel-linux-x86_64-fedora-clang 0.3-8 114.78 OK
r-devel-linux-x86_64-fedora-gcc 0.3-8 113.47 OK
r-devel-osx-x86_64-clang 0.3-8 90.77 OK
r-devel-windows-ix86+x86_64 0.3-8 11.00 77.00 88.00 OK
r-patched-linux-x86_64 0.3-8 3.80 47.45 51.25 OK
r-patched-solaris-sparc 0.3-8 623.30 OK
r-patched-solaris-x86 0.3-8 147.20 OK
r-release-linux-ix86 0.3-8 4.65 59.88 64.53 OK
r-release-linux-x86_64 0.3-8 3.81 48.22 52.02 OK
r-release-osx-x86_64-mavericks 0.3-8 ERROR
r-release-osx-x86_64-snowleopard 0.3-8 OK
r-release-windows-ix86+x86_64 0.3-8 12.00 82.00 94.00 OK
r-oldrel-windows-ix86+x86_64 0.3-8 12.00 82.00 94.00 OK

Check Details

Version: 0.3-8
Check: package dependencies
Result: ERROR
    Package required but not available: ‘hydroTSM’
    
    See the information on DESCRIPTION files in the chapter ‘Creating R
    packages’ of the ‘Writing R Extensions’ manual.
Flavor: r-release-osx-x86_64-mavericks