CRAN Package Check Results for Package maptools

Last updated on 2018-04-25 18:47:07 CEST.

Flavor Version Tinstall Tcheck Ttotal Status Flags
r-devel-linux-x86_64-debian-clang 0.9-2 15.35 106.95 122.30 NOTE
r-devel-linux-x86_64-debian-gcc 0.9-2 12.13 82.20 94.33 NOTE
r-devel-linux-x86_64-fedora-clang 0.9-2 146.58 NOTE
r-devel-linux-x86_64-fedora-gcc 0.9-2 143.88 NOTE
r-devel-windows-ix86+x86_64 0.9-2 42.00 167.00 209.00 NOTE
r-patched-linux-x86_64 0.9-2 18.99 103.73 122.72 NOTE
r-patched-solaris-x86 0.9-2 189.70 NOTE
r-release-linux-x86_64 0.9-2 15.40 104.28 119.68 NOTE
r-release-windows-ix86+x86_64 0.9-2 42.00 167.00 209.00 NOTE
r-release-osx-x86_64 0.9-2 NOTE
r-oldrel-windows-ix86+x86_64 0.9-2 24.00 251.00 275.00 NOTE
r-oldrel-osx-x86_64 0.9-2 NOTE

Check Details

Version: 0.9-2
Check: dependencies in R code
Result: NOTE
    Missing or unexported objects:
     ‘spatstat::is.hole.xypolygon’ ‘spatstat::superimposePSP’
Flavors: r-devel-linux-x86_64-debian-clang, r-devel-linux-x86_64-debian-gcc, r-devel-linux-x86_64-fedora-clang, r-devel-linux-x86_64-fedora-gcc, r-devel-windows-ix86+x86_64, r-patched-linux-x86_64, r-patched-solaris-x86, r-release-linux-x86_64, r-release-windows-ix86+x86_64, r-release-osx-x86_64, r-oldrel-windows-ix86+x86_64

Version: 0.9-2
Check: dependencies in R code
Result: NOTE
    Missing or unexported object: ‘spatstat::is.hole.xypolygon’
Flavor: r-oldrel-osx-x86_64

Version: 0.9-2
Check: re-building of vignette outputs
Result: NOTE
    Error in re-building vignettes:
     ...
    Loading required package: sp
    Checking rgeos availability: TRUE
    Warning: use rgdal::readOGR or sf::st_read
    Warning: use rgdal::readOGR or sf::st_read
    Warning: use rgdal::readOGR or sf::st_read
    Warning: use rgdal::readOGR or sf::st_read
    Warning: use rgdal::readOGR or sf::st_read
    Warning: use rgdal::readOGR or sf::st_read
    Warning: non-unique values when setting 'row.names': ‘37055’, ‘37095’
    
    Error: processing vignette 'combine_maptools.Rnw' failed with diagnostics:
     chunk 18
    Error in unionSpatialPolygons(nc90, IDs = paste(nc90$ST, nc90$CO, sep = "")) :
     package rgeos required for unionSpatialPolygons
    Execution halted
Flavor: r-oldrel-osx-x86_64