CRAN Package Check Results for Package maptools

Last updated on 2015-07-03 16:47:24.

Flavor Version Tinstall Tcheck Ttotal Status Flags
r-devel-linux-x86_64-debian-clang 0.8-36 3.44 59.00 62.45 NOTE
r-devel-linux-x86_64-debian-gcc 0.8-36 4.23 55.50 59.72 NOTE
r-devel-linux-x86_64-fedora-clang 0.8-36 118.74 NOTE
r-devel-linux-x86_64-fedora-gcc 0.8-36 113.20 NOTE
r-devel-osx-x86_64-clang 0.8-36 113.04 OK
r-devel-windows-ix86+x86_64 0.8-36 22.00 117.00 139.00 NOTE
r-patched-linux-x86_64 0.8-36 4.28 57.60 61.88 OK
r-patched-solaris-sparc 0.8-36 757.20 OK
r-patched-solaris-x86 0.8-36 152.10 OK
r-release-linux-x86_64 0.8-36 4.12 57.52 61.63 OK
r-release-osx-x86_64-mavericks 0.8-36 NOTE
r-release-windows-ix86+x86_64 0.8-36 27.00 118.00 145.00 NOTE
r-oldrel-windows-ix86+x86_64 0.8-36 40.00 137.00 177.00 OK

Check Details

Version: 0.8-36
Check: R code for possible problems
Result: NOTE
    .NAmat2xyList: no visible global function definition for ‘na.omit’
    .makePolylistValid: no visible global function definition for ‘na.omit’
    .mtInsiders: no visible global function definition for ‘na.omit’
    Rgshhs: no visible global function definition for ‘median’
    Shape2Mondrian: no visible global function definition for ‘write.table’
    as.psp.Lines: no visible global function definition for
     ‘packageVersion’
    as.psp.SpatialLines: no visible global function definition for
     ‘packageVersion’
    checkPolygonsHoles: no visible global function definition for
     ‘compareVersion’
    checkPolygonsHoles: no visible global function definition for
     ‘packageVersion’
    color.ramp: no visible global function definition for ‘quantile’
    color.ramp: no visible global function definition for ‘hsv’
    dotsInPolys: no visible global function definition for ‘runif’
    drawDetails.labels : GA : mutate: no visible global function definition
     for ‘runif’
    drawDetails.labels : SANN: no visible global function definition for
     ‘runif’
    drawDetails.labels: no visible global function definition for
     ‘xy.coords’
    kmlLine : col2kmlcolor: no visible global function definition for
     ‘col2rgb’
    kmlLines : col2kmlcolor: no visible global function definition for
     ‘col2rgb’
    kmlPolygon : col2kmlcolor: no visible global function definition for
     ‘col2rgb’
    kmlPolygons : col2kmlcolor: no visible global function definition for
     ‘col2rgb’
    lineLabel: no visible global function definition for ‘xy.coords’
    lineLabel: no visible global function definition for ‘predict’
    maptools: no visible global function definition for
     ‘packageDescription’
    panel.pointLabel: no visible global function definition for
     ‘as.graphicsAnnot’
    plot.Map: no visible global function definition for ‘par’
    plot.Map: no visible global function definition for ‘rect’
    plot.Map: no visible global function definition for ‘points’
    plot.Map: no visible global function definition for ‘lines’
    plot.Map: no visible global function definition for ‘polygon’
    plot.polylist: no visible global function definition for ‘par’
    plot.polylist: no visible global function definition for ‘polygon’
    plot.polylist: no visible global function definition for ‘box’
    plotpolys: no visible global function definition for ‘par’
    plotpolys: no visible global function definition for ‘polygon’
    pointLabel: no visible global function definition for
     ‘as.graphicsAnnot’
    pointLabel: no visible global function definition for ‘par’
    pointLabel: no visible global function definition for ‘xy.coords’
    pointLabel: no visible global function definition for ‘strwidth’
    pointLabel: no visible global function definition for ‘strheight’
    pointLabel : GA : mutate: no visible global function definition for
     ‘runif’
    pointLabel : SANN: no visible global function definition for ‘runif’
    pointLabel: no visible global function definition for ‘text’
    polygonholes: no visible global function definition for ‘par’
    polygonholes: no visible global function definition for ‘polygon’
    readAsciiGrid: no visible global function definition for ‘image’
    readGPS: no visible global function definition for ‘read.table’
    sp2Mondrian: no visible global function definition for ‘write.table’
    writeAsciiGrid: no visible global function definition for ‘write.table’
    sp.lineLabel,SpatialLines: no visible global function definition for
     ‘as.graphicsAnnot’
    Undefined global functions or variables:
     as.graphicsAnnot box col2rgb compareVersion hsv image lines median
     na.omit packageDescription packageVersion par points polygon predict
     quantile read.table rect runif strheight strwidth text write.table
     xy.coords
Flavors: r-devel-linux-x86_64-debian-clang, r-devel-linux-x86_64-debian-gcc, r-devel-linux-x86_64-fedora-clang, r-devel-linux-x86_64-fedora-gcc, r-devel-windows-ix86+x86_64

Version: 0.8-36
Check: package dependencies
Result: NOTE
    Package which this enhances but not available for checking: 'gpclib'
Flavors: r-devel-windows-ix86+x86_64, r-release-windows-ix86+x86_64

Version: 0.8-36
Check: package dependencies
Result: NOTE
    Package suggested but not available for checking: ‘rgeos’
Flavor: r-release-osx-x86_64-mavericks

Version: 0.8-36
Check: Rd cross-references
Result: NOTE
    Package unavailable to check Rd xrefs: ‘rgeos’
Flavor: r-release-osx-x86_64-mavericks