CRAN Package Check Results for Package maptools

Last updated on 2015-03-05 16:47:00.

Flavor Version Tinstall Tcheck Ttotal Status Flags
r-devel-linux-x86_64-debian-clang 0.8-34 3.30 57.65 60.95 OK
r-devel-linux-x86_64-debian-gcc 0.8-34 4.08 55.13 59.21 OK
r-devel-linux-x86_64-fedora-clang 0.8-34 119.90 OK
r-devel-linux-x86_64-fedora-gcc 0.8-34 114.00 OK
r-devel-osx-x86_64-clang 0.8-34 111.15 OK
r-devel-windows-ix86+x86_64 0.8-34 22.00 113.00 135.00 NOTE
r-patched-linux-x86_64 0.8-34 4.41 65.26 69.67 OK
r-patched-solaris-sparc 0.8-34 809.50 OK
r-patched-solaris-x86 0.8-34 169.40 OK
r-release-linux-ix86 0.8-34 6.48 83.66 90.13 OK
r-release-linux-x86_64 0.8-34 4.37 66.86 71.23 OK
r-release-osx-x86_64-mavericks 0.8-34 NOTE
r-release-osx-x86_64-snowleopard 0.8-34 OK
r-release-windows-ix86+x86_64 0.8-34 21.00 130.00 151.00 OK
r-oldrel-windows-ix86+x86_64 0.8-34 21.00 140.00 161.00 OK

Check Details

Version: 0.8-34
Check: package dependencies
Result: NOTE
    Package which this enhances but not available for checking: 'gpclib'
Flavor: r-devel-windows-ix86+x86_64

Version: 0.8-34
Check: package dependencies
Result: NOTE
    Package suggested but not available for checking: ‘rgeos’
Flavor: r-release-osx-x86_64-mavericks

Version: 0.8-34
Check: Rd cross-references
Result: NOTE
    Package unavailable to check Rd xrefs: ‘rgeos’
Flavor: r-release-osx-x86_64-mavericks