CRAN Package Check Results for Package maptools

Last updated on 2014-04-23 20:47:15.

Flavor Version Tinstall Tcheck Ttotal Status Flags
r-devel-linux-x86_64-debian-clang 0.8-29 3.73 68.42 72.16 OK
r-devel-linux-x86_64-debian-gcc 0.8-29 4.47 67.55 72.02 OK
r-devel-linux-x86_64-fedora-clang 0.8-29 150.52 OK
r-devel-linux-x86_64-fedora-gcc 0.8-29 145.04 OK
r-devel-osx-x86_64-clang 0.8-29 109.69 OK
r-devel-osx-x86_64-gcc 0.8-29 ERROR
r-devel-windows-ix86+x86_64 0.8-29 22.00 113.00 135.00 NOTE
r-patched-linux-x86_64 0.8-29 4.54 68.64 73.18 OK
r-patched-solaris-sparc 0.8-29 793.90 OK
r-patched-solaris-x86 0.8-29 178.20 OK
r-release-linux-ix86 0.8-29 8.00 105.00 113.00 OK
r-release-linux-x86_64 0.8-29 4.56 68.35 72.91 OK
r-release-osx-x86_64-mavericks 0.8-29 ERROR
r-release-osx-x86_64-snowleopard 0.8-29 OK
r-release-windows-ix86+x86_64 0.8-29 20.00 133.00 153.00 OK
r-oldrel-windows-ix86+x86_64 0.8-29 21.00 133.00 154.00 OK

Check Details

Version: 0.8-29
Check: package dependencies
Result: NOTE
    Package suggested but not available for checking: ‘rgeos’
Flavors: r-devel-osx-x86_64-gcc, r-release-osx-x86_64-mavericks

Version: 0.8-29
Check: R code for possible problems
Result: NOTE
    .nowrapPolygons: no visible global function definition for
     ‘createPolygonsComment’
    .nowrapPolygons: no visible global function definition for ‘gIsValid’
    .nowrapPolygons: no visible global function definition for
     ‘gIntersection’
    .nowrapPolygons: no visible global function definition for
     ‘append.poly’
    .nowrapPolygons: no visible global function definition for ‘get.bbox’
    Rgshhs: no visible global function definition for ‘gIntersection’
    Rgshhs: no visible global function definition for ‘append.poly’
    checkPolygonsGEOS: no visible global function definition for
     ‘createPolygonsComment’
    checkPolygonsGEOS: no visible global function definition for
     ‘gUnarySTRtreeQuery’
    checkPolygonsGEOS: no visible global function definition for ‘gEquals’
    checkPolygonsGEOS: no visible global function definition for
     ‘gContainsProperly’
    checkPolygonsGEOS: no visible global function definition for
     ‘gContains’
    checkPolygonsHoles: no visible global function definition for
     ‘append.poly’
    checkPolygonsHoles: no visible global function definition for
     ‘get.bbox’
    snapPointsToLines: no visible global function definition for
     ‘gWithinDistance’
    snapPointsToLines: no visible global function definition for
     ‘gDistance’
    thinnedSpatialPoly: no visible global function definition for
     ‘gSimplify’
    unionSpatialPolygons: no visible global function definition for
     ‘version_GEOS0’
    unionSpatialPolygons: no visible global function definition for
     ‘gUnionCascaded’
    unionSpatialPolygons: no visible global function definition for
     ‘gUnaryUnion’
    unionSpatialPolygons : <anonymous>: no visible global function
     definition for ‘area.poly’
Flavors: r-devel-osx-x86_64-gcc, r-release-osx-x86_64-mavericks

Version: 0.8-29
Check: Rd cross-references
Result: NOTE
    Package unavailable to check Rd xrefs: ‘rgeos’
Flavors: r-devel-osx-x86_64-gcc, r-release-osx-x86_64-mavericks

Version: 0.8-29
Check: examples
Result: ERROR
    Running examples in ‘maptools-Ex.R’ failed
    The error most likely occurred in:
    
    > ### Name: snapPointsToLines
    > ### Title: Snap a set of points to a set of lines
    > ### Aliases: snapPointsToLines
    > ### Keywords: spatial
    >
    > ### ** Examples
    >
    > # From the sp vignette
    > l1 = cbind(c(1,2,3),c(3,2,2))
    > l1a = cbind(l1[,1]+.05,l1[,2]+.05)
    > l2 = cbind(c(1,2,3),c(1,1.5,1))
    > Sl1 = Line(l1)
    > Sl1a = Line(l1a)
    > Sl2 = Line(l2)
    > S1 = Lines(list(Sl1, Sl1a), ID="a")
    > S2 = Lines(list(Sl2), ID="b")
    > Sl = SpatialLines(list(S1,S2))
    > df = data.frame(z = c(1,2), row.names=sapply(slot(Sl, "lines"), function(x) slot(x, "ID")))
    > Sldf = SpatialLinesDataFrame(Sl, data = df)
    >
    > xc = c(1.2,1.5,2.5)
    > yc = c(1.5,2.2,1.6)
    > Spoints = SpatialPoints(cbind(xc, yc))
    >
    > snapPointsToLines(Spoints, Sldf)
    Loading required package: rgeos
    Warning in library(package, lib.loc = lib.loc, character.only = TRUE, logical.return = TRUE, :
     there is no package called ‘rgeos’
    Error in snapPointsToLines(Spoints, Sldf) :
     could not find function "gDistance"
    Execution halted
Flavors: r-devel-osx-x86_64-gcc, r-release-osx-x86_64-mavericks

Version: 0.8-29
Check: package dependencies
Result: NOTE
    Package which this enhances but not available for checking: 'gpclib'
Flavor: r-devel-windows-ix86+x86_64