CRAN Package Check Results for Package maptools

Last updated on 2017-09-25 18:47:14.

Flavor Version Tinstall Tcheck Ttotal Status Flags
r-devel-linux-x86_64-debian-clang 0.9-2 4.71 74.40 79.10 NOTE
r-devel-linux-x86_64-debian-gcc 0.9-2 5.71 73.45 79.16 NOTE
r-devel-linux-x86_64-fedora-clang 0.9-2 139.57 NOTE
r-devel-linux-x86_64-fedora-gcc 0.9-2 149.44 NOTE
r-devel-windows-ix86+x86_64 0.9-2 40.00 176.00 216.00 NOTE
r-patched-linux-x86_64 0.9-2 9.11 72.56 81.67 NOTE
r-patched-solaris-x86 0.9-2 172.70 NOTE
r-release-linux-x86_64 0.9-2 4.84 71.47 76.31 NOTE
r-release-windows-ix86+x86_64 0.9-2 24.00 167.00 191.00 NOTE
r-release-osx-x86_64 0.9-2 NOTE
r-oldrel-windows-ix86+x86_64 0.9-2 28.00 165.00 193.00 NOTE
r-oldrel-osx-x86_64 0.9-2 NOTE

Check Details

Version: 0.9-2
Check: dependencies in R code
Result: NOTE
    Missing or unexported object: ‘spatstat::is.hole.xypolygon’
Flavors: r-devel-linux-x86_64-debian-clang, r-devel-linux-x86_64-debian-gcc, r-devel-linux-x86_64-fedora-clang, r-devel-linux-x86_64-fedora-gcc, r-devel-windows-ix86+x86_64, r-patched-linux-x86_64, r-patched-solaris-x86, r-release-linux-x86_64, r-release-windows-ix86+x86_64, r-release-osx-x86_64, r-oldrel-windows-ix86+x86_64, r-oldrel-osx-x86_64

Version: 0.9-2
Check: re-building of vignette outputs
Result: NOTE
    Error in re-building vignettes:
     ...
    Loading required package: sp
    Checking rgeos availability: TRUE
    Warning: use rgdal::readOGR or sf::st_read
    Warning: use rgdal::readOGR or sf::st_read
    Warning: use rgdal::readOGR or sf::st_read
    Warning: use rgdal::readOGR or sf::st_read
    Warning: use rgdal::readOGR or sf::st_read
    Warning: use rgdal::readOGR or sf::st_read
    Warning: non-unique values when setting 'row.names': ‘37055’, ‘37095’
    
    Error: processing vignette 'combine_maptools.Rnw' failed with diagnostics:
     chunk 18
    Error in unionSpatialPolygons(nc90, IDs = paste(nc90$ST, nc90$CO, sep = "")) :
     package rgeos required for unionSpatialPolygons
    Execution halted
Flavor: r-release-osx-x86_64