CRAN Package Check Results for Package maptools

Last updated on 2016-09-29 19:50:30.

Flavor Version Tinstall Tcheck Ttotal Status Flags
r-devel-linux-x86_64-debian-clang 0.8-39 4.31 65.81 70.11 OK
r-devel-linux-x86_64-debian-gcc 0.8-39 4.94 63.71 68.65 OK
r-devel-linux-x86_64-fedora-clang 0.8-39 128.61 OK
r-devel-linux-x86_64-fedora-gcc 0.8-39 120.33 OK
r-devel-macos-x86_64-clang 0.8-39 98.46 OK
r-devel-windows-ix86+x86_64 0.8-39 23.00 191.00 214.00 OK
r-patched-linux-x86_64 0.8-39 4.24 64.30 68.53 OK
r-patched-solaris-sparc 0.8-39 770.90 OK
r-patched-solaris-x86 0.8-39 151.40 OK
r-release-linux-x86_64 0.8-39 4.73 66.17 70.90 OK
r-release-osx-x86_64-mavericks 0.8-39 ERROR
r-release-windows-ix86+x86_64 0.8-39 20.00 215.00 235.00 OK
r-oldrel-windows-ix86+x86_64 0.8-39 45.00 206.00 251.00 NOTE

Check Details

Version: 0.8-39
Check: package dependencies
Result: NOTE
    Package suggested but not available for checking: ‘rgeos’
Flavor: r-release-osx-x86_64-mavericks

Version: 0.8-39
Check: Rd cross-references
Result: NOTE
    Package unavailable to check Rd xrefs: ‘rgeos’
Flavor: r-release-osx-x86_64-mavericks

Version: 0.8-39
Check: examples
Result: ERROR
    Running examples in ‘maptools-Ex.R’ failed
    The error most likely occurred in:
    
    > ### Name: nowrapSpatialLines
    > ### Title: Split SpatialLines components at offset
    > ### Aliases: nowrapSpatialLines
    > ### Keywords: spatial
    >
    > ### ** Examples
    >
    > Sl <- SpatialLines(list(Lines(list(Line(cbind(sin(seq(-4,4,0.4)),
    + seq(1,21,1)))), "1")), proj4string=CRS("+proj=longlat +ellps=WGS84"))
    > summary(Sl)
    Object of class SpatialLines
    Coordinates:
     min max
    x -0.9995736 0.9995736
    y 1.0000000 21.0000000
    Is projected: FALSE
    proj4string : [+proj=longlat +ellps=WGS84]
    > nwSL <- nowrapSpatialLines(Sl)
    Error in nowrapSpatialLines(Sl) : package rgeos required
    Execution halted
Flavor: r-release-osx-x86_64-mavericks

Version: 0.8-39
Check: package dependencies
Result: NOTE
    Package which this enhances but not available for checking: 'gpclib'
Flavor: r-oldrel-windows-ix86+x86_64