CRAN Package Check Results for Package maptools

Last updated on 2016-12-06 16:50:50.

Flavor Version Tinstall Tcheck Ttotal Status Flags
r-devel-linux-x86_64-debian-clang 0.8-40 4.17 75.85 80.02 OK
r-devel-linux-x86_64-debian-gcc 0.8-40 8.49 73.04 81.53 OK
r-devel-linux-x86_64-fedora-clang 0.8-40 143.87 OK --no-stop-on-test-error
r-devel-linux-x86_64-fedora-gcc 0.8-40 142.70 OK --no-stop-on-test-error
r-devel-macos-x86_64-clang 0.8-40 113.35 OK
r-devel-windows-ix86+x86_64 0.8-40 19.00 168.00 187.00 OK
r-patched-linux-x86_64 0.8-40 4.24 64.18 68.42 OK
r-patched-solaris-sparc 0.8-40 728.20 OK
r-patched-solaris-x86 0.8-40 154.00 OK
r-release-linux-x86_64 0.8-40 4.38 66.35 70.73 OK
r-release-osx-x86_64-mavericks 0.8-40 OK
r-release-windows-ix86+x86_64 0.8-40 18.00 233.00 251.00 OK
r-oldrel-windows-ix86+x86_64 0.8-40 31.00 174.00 205.00 NOTE

Check Details

Version: 0.8-40
Check: package dependencies
Result: NOTE
    Package which this enhances but not available for checking: 'gpclib'
Flavor: r-oldrel-windows-ix86+x86_64