CRAN Package Check Results for Package maptools

Last updated on 2015-05-24 17:47:29.

Flavor Version Tinstall Tcheck Ttotal Status Flags
r-devel-linux-x86_64-debian-clang 0.8-36 3.41 58.68 62.09 OK
r-devel-linux-x86_64-debian-gcc 0.8-36 4.09 57.11 61.20 OK
r-devel-linux-x86_64-fedora-clang 0.8-36 121.99 OK
r-devel-linux-x86_64-fedora-gcc 0.8-36 113.94 OK
r-devel-osx-x86_64-clang 0.8-36 107.30 OK
r-devel-windows-ix86+x86_64 0.8-36 21.00 126.00 147.00 NOTE
r-patched-linux-x86_64 0.8-36 4.55 57.35 61.90 OK
r-patched-solaris-sparc 0.8-36 757.20 OK
r-patched-solaris-x86 0.8-36 150.20 OK
r-release-linux-x86_64 0.8-36 4.58 59.42 64.01 OK
r-release-osx-x86_64-mavericks 0.8-36 NOTE
r-release-osx-x86_64-snowleopard 0.8-36 NOTE
r-release-windows-ix86+x86_64 0.8-36 22.00 122.00 144.00 NOTE
r-oldrel-windows-ix86+x86_64 0.8-36 22.00 132.00 154.00 OK

Check Details

Version: 0.8-36
Check: package dependencies
Result: NOTE
    Package which this enhances but not available for checking: 'gpclib'
Flavors: r-devel-windows-ix86+x86_64, r-release-windows-ix86+x86_64

Version: 0.8-36
Check: package dependencies
Result: NOTE
    Package suggested but not available for checking: ‘rgeos’
Flavors: r-release-osx-x86_64-mavericks, r-release-osx-x86_64-snowleopard

Version: 0.8-36
Check: Rd cross-references
Result: NOTE
    Package unavailable to check Rd xrefs: ‘rgeos’
Flavors: r-release-osx-x86_64-mavericks, r-release-osx-x86_64-snowleopard