CRAN Package Check Results for Package mclust

Last updated on 2017-01-23 15:48:03.

Flavor Version Tinstall Tcheck Ttotal Status Flags
r-devel-linux-x86_64-debian-clang 5.2.1 24.63 194.33 218.96 OK
r-devel-linux-x86_64-debian-gcc 5.2.2 24.16 195.35 219.51 OK
r-devel-linux-x86_64-fedora-clang 5.2.2 240.55 NOTE --no-stop-on-test-error
r-devel-linux-x86_64-fedora-gcc 5.2.2 225.12 NOTE --no-stop-on-test-error
r-devel-macos-x86_64-clang 5.2.2 219.76 OK --no-stop-on-test-error
r-devel-windows-ix86+x86_64 5.2.2 56.00 320.00 376.00 NOTE
r-patched-linux-x86_64 5.2.1 22.00 195.81 217.81 OK
r-patched-solaris-sparc 5.2.2 2111.30 OK
r-patched-solaris-x86 5.2.2 381.90 NOTE
r-release-linux-x86_64 5.2.2 22.17 195.71 217.88 OK
r-release-osx-x86_64-mavericks 5.2.1 OK
r-release-windows-ix86+x86_64 5.2.2 65.00 382.00 447.00 NOTE
r-oldrel-windows-ix86+x86_64 5.2.1 77.00 421.00 498.00 NOTE

Check Details

Version: 5.2.2
Flags: --no-stop-on-test-error
Check: installed package size
Result: NOTE
     installed size is 5.2Mb
     sub-directories of 1Mb or more:
     doc 2.8Mb
Flavors: r-devel-linux-x86_64-fedora-clang, r-devel-linux-x86_64-fedora-gcc

Version: 5.2.2
Check: installed package size
Result: NOTE
     installed size is 5.8Mb
     sub-directories of 1Mb or more:
     doc 2.8Mb
     libs 1.4Mb
Flavors: r-devel-windows-ix86+x86_64, r-patched-solaris-x86, r-release-windows-ix86+x86_64

Version: 5.2.1
Check: installed package size
Result: NOTE
     installed size is 5.2Mb
     sub-directories of 1Mb or more:
     doc 2.8Mb
     libs 1.1Mb
Flavor: r-oldrel-windows-ix86+x86_64