CRAN Package Check Results for Package mclust

Last updated on 2016-05-26 18:00:58.

Flavor Version Tinstall Tcheck Ttotal Status Flags
r-devel-linux-x86_64-debian-gcc 5.2 23.50 143.98 167.48 NOTE
r-devel-linux-x86_64-fedora-clang 5.2 311.61 NOTE
r-devel-linux-x86_64-fedora-gcc 5.2 298.88 NOTE
r-devel-osx-x86_64-clang 5.2 303.04 OK
r-devel-windows-ix86+x86_64 5.2 55.00 358.00 413.00 NOTE
r-patched-linux-x86_64 5.2 21.56 146.94 168.50 NOTE
r-patched-solaris-sparc 5.2 2195.00 OK
r-patched-solaris-x86 5.2 409.00 NOTE
r-release-linux-x86_64 5.2 21.86 145.72 167.59 NOTE
r-release-osx-x86_64-mavericks 5.2 OK
r-release-windows-ix86+x86_64 5.2 72.00 310.00 382.00 NOTE
r-oldrel-windows-ix86+x86_64 5.2 47.00 314.00 361.00 NOTE

Check Details

Version: 5.2
Check: installed package size
Result: NOTE
     installed size is 5.4Mb
     sub-directories of 1Mb or more:
     doc 2.8Mb
     libs 1.3Mb
Flavors: r-devel-linux-x86_64-debian-gcc, r-devel-linux-x86_64-fedora-clang, r-devel-linux-x86_64-fedora-gcc, r-devel-windows-ix86+x86_64, r-patched-linux-x86_64, r-patched-solaris-x86, r-release-linux-x86_64, r-release-windows-ix86+x86_64, r-oldrel-windows-ix86+x86_64