CRAN Package Check Results for Package mclust

Last updated on 2016-09-28 19:48:22.

Flavor Version Tinstall Tcheck Ttotal Status Flags
r-devel-linux-x86_64-debian-clang 5.2 23.83 193.15 216.99 NOTE
r-devel-linux-x86_64-debian-gcc 5.2 24.85 191.63 216.48 NOTE
r-devel-linux-x86_64-fedora-clang 5.2 368.56 NOTE
r-devel-linux-x86_64-fedora-gcc 5.2 354.97 NOTE
r-devel-macos-x86_64-clang 5.2 218.26 OK
r-devel-windows-ix86+x86_64 5.2 69.00 405.00 474.00 NOTE
r-patched-linux-x86_64 5.2 21.78 191.89 213.67 NOTE
r-patched-solaris-sparc 5.2 2200.30 OK
r-patched-solaris-x86 5.2 402.60 NOTE
r-release-linux-x86_64 5.2 22.67 194.42 217.10 NOTE
r-release-osx-x86_64-mavericks 5.2 OK
r-release-windows-ix86+x86_64 5.2 70.00 329.00 399.00 NOTE
r-oldrel-windows-ix86+x86_64 5.2 65.00 402.00 467.00 NOTE

Check Details

Version: 5.2
Check: installed package size
Result: NOTE
     installed size is 5.4Mb
     sub-directories of 1Mb or more:
     doc 2.8Mb
     libs 1.3Mb
Flavors: r-devel-linux-x86_64-debian-clang, r-devel-linux-x86_64-debian-gcc, r-devel-linux-x86_64-fedora-clang, r-devel-linux-x86_64-fedora-gcc, r-devel-windows-ix86+x86_64, r-patched-linux-x86_64, r-patched-solaris-x86, r-release-linux-x86_64, r-release-windows-ix86+x86_64, r-oldrel-windows-ix86+x86_64