CRAN Package Check Results for Package mclust

Last updated on 2017-02-27 16:47:56.

Flavor Version Tinstall Tcheck Ttotal Status Flags
r-devel-linux-x86_64-debian-clang 5.2.2 24.44 147.58 172.02 NOTE
r-devel-linux-x86_64-debian-gcc 5.2.2 24.53 148.65 173.18 NOTE
r-devel-linux-x86_64-fedora-clang 5.2.2 375.72 NOTE --no-stop-on-test-error
r-devel-linux-x86_64-fedora-gcc 5.2.2 365.46 NOTE --no-stop-on-test-error
r-devel-macos-x86_64-clang 5.2.2 224.72 NOTE --no-stop-on-test-error
r-devel-windows-ix86+x86_64 5.2.2 70.00 466.00 536.00 NOTE
r-patched-linux-x86_64 5.2.2 22.72 146.48 169.20 OK
r-patched-solaris-sparc 5.2.2 2111.30 OK
r-patched-solaris-x86 5.2.2 400.90 NOTE
r-release-linux-x86_64 5.2.2 22.45 150.03 172.48 OK
r-release-osx-x86_64-mavericks 5.2.2 OK
r-release-windows-ix86+x86_64 5.2.2 86.00 328.00 414.00 NOTE
r-oldrel-windows-ix86+x86_64 5.2.2 65.00 491.00 556.00 NOTE

Check Details

Version: 5.2.2
Check: compiled code
Result: NOTE
    File ‘mclust/libs/mclust.so’:
     Found no calls to: ‘R_registerRoutines’, ‘R_useDynamicSymbols’
    
    It is good practice to register native routines and to disable symbol
    search.
    
    See ‘Writing portable packages’ in the ‘Writing R Extensions’ manual.
Flavors: r-devel-linux-x86_64-debian-clang, r-devel-linux-x86_64-debian-gcc

Version: 5.2.2
Flags: --no-stop-on-test-error
Check: installed package size
Result: NOTE
     installed size is 5.2Mb
     sub-directories of 1Mb or more:
     doc 2.8Mb
Flavors: r-devel-linux-x86_64-fedora-clang, r-devel-linux-x86_64-fedora-gcc

Version: 5.2.2
Flags: --no-stop-on-test-error
Check: compiled code
Result: NOTE
    File ‘mclust/libs/mclust.so’:
     Found no calls to: ‘R_registerRoutines’, ‘R_useDynamicSymbols’
    
    It is good practice to register native routines and to disable symbol
    search.
    
    See ‘Writing portable packages’ in the ‘Writing R Extensions’ manual.
Flavors: r-devel-linux-x86_64-fedora-clang, r-devel-linux-x86_64-fedora-gcc, r-devel-macos-x86_64-clang

Version: 5.2.2
Check: installed package size
Result: NOTE
     installed size is 5.8Mb
     sub-directories of 1Mb or more:
     doc 2.8Mb
     libs 1.5Mb
Flavors: r-devel-windows-ix86+x86_64, r-patched-solaris-x86, r-release-windows-ix86+x86_64, r-oldrel-windows-ix86+x86_64