CRAN Package Check Results for Package mclust

Last updated on 2017-07-20 18:46:58.

Flavor Version Tinstall Tcheck Ttotal Status Flags
r-devel-linux-x86_64-debian-clang 5.3 25.69 163.66 189.35 OK
r-devel-linux-x86_64-debian-gcc 5.3 27.06 160.09 187.15 OK
r-devel-linux-x86_64-fedora-clang 5.3 368.64 NOTE
r-devel-linux-x86_64-fedora-gcc 5.3 359.89 NOTE
r-devel-windows-ix86+x86_64 5.3 94.00 358.00 452.00 NOTE
r-patched-linux-x86_64 5.3 24.94 162.57 187.51 OK
r-patched-solaris-x86 5.3 396.60 NOTE
r-release-linux-x86_64 5.3 25.26 161.51 186.77 OK
r-release-windows-ix86+x86_64 5.3 61.00 341.00 402.00 NOTE
r-release-osx-x86_64 5.3 NOTE
r-oldrel-windows-ix86+x86_64 5.3 74.00 393.00 467.00 NOTE
r-oldrel-osx-x86_64 5.3 NOTE

Check Details

Version: 5.3
Check: installed package size
Result: NOTE
     installed size is 5.3Mb
     sub-directories of 1Mb or more:
     doc 2.9Mb
Flavors: r-devel-linux-x86_64-fedora-clang, r-devel-linux-x86_64-fedora-gcc, r-devel-windows-ix86+x86_64, r-patched-solaris-x86, r-release-windows-ix86+x86_64, r-release-osx-x86_64, r-oldrel-windows-ix86+x86_64, r-oldrel-osx-x86_64