CRAN Package Check Results for Package mclust

Last updated on 2016-07-22 19:48:57.

Flavor Version Tinstall Tcheck Ttotal Status Flags
r-devel-linux-x86_64-debian-clang 5.2 25.18 215.05 240.23 NOTE
r-devel-linux-x86_64-debian-gcc 5.2 25.21 209.30 234.51 NOTE
r-devel-linux-x86_64-fedora-clang 5.2 308.64 NOTE
r-devel-linux-x86_64-fedora-gcc 5.2 299.30 NOTE
r-devel-osx-x86_64-clang 5.2 222.73 OK
r-devel-windows-ix86+x86_64 5.2 57.00 391.00 448.00 NOTE
r-patched-linux-x86_64 5.2 24.04 203.63 227.67 NOTE
r-patched-solaris-sparc 5.2 2200.30 OK
r-patched-solaris-x86 5.2 406.90 NOTE
r-release-linux-x86_64 5.2 25.23 211.89 237.13 NOTE
r-release-osx-x86_64-mavericks 5.2 OK
r-release-windows-ix86+x86_64 5.2 71.00 338.00 409.00 NOTE
r-oldrel-windows-ix86+x86_64 5.2 51.00 348.00 399.00 NOTE

Check Details

Version: 5.2
Check: installed package size
Result: NOTE
     installed size is 5.4Mb
     sub-directories of 1Mb or more:
     doc 2.8Mb
     libs 1.3Mb
Flavors: r-devel-linux-x86_64-debian-clang, r-devel-linux-x86_64-debian-gcc, r-devel-linux-x86_64-fedora-clang, r-devel-linux-x86_64-fedora-gcc, r-devel-windows-ix86+x86_64, r-patched-linux-x86_64, r-patched-solaris-x86, r-release-linux-x86_64, r-release-windows-ix86+x86_64, r-oldrel-windows-ix86+x86_64