CRAN Package Check Results for Package mclust

Last updated on 2018-04-25 18:47:07 CEST.

Flavor Version Tinstall Tcheck Ttotal Status Flags
r-devel-linux-x86_64-debian-clang 5.4 32.36 225.45 257.81 OK
r-devel-linux-x86_64-debian-gcc 5.4 29.05 158.09 187.14 OK
r-devel-linux-x86_64-fedora-clang 5.4 310.04 NOTE
r-devel-linux-x86_64-fedora-gcc 5.4 304.42 NOTE
r-devel-windows-ix86+x86_64 5.4 93.00 332.00 425.00 NOTE
r-patched-linux-x86_64 5.4 34.04 219.15 253.19 OK
r-patched-solaris-x86 5.4 417.50 NOTE
r-release-linux-x86_64 5.4 33.39 220.10 253.49 OK
r-release-windows-ix86+x86_64 5.4 93.00 332.00 425.00 NOTE
r-release-osx-x86_64 5.4 NOTE
r-oldrel-windows-ix86+x86_64 5.4 78.00 325.00 403.00 NOTE
r-oldrel-osx-x86_64 5.4 NOTE

Check Details

Version: 5.4
Check: installed package size
Result: NOTE
     installed size is 5.2Mb
     sub-directories of 1Mb or more:
     doc 2.7Mb
Flavors: r-devel-linux-x86_64-fedora-clang, r-devel-linux-x86_64-fedora-gcc, r-devel-windows-ix86+x86_64, r-patched-solaris-x86, r-release-windows-ix86+x86_64, r-release-osx-x86_64, r-oldrel-windows-ix86+x86_64, r-oldrel-osx-x86_64