CRAN Package Check Results for Package mclust

Last updated on 2018-06-20 18:47:03 CEST.

Flavor Version Tinstall Tcheck Ttotal Status Flags
r-devel-linux-x86_64-debian-clang 5.4 32.26 223.34 255.60 OK
r-devel-linux-x86_64-debian-gcc 5.4 28.64 159.48 188.12 OK
r-devel-linux-x86_64-fedora-clang 5.4 308.77 NOTE
r-devel-linux-x86_64-fedora-gcc 5.4 297.75 OK
r-devel-windows-ix86+x86_64 5.4 92.00 402.00 494.00 NOTE
r-patched-linux-x86_64 5.4 28.83 219.20 248.03 OK
r-patched-solaris-x86 5.4 409.40 NOTE
r-release-linux-x86_64 5.4 28.64 219.77 248.41 OK
r-release-windows-ix86+x86_64 5.4 63.00 417.00 480.00 NOTE
r-release-osx-x86_64 5.4 NOTE
r-oldrel-windows-ix86+x86_64 5.4 74.00 304.00 378.00 NOTE
r-oldrel-osx-x86_64 5.4 NOTE

Check Details

Version: 5.4
Check: installed package size
Result: NOTE
     installed size is 5.2Mb
     sub-directories of 1Mb or more:
     doc 2.7Mb
Flavors: r-devel-linux-x86_64-fedora-clang, r-devel-windows-ix86+x86_64, r-patched-solaris-x86, r-release-windows-ix86+x86_64, r-release-osx-x86_64, r-oldrel-windows-ix86+x86_64, r-oldrel-osx-x86_64