CRAN Package Check Results for Package mclust

Last updated on 2016-06-26 16:46:47.

Flavor Version Tinstall Tcheck Ttotal Status Flags
r-devel-linux-x86_64-debian-gcc 5.2 22.91 146.96 169.87 NOTE
r-devel-linux-x86_64-fedora-clang 5.2 311.05 NOTE
r-devel-linux-x86_64-fedora-gcc 5.2 295.04 NOTE
r-devel-osx-x86_64-clang 5.2 224.66 OK
r-devel-windows-ix86+x86_64 5.2 70.00 395.00 465.00 NOTE
r-patched-linux-x86_64 5.2 22.54 147.76 170.30 NOTE
r-patched-solaris-sparc 5.2 2200.30 OK
r-patched-solaris-x86 5.2 405.70 NOTE
r-release-linux-x86_64 5.2 22.64 148.77 171.41 NOTE
r-release-osx-x86_64-mavericks 5.2 OK
r-release-windows-ix86+x86_64 5.2 49.00 322.00 371.00 NOTE
r-oldrel-windows-ix86+x86_64 5.2 66.00 408.00 474.00 NOTE

Check Details

Version: 5.2
Check: installed package size
Result: NOTE
     installed size is 5.4Mb
     sub-directories of 1Mb or more:
     doc 2.8Mb
     libs 1.3Mb
Flavors: r-devel-linux-x86_64-debian-gcc, r-devel-linux-x86_64-fedora-clang, r-devel-linux-x86_64-fedora-gcc, r-devel-windows-ix86+x86_64, r-patched-linux-x86_64, r-patched-solaris-x86, r-release-linux-x86_64, r-release-windows-ix86+x86_64, r-oldrel-windows-ix86+x86_64