CRAN Package Check Results for Package mclust

Last updated on 2015-07-02 17:47:25.

Flavor Version Tinstall Tcheck Ttotal Status Flags
r-devel-linux-x86_64-debian-clang 5.0.1 21.37 153.14 174.51 NOTE
r-devel-linux-x86_64-debian-gcc 5.0.1 21.16 153.05 174.21 NOTE
r-devel-linux-x86_64-fedora-clang 5.0.1 325.86 NOTE
r-devel-linux-x86_64-fedora-gcc 5.0.1 316.12 NOTE
r-devel-osx-x86_64-clang 5.0.1 272.60 OK
r-devel-windows-ix86+x86_64 5.0.1 49.00 341.00 390.00 NOTE
r-patched-linux-x86_64 5.0.1 21.39 151.52 172.91 NOTE
r-patched-solaris-sparc 5.0.1 2349.70 OK
r-patched-solaris-x86 5.0.1 435.70 NOTE
r-release-linux-x86_64 5.0.1 21.67 162.99 184.66 NOTE
r-release-osx-x86_64-mavericks 5.0.1 OK
r-release-windows-ix86+x86_64 5.0.1 50.00 381.00 431.00 NOTE
r-oldrel-windows-ix86+x86_64 5.0.1 53.00 347.00 400.00 NOTE

Check Details

Version: 5.0.1
Check: installed package size
Result: NOTE
     installed size is 5.2Mb
     sub-directories of 1Mb or more:
     doc 2.8Mb
     libs 1.2Mb
Flavors: r-devel-linux-x86_64-debian-clang, r-devel-linux-x86_64-debian-gcc, r-devel-linux-x86_64-fedora-clang, r-devel-linux-x86_64-fedora-gcc, r-devel-windows-ix86+x86_64, r-patched-linux-x86_64, r-patched-solaris-x86, r-release-linux-x86_64, r-release-windows-ix86+x86_64, r-oldrel-windows-ix86+x86_64

Version: 5.0.1
Check: R code for possible problems
Result: NOTE
    clPairs: no visible global function definition for ‘pairs’
    coordProj: no visible global function definition for ‘par’
    coordProj: no visible global function definition for ‘plot’
    coordProj: no visible global function definition for ‘title’
    coordProj: no visible global function definition for ‘points’
    densityMclust.diagnostic: no visible global function definition for
     ‘par’
    densityMclust.diagnostic: no visible global function definition for
     ‘plot’
    densityMclust.diagnostic: no visible global function definition for
     ‘title’
    densityMclust.diagnostic: no visible global function definition for
     ‘lines’
    densityMclust.diagnostic: no visible global function definition for
     ‘rug’
    entPlot: no visible global function definition for ‘par’
    entPlot: no visible global function definition for ‘plot’
    entPlot: no visible global function definition for ‘lines’
    entPlot: no visible global function definition for ‘title’
    imputePairs: no visible binding for global variable ‘points’
    imputePairs : textPanel: no visible global function definition for
     ‘text’
    imputePairs : localAxis: no visible global function definition for
     ‘Axis’
    imputePairs : localPlot: no visible global function definition for
     ‘plot’
    imputePairs: no visible global function definition for ‘par’
    imputePairs: no visible global function definition for ‘box’
    imputePairs: no visible global function definition for ‘strwidth’
    imputePairs: no visible global function definition for ‘mtext’
    mclust1Dplot: no visible global function definition for ‘plot’
    mclust1Dplot: no visible global function definition for ‘axis’
    mclust1Dplot: no visible global function definition for ‘title’
    mclust1Dplot: no visible global function definition for ‘points’
    mclust2Dplot: no visible global function definition for ‘par’
    mclust2Dplot: no visible global function definition for ‘plot’
    mclust2Dplot: no visible global function definition for ‘title’
    mclust2Dplot: no visible global function definition for ‘points’
    mvn2plot: no visible global function definition for ‘plot’
    mvn2plot: no visible global function definition for ‘lines’
    mvn2plot: no visible global function definition for ‘points’
    plot.Mclust: no visible global function definition for ‘par’
    plot.Mclust : plot.Mclust.classification: no visible global function
     definition for ‘par’
    plot.Mclust : plot.Mclust.classification: no visible global function
     definition for ‘plot’
    plot.Mclust : plot.Mclust.classification: no visible global function
     definition for ‘text’
    plot.Mclust : plot.Mclust.classification: no visible global function
     definition for ‘box’
    plot.Mclust : plot.Mclust.classification: no visible global function
     definition for ‘axis’
    plot.Mclust : plot.Mclust.uncertainty: no visible global function
     definition for ‘par’
    plot.Mclust : plot.Mclust.uncertainty: no visible global function
     definition for ‘plot’
    plot.Mclust : plot.Mclust.uncertainty: no visible global function
     definition for ‘text’
    plot.Mclust : plot.Mclust.uncertainty: no visible global function
     definition for ‘box’
    plot.Mclust : plot.Mclust.uncertainty: no visible global function
     definition for ‘axis’
    plot.MclustDA: no visible global function definition for ‘par’
    plot.MclustDA : plot.MclustDA.scatterplot: no visible global function
     definition for ‘matplot’
    plot.MclustDA : plot.MclustDA.scatterplot: no visible global function
     definition for ‘Axis’
    plot.MclustDA : plot.MclustDA.scatterplot : scatellipses: no visible
     global function definition for ‘plot’
    plot.MclustDA : plot.MclustDA.scatterplot : scatellipses: no visible
     global function definition for ‘points’
    plot.MclustDA : plot.MclustDA.scatterplot: no visible global function
     definition for ‘plot’
    plot.MclustDA : plot.MclustDA.scatterplot: no visible global function
     definition for ‘text’
    plot.MclustDA : plot.MclustDA.scatterplot: no visible global function
     definition for ‘box’
    plot.MclustDA : plot.MclustDA.scatterplot: no visible global function
     definition for ‘axis’
    plot.MclustDA : plot.MclustDA.classification: no visible global
     function definition for ‘par’
    plot.MclustDR: no visible global function definition for ‘gray’
    plot.MclustDR: no visible global function definition for ‘grey’
    plot.MclustDR: no visible global function definition for ‘par’
    plot.MclustDR : plot.MclustDR.scatterplot: no visible global function
     definition for ‘plot’
    plot.MclustDR : plot.MclustDR.pairs: no visible global function
     definition for ‘pairs’
    plot.MclustDR : plot.MclustDR.density: no visible global function
     definition for ‘layout’
    plot.MclustDR : plot.MclustDR.density: no visible global function
     definition for ‘plot’
    plot.MclustDR : plot.MclustDR.density: no visible global function
     definition for ‘lines’
    plot.MclustDR : plot.MclustDR.density: no visible global function
     definition for ‘boxplot’
    plot.MclustDR : plot.MclustDR.density: no visible global function
     definition for ‘adjustcolor’
    plot.MclustDR : plot.MclustDR.density: no visible global function
     definition for ‘axis’
    plot.MclustDR : plot.MclustDR.contour: no visible global function
     definition for ‘plot’
    plot.MclustDR : plot.MclustDR.contour: no visible global function
     definition for ‘points’
    plot.MclustDR : plot.MclustDR.classification.Mclust: no visible global
     function definition for ‘image’
    plot.MclustDR : plot.MclustDR.classification.Mclust: no visible global
     function definition for ‘adjustcolor’
    plot.MclustDR : plot.MclustDR.classification.Mclust: no visible global
     function definition for ‘contour’
    plot.MclustDR : plot.MclustDR.classification.Mclust: no visible global
     function definition for ‘points’
    plot.MclustDR : plot.MclustDR.classification.MclustDA: no visible
     global function definition for ‘image’
    plot.MclustDR : plot.MclustDR.classification.MclustDA: no visible
     global function definition for ‘adjustcolor’
    plot.MclustDR : plot.MclustDR.classification.MclustDA: no visible
     global function definition for ‘contour’
    plot.MclustDR : plot.MclustDR.classification.MclustDA: no visible
     global function definition for ‘points’
    plot.MclustDR : plot.MclustDR.boundaries.Mclust: no visible global
     function definition for ‘image’
    plot.MclustDR : plot.MclustDR.boundaries.Mclust: no visible global
     function definition for ‘gray.colors’
    plot.MclustDR : plot.MclustDR.boundaries.Mclust: no visible global
     function definition for ‘points’
    plot.MclustDR : plot.MclustDR.boundaries.MclustDA: no visible global
     function definition for ‘gray.colors’
    plot.MclustDR : plot.MclustDR.boundaries.MclustDA: no visible global
     function definition for ‘image’
    plot.MclustDR : plot.MclustDR.boundaries.MclustDA: no visible global
     function definition for ‘points’
    plot.clustCombi: no visible global function definition for ‘par’
    plot.clustCombi: no visible global function definition for ‘title’
    plot.densityMclust: no visible global function definition for ‘par’
    plot.mclustBIC: no visible global function definition for ‘matplot’
    plot.mclustBIC: no visible global function definition for ‘axis’
    plot.mclustBootstrapLRT: no visible global function definition for
     ‘hist’
    plot.mclustBootstrapLRT: no visible global function definition for
     ‘plot’
    plot.mclustBootstrapLRT: no visible global function definition for
     ‘abline’
    plot.mclustBootstrapLRT: no visible global function definition for
     ‘title’
    plotDensityMclust1: no visible global function definition for ‘hist’
    plotDensityMclust1: no visible global function definition for ‘plot’
    plotDensityMclust2: no visible global function definition for ‘grey’
    plotDensityMclust2: no visible global function definition for ‘points’
    plotDensityMclustd: no visible global function definition for ‘grey’
    plotDensityMclustd: no visible global function definition for ‘plot’
    plotDensityMclustd: no visible global function definition for ‘text’
    plotDensityMclustd: no visible global function definition for ‘box’
    plotDensityMclustd: no visible global function definition for ‘points’
    plotDensityMclustd: no visible global function definition for ‘axis’
    plotEvalues.MclustDR: no visible global function definition for
     ‘abline’
    plotEvalues.MclustDR: no visible global function definition for
     ‘axTicks’
    plotEvalues.MclustDR: no visible global function definition for ‘axis’
    plotEvalues.MclustDR: no visible global function definition for ‘lines’
    randProj: no visible global function definition for ‘par’
    randProj: no visible global function definition for ‘plot’
    randProj: no visible global function definition for ‘points’
    randProj: no visible global function definition for ‘title’
    surfacePlot: no visible global function definition for ‘grey’
    surfacePlot: no visible global function definition for ‘par’
    surfacePlot: no visible global function definition for ‘contour’
    surfacePlot: no visible binding for global variable ‘adjustcolor’
    surfacePlot: no visible global function definition for ‘image’
    surfacePlot: no visible global function definition for ‘title’
    uncerPlot: no visible global function definition for ‘par’
    uncerPlot: no visible global function definition for ‘plot’
    uncerPlot: no visible global function definition for ‘points’
    uncerPlot: no visible global function definition for ‘lines’
    uncerPlot: no visible global function definition for ‘abline’
Flavors: r-devel-linux-x86_64-debian-clang, r-devel-linux-x86_64-debian-gcc, r-devel-windows-ix86+x86_64

Version: 5.0.1
Check: R code for possible problems
Result: NOTE
    clPairs: no visible global function definition for ‘pairs’
    coordProj: no visible global function definition for ‘par’
    coordProj: no visible global function definition for ‘plot’
    coordProj: no visible global function definition for ‘title’
    coordProj: no visible global function definition for ‘points’
    densityMclust.diagnostic: no visible global function definition for
     ‘par’
    densityMclust.diagnostic: no visible global function definition for
     ‘plot’
    densityMclust.diagnostic: no visible global function definition for
     ‘title’
    densityMclust.diagnostic: no visible global function definition for
     ‘lines’
    densityMclust.diagnostic: no visible global function definition for
     ‘rug’
    entPlot: no visible global function definition for ‘par’
    entPlot: no visible global function definition for ‘plot’
    entPlot: no visible global function definition for ‘lines’
    entPlot: no visible global function definition for ‘title’
    imputePairs: no visible binding for global variable ‘points’
    imputePairs : textPanel: no visible global function definition for
     ‘text’
    imputePairs : localAxis: no visible global function definition for
     ‘Axis’
    imputePairs : localPlot: no visible global function definition for
     ‘plot’
    imputePairs: no visible global function definition for ‘par’
    imputePairs: no visible global function definition for ‘box’
    imputePairs: no visible global function definition for ‘strwidth’
    imputePairs: no visible global function definition for ‘mtext’
    mclust1Dplot: no visible global function definition for ‘plot’
    mclust1Dplot: no visible global function definition for ‘axis’
    mclust1Dplot: no visible global function definition for ‘title’
    mclust1Dplot: no visible global function definition for ‘points’
    mclust2Dplot: no visible global function definition for ‘par’
    mclust2Dplot: no visible global function definition for ‘plot’
    mclust2Dplot: no visible global function definition for ‘title’
    mclust2Dplot: no visible global function definition for ‘points’
    mvn2plot: no visible global function definition for ‘plot’
    mvn2plot: no visible global function definition for ‘lines’
    mvn2plot: no visible global function definition for ‘points’
    plot.Mclust: no visible global function definition for ‘par’
    plot.Mclust : plot.Mclust.classification: no visible global function
     definition for ‘par’
    plot.Mclust : plot.Mclust.classification: no visible global function
     definition for ‘plot’
    plot.Mclust : plot.Mclust.classification: no visible global function
     definition for ‘text’
    plot.Mclust : plot.Mclust.classification: no visible global function
     definition for ‘box’
    plot.Mclust : plot.Mclust.classification: no visible global function
     definition for ‘axis’
    plot.Mclust : plot.Mclust.uncertainty: no visible global function
     definition for ‘par’
    plot.Mclust : plot.Mclust.uncertainty: no visible global function
     definition for ‘plot’
    plot.Mclust : plot.Mclust.uncertainty: no visible global function
     definition for ‘text’
    plot.Mclust : plot.Mclust.uncertainty: no visible global function
     definition for ‘box’
    plot.Mclust : plot.Mclust.uncertainty: no visible global function
     definition for ‘axis’
    plot.MclustDA: no visible global function definition for ‘par’
    plot.MclustDA : plot.MclustDA.scatterplot: no visible global function
     definition for ‘matplot’
    plot.MclustDA : plot.MclustDA.scatterplot: no visible global function
     definition for ‘Axis’
    plot.MclustDA : plot.MclustDA.scatterplot : scatellipses: no visible
     global function definition for ‘plot’
    plot.MclustDA : plot.MclustDA.scatterplot : scatellipses: no visible
     global function definition for ‘points’
    plot.MclustDA : plot.MclustDA.scatterplot: no visible global function
     definition for ‘plot’
    plot.MclustDA : plot.MclustDA.scatterplot: no visible global function
     definition for ‘text’
    plot.MclustDA : plot.MclustDA.scatterplot: no visible global function
     definition for ‘box’
    plot.MclustDA : plot.MclustDA.scatterplot: no visible global function
     definition for ‘axis’
    plot.MclustDA : plot.MclustDA.classification: no visible global
     function definition for ‘par’
    plot.MclustDR: no visible global function definition for ‘gray’
    plot.MclustDR: no visible global function definition for ‘grey’
    plot.MclustDR: no visible global function definition for ‘par’
    plot.MclustDR : plot.MclustDR.scatterplot: no visible global function
     definition for ‘plot’
    plot.MclustDR : plot.MclustDR.pairs: no visible global function
     definition for ‘pairs’
    plot.MclustDR : plot.MclustDR.density: no visible global function
     definition for ‘layout’
    plot.MclustDR : plot.MclustDR.density: no visible global function
     definition for ‘plot’
    plot.MclustDR : plot.MclustDR.density: no visible global function
     definition for ‘lines’
    plot.MclustDR : plot.MclustDR.density: no visible global function
     definition for ‘boxplot’
    plot.MclustDR : plot.MclustDR.density: no visible global function
     definition for ‘adjustcolor’
    plot.MclustDR : plot.MclustDR.density: no visible global function
     definition for ‘axis’
    plot.MclustDR : plot.MclustDR.contour: no visible global function
     definition for ‘plot’
    plot.MclustDR : plot.MclustDR.contour: no visible global function
     definition for ‘points’
    plot.MclustDR : plot.MclustDR.classification.Mclust: no visible global
     function definition for ‘image’
    plot.MclustDR : plot.MclustDR.classification.Mclust: no visible global
     function definition for ‘adjustcolor’
    plot.MclustDR : plot.MclustDR.classification.Mclust: no visible global
     function definition for ‘contour’
    plot.MclustDR : plot.MclustDR.classification.Mclust: no visible global
     function definition for ‘points’
    plot.MclustDR : plot.MclustDR.classification.MclustDA: no visible
     global function definition for ‘image’
    plot.MclustDR : plot.MclustDR.classification.MclustDA: no visible
     global function definition for ‘adjustcolor’
    plot.MclustDR : plot.MclustDR.classification.MclustDA: no visible
     global function definition for ‘contour’
    plot.MclustDR : plot.MclustDR.classification.MclustDA: no visible
     global function definition for ‘points’
    plot.MclustDR : plot.MclustDR.boundaries.Mclust: no visible global
     function definition for ‘image’
    plot.MclustDR : plot.MclustDR.boundaries.Mclust: no visible global
     function definition for ‘gray.colors’
    plot.MclustDR : plot.MclustDR.boundaries.Mclust: no visible global
     function definition for ‘points’
    plot.MclustDR : plot.MclustDR.boundaries.MclustDA: no visible global
     function definition for ‘gray.colors’
    plot.MclustDR : plot.MclustDR.boundaries.MclustDA: no visible global
     function definition for ‘image’
    plot.MclustDR : plot.MclustDR.boundaries.MclustDA: no visible global
     function definition for ‘points’
    plot.clustCombi: no visible global function definition for ‘par’
    plot.clustCombi: no visible global function definition for ‘title’
    plot.densityMclust: no visible global function definition for ‘par’
    plot.mclustBIC: no visible global function definition for ‘matplot’
    plot.mclustBIC: no visible global function definition for ‘axis’
    plot.mclustBootstrapLRT: no visible global function definition for
     ‘hist’
    plot.mclustBootstrapLRT: no visible global function definition for
     ‘plot’
    plot.mclustBootstrapLRT: no visible global function definition for
     ‘abline’
    plot.mclustBootstrapLRT: no visible global function definition for
     ‘title’
    plotDensityMclust1: no visible global function definition for ‘hist’
    plotDensityMclust1: no visible global function definition for ‘plot’
    plotDensityMclust2: no visible global function definition for ‘grey’
    plotDensityMclust2: no visible global function definition for ‘points’
    plotDensityMclustd: no visible global function definition for ‘grey’
    plotDensityMclustd: no visible global function definition for ‘plot’
    plotDensityMclustd: no visible global function definition for ‘text’
    plotDensityMclustd: no visible global function definition for ‘box’
    plotDensityMclustd: no visible global function definition for ‘points’
    plotDensityMclustd: no visible global function definition for ‘axis’
    plotEvalues.MclustDR: no visible global function definition for
     ‘abline’
    plotEvalues.MclustDR: no visible global function definition for
     ‘axTicks’
    plotEvalues.MclustDR: no visible global function definition for ‘axis’
    plotEvalues.MclustDR: no visible global function definition for ‘lines’
    randProj: no visible global function definition for ‘par’
    randProj: no visible global function definition for ‘plot’
    randProj: no visible global function definition for ‘points’
    randProj: no visible global function definition for ‘title’
    surfacePlot: no visible global function definition for ‘grey’
    surfacePlot: no visible global function definition for ‘par’
    surfacePlot: no visible global function definition for ‘contour’
    surfacePlot: no visible binding for global variable ‘adjustcolor’
    surfacePlot: no visible global function definition for ‘image’
    surfacePlot: no visible global function definition for ‘title’
    uncerPlot: no visible global function definition for ‘par’
    uncerPlot: no visible global function definition for ‘plot’
    uncerPlot: no visible global function definition for ‘points’
    uncerPlot: no visible global function definition for ‘lines’
    uncerPlot: no visible global function definition for ‘abline’
    Undefined global functions or variables:
     Axis abline adjustcolor axTicks axis box boxplot contour gray
     gray.colors grey hist image layout lines matplot mtext pairs par plot
     points rug strwidth text title
Flavors: r-devel-linux-x86_64-fedora-clang, r-devel-linux-x86_64-fedora-gcc