CRAN Package Check Results for Package mclust

Last updated on 2017-09-25 18:47:14.

Flavor Version Tinstall Tcheck Ttotal Status Flags
r-devel-linux-x86_64-debian-clang 5.3 22.67 148.05 170.72 OK
r-devel-linux-x86_64-debian-gcc 5.3 23.09 145.89 168.98 OK
r-devel-linux-x86_64-fedora-clang 5.3 311.16 NOTE
r-devel-linux-x86_64-fedora-gcc 5.3 316.86 NOTE
r-devel-windows-ix86+x86_64 5.3 86.00 326.00 412.00 NOTE
r-patched-linux-x86_64 5.3 22.74 144.05 166.79 OK
r-patched-solaris-x86 5.3 399.60 NOTE
r-release-linux-x86_64 5.3 22.51 146.76 169.27 OK
r-release-windows-ix86+x86_64 5.3 59.00 348.00 407.00 NOTE
r-release-osx-x86_64 5.3 NOTE
r-oldrel-windows-ix86+x86_64 5.3 75.00 339.00 414.00 NOTE
r-oldrel-osx-x86_64 5.3 NOTE

Check Details

Version: 5.3
Check: installed package size
Result: NOTE
     installed size is 5.3Mb
     sub-directories of 1Mb or more:
     doc 2.9Mb
Flavors: r-devel-linux-x86_64-fedora-clang, r-devel-linux-x86_64-fedora-gcc, r-devel-windows-ix86+x86_64, r-patched-solaris-x86, r-release-windows-ix86+x86_64, r-release-osx-x86_64, r-oldrel-windows-ix86+x86_64, r-oldrel-osx-x86_64