CRAN Package Check Results for Package mclust

Last updated on 2014-09-16 17:46:49.

Flavor Version Tinstall Tcheck Ttotal Status Flags
r-devel-linux-x86_64-debian-clang 4.3 22.90 101.75 124.65 NOTE
r-devel-linux-x86_64-debian-gcc 4.3 18.63 100.72 119.35 NOTE
r-devel-linux-x86_64-fedora-clang 4.4 120.69 OK
r-devel-linux-x86_64-fedora-gcc 4.4 117.84 OK
r-devel-osx-x86_64-clang 4.4 107.39 OK
r-devel-windows-ix86+x86_64 4.3 37.00 215.00 252.00 NOTE
r-patched-linux-x86_64 4.3 18.38 96.56 114.94 OK
r-patched-solaris-sparc 4.4 1343.30 OK
r-patched-solaris-x86 4.4 251.00 OK
r-release-linux-ix86 4.3 23.62 130.74 154.36 OK
r-release-linux-x86_64 4.3 18.90 104.24 123.13 OK
r-release-osx-x86_64-mavericks 4.3 OK
r-release-osx-x86_64-snowleopard 4.3 OK
r-release-windows-ix86+x86_64 4.3 49.00 216.00 265.00 OK
r-oldrel-windows-ix86+x86_64 4.3 48.00 280.00 328.00 OK

Check Details

Version: 4.3
Check: R code for possible problems
Result: NOTE
    imputeData: no visible global function definition for ‘prelim.mix’
    imputeData: no visible global function definition for ‘rngseed’
    imputeData: no visible global function definition for ‘em.mix’
    imputeData: no visible global function definition for ‘da.mix’
    imputeData: no visible global function definition for ‘imp.mix’
Flavors: r-devel-linux-x86_64-debian-clang, r-devel-linux-x86_64-debian-gcc, r-devel-windows-ix86+x86_64