CRAN Package Check Results for Package mclust

Last updated on 2015-04-18 17:50:52.

Flavor Version Tinstall Tcheck Ttotal Status Flags
r-devel-linux-x86_64-debian-clang 5.0.0 21.65 192.62 214.27 NOTE
r-devel-linux-x86_64-debian-gcc 5.0.0 21.76 179.31 201.07 NOTE
r-devel-linux-x86_64-fedora-clang 5.0.0 388.61 NOTE
r-devel-linux-x86_64-fedora-gcc 5.0.0 378.22 NOTE
r-devel-osx-x86_64-clang 5.0.0 281.50 OK
r-patched-linux-x86_64 4.4 17.45 94.79 112.24 NOTE
r-patched-solaris-sparc 5.0.0 2584.30 OK
r-patched-solaris-x86 5.0.0 519.40 NOTE
r-release-linux-x86_64 5.0.0 24.04 180.96 205.00 NOTE
r-release-osx-x86_64-mavericks 5.0.0 OK
r-release-osx-x86_64-snowleopard 5.0.0 ERROR
r-release-windows-ix86+x86_64 5.0.0 46.00 465.00 511.00 NOTE
r-oldrel-windows-ix86+x86_64 5.0.0 56.00 481.00 537.00 NOTE

Check Details

Version: 5.0.0
Check: installed package size
Result: NOTE
     installed size is 5.3Mb
     sub-directories of 1Mb or more:
     doc 2.8Mb
     libs 1.2Mb
Flavors: r-devel-linux-x86_64-debian-clang, r-devel-linux-x86_64-debian-gcc, r-devel-linux-x86_64-fedora-clang, r-devel-linux-x86_64-fedora-gcc, r-patched-solaris-x86, r-release-linux-x86_64, r-release-windows-ix86+x86_64, r-oldrel-windows-ix86+x86_64

Version: 4.4
Check: S3 generic/method consistency
Result: NOTE
    Found the following apparent S3 methods exported but not registered:
     logLik.Mclust logLik.MclustDA predict.Mclust predict.densityMclust
    See section ‘Registering S3 methods’ in the ‘Writing R Extensions’
    manual.
Flavor: r-patched-linux-x86_64

Version: 5.0.0
Check: package dependencies
Result: ERROR
    Package suggested but not available for checking: ‘knitr’
    
    VignetteBuilder package required for checking but installed: ‘knitr’
    
    See section ‘The DESCRIPTION file’ in the ‘Writing R Extensions’
    manual.
Flavor: r-release-osx-x86_64-snowleopard