CRAN Package Check Results for Package mclust

Last updated on 2015-08-29 17:48:12.

Flavor Version Tinstall Tcheck Ttotal Status Flags
r-devel-linux-x86_64-debian-clang 5.0.2 22.39 151.56 173.94 NOTE
r-devel-linux-x86_64-debian-gcc 5.0.2 21.56 154.63 176.19 NOTE
r-devel-linux-x86_64-fedora-clang 5.0.2 331.49 NOTE
r-devel-linux-x86_64-fedora-gcc 5.0.2 321.72 NOTE
r-devel-osx-x86_64-clang 5.0.2 249.86 OK
r-devel-windows-ix86+x86_64 5.0.2 64.00 373.00 437.00 NOTE
r-patched-linux-x86_64 5.0.2 23.23 151.13 174.36 NOTE
r-patched-solaris-sparc 5.0.2 2350.00 OK
r-patched-solaris-x86 5.0.2 448.20 NOTE
r-release-linux-x86_64 5.0.2 21.70 152.02 173.72 NOTE
r-release-osx-x86_64-mavericks 5.0.2 OK
r-release-windows-ix86+x86_64 5.0.2 65.00 467.00 532.00 NOTE
r-oldrel-windows-ix86+x86_64 5.0.2 67.00 416.00 483.00 NOTE

Check Details

Version: 5.0.2
Check: installed package size
Result: NOTE
     installed size is 5.4Mb
     sub-directories of 1Mb or more:
     doc 2.8Mb
     libs 1.3Mb
Flavors: r-devel-linux-x86_64-debian-clang, r-devel-linux-x86_64-debian-gcc, r-devel-linux-x86_64-fedora-clang, r-devel-linux-x86_64-fedora-gcc, r-devel-windows-ix86+x86_64, r-patched-linux-x86_64, r-patched-solaris-x86, r-release-linux-x86_64, r-release-windows-ix86+x86_64, r-oldrel-windows-ix86+x86_64