CRAN Package Check Results for Package mclust

Last updated on 2014-08-27 19:48:34.

Flavor Version Tinstall Tcheck Ttotal Status Flags
r-devel-linux-x86_64-debian-clang 4.3 17.77 96.00 113.77 NOTE
r-devel-linux-x86_64-debian-gcc 4.3 17.56 108.63 126.19 NOTE
r-devel-linux-x86_64-fedora-clang 4.3 231.78 NOTE
r-devel-linux-x86_64-fedora-gcc 4.3 223.32 NOTE
r-devel-osx-x86_64-clang 4.3 170.26 NOTE
r-devel-windows-ix86+x86_64 4.3 37.00 218.00 255.00 NOTE
r-patched-linux-x86_64 4.3 19.23 97.47 116.70 OK
r-patched-solaris-sparc 4.3 1466.10 OK
r-patched-solaris-x86 4.3 296.90 OK
r-release-linux-ix86 4.3 23.48 130.07 153.55 OK
r-release-linux-x86_64 4.3 18.34 105.15 123.48 OK
r-release-osx-x86_64-mavericks 4.3 OK
r-release-osx-x86_64-snowleopard 4.3 OK
r-release-windows-ix86+x86_64 4.3 49.00 216.00 265.00 OK
r-oldrel-windows-ix86+x86_64 4.3 48.00 280.00 328.00 OK

Check Details

Version: 4.3
Check: R code for possible problems
Result: NOTE
    imputeData: no visible global function definition for ‘prelim.mix’
    imputeData: no visible global function definition for ‘rngseed’
    imputeData: no visible global function definition for ‘em.mix’
    imputeData: no visible global function definition for ‘da.mix’
    imputeData: no visible global function definition for ‘imp.mix’
Flavors: r-devel-linux-x86_64-debian-clang, r-devel-linux-x86_64-debian-gcc, r-devel-linux-x86_64-fedora-clang, r-devel-linux-x86_64-fedora-gcc, r-devel-osx-x86_64-clang, r-devel-windows-ix86+x86_64