CRAN Package Check Results for Package mclust

Last updated on 2016-08-30 19:47:33.

Flavor Version Tinstall Tcheck Ttotal Status Flags
r-devel-linux-x86_64-debian-clang 5.2 23.07 193.72 216.80 NOTE
r-devel-linux-x86_64-debian-gcc 5.2 24.45 190.82 215.27 NOTE
r-devel-linux-x86_64-fedora-clang 5.2 362.72 NOTE
r-devel-linux-x86_64-fedora-gcc 5.2 351.22 NOTE
r-devel-osx-x86_64-clang 5.2 224.64 OK
r-devel-windows-ix86+x86_64 5.2 72.00 418.00 490.00 NOTE
r-patched-linux-x86_64 5.2 21.97 190.48 212.45 NOTE
r-patched-solaris-sparc 5.2 2200.30 OK
r-patched-solaris-x86 5.2 403.40 NOTE
r-release-linux-x86_64 5.2 21.64 191.33 212.97 NOTE
r-release-osx-x86_64-mavericks 5.2 OK
r-release-windows-ix86+x86_64 5.2 73.00 416.00 489.00 NOTE
r-oldrel-windows-ix86+x86_64 5.2 68.00 424.00 492.00 NOTE

Check Details

Version: 5.2
Check: installed package size
Result: NOTE
     installed size is 5.4Mb
     sub-directories of 1Mb or more:
     doc 2.8Mb
     libs 1.3Mb
Flavors: r-devel-linux-x86_64-debian-clang, r-devel-linux-x86_64-debian-gcc, r-devel-linux-x86_64-fedora-clang, r-devel-linux-x86_64-fedora-gcc, r-devel-windows-ix86+x86_64, r-patched-linux-x86_64, r-patched-solaris-x86, r-release-linux-x86_64, r-release-windows-ix86+x86_64, r-oldrel-windows-ix86+x86_64