CRAN Package Check Results for Package mclust

Last updated on 2016-02-10 16:47:08.

Flavor Version Tinstall Tcheck Ttotal Status Flags
r-devel-linux-x86_64-debian-gcc 5.1 22.05 144.39 166.44 NOTE
r-devel-linux-x86_64-fedora-clang 5.1 310.07 OK
r-devel-linux-x86_64-fedora-gcc 5.1 306.15 OK
r-devel-osx-x86_64-clang 5.1 298.75 OK
r-devel-windows-ix86+x86_64 5.1 65.00 363.00 428.00 NOTE
r-patched-linux-x86_64 5.1 21.89 145.18 167.07 NOTE
r-patched-solaris-sparc 5.1 2216.70 OK
r-patched-solaris-x86 5.1 416.10 NOTE
r-release-linux-x86_64 5.1 22.40 147.58 169.99 NOTE
r-release-osx-x86_64-mavericks 5.1 OK
r-release-windows-ix86+x86_64 5.1 64.00 348.00 412.00 NOTE
r-oldrel-windows-ix86+x86_64 5.1 67.00 373.00 440.00 NOTE

Check Details

Version: 5.1
Check: installed package size
Result: NOTE
     installed size is 5.4Mb
     sub-directories of 1Mb or more:
     doc 2.8Mb
     libs 1.3Mb
Flavors: r-devel-linux-x86_64-debian-gcc, r-devel-windows-ix86+x86_64, r-patched-linux-x86_64, r-patched-solaris-x86, r-release-linux-x86_64, r-release-windows-ix86+x86_64, r-oldrel-windows-ix86+x86_64