CRAN Package Check Results for Package psychomix

Last updated on 2015-03-04 16:48:19.

Flavor Version Tinstall Tcheck Ttotal Status Flags
r-devel-linux-x86_64-debian-clang 1.1-1 2.07 36.78 38.84 NOTE --no-vignettes
r-devel-linux-x86_64-debian-gcc 1.1-1 1.75 34.41 36.16 NOTE --no-vignettes
r-devel-linux-x86_64-fedora-clang 1.1-1 832.74 NOTE
r-devel-linux-x86_64-fedora-gcc 1.1-1 817.37 NOTE
r-devel-osx-x86_64-clang 1.1-1 570.05 NOTE
r-devel-windows-ix86+x86_64 1.1-1 6.00 53.00 59.00 NOTE --no-vignettes
r-patched-linux-x86_64 1.1-1 2.40 43.08 45.48 NOTE --no-vignettes
r-patched-solaris-sparc 1.1-1 546.90 NOTE --no-vignettes
r-patched-solaris-x86 1.1-1 975.30 NOTE
r-release-linux-ix86 1.1-1 2.96 52.82 55.78 NOTE --no-vignettes
r-release-linux-x86_64 1.1-1 2.52 42.44 44.96 NOTE --no-vignettes
r-release-osx-x86_64-mavericks 1.1-1 NOTE
r-release-osx-x86_64-snowleopard 1.1-1 OK
r-release-windows-ix86+x86_64 1.1-1 9.00 64.00 73.00 NOTE --no-vignettes
r-oldrel-windows-ix86+x86_64 1.1-1 8.00 69.00 77.00 OK --no-vignettes

Check Details

Version: 1.1-1
Flags: --no-vignettes
Check: dependencies in R code
Result: NOTE
    'library' or 'require' calls in package code:
     ‘effects’ ‘mRm’ ‘nnet’
     Please use :: or requireNamespace() instead.
     See section 'Suggested packages' in the 'Writing R Extensions' manual.
Flavors: r-devel-linux-x86_64-debian-clang, r-devel-linux-x86_64-debian-gcc, r-devel-windows-ix86+x86_64, r-patched-linux-x86_64, r-patched-solaris-sparc

Version: 1.1-1
Flags: --no-vignettes
Check: R code for possible problems
Result: NOTE
    allEffects.btmix: no visible global function definition for
     ‘allEffects’
    allEffects.raschmix: no visible global function definition for
     ‘allEffects’
    effect.btmix: no visible global function definition for ‘effect’
    effect.raschmix: no visible global function definition for ‘effect’
    effectsplot.eff: no visible global function definition for ‘allEffects’
    effectsplot.efflist: no visible global function definition for
     ‘allEffects’
    effectsplot.effpoly: no visible global function definition for
     ‘allEffects’
    effectsplot_psychomix: no visible global function definition for
     ‘allEffects’
    mrm_clusters: no visible global function definition for ‘mrm’
    raschmix : <anonymous>: no visible global function definition for ‘mrm’
    refit_concomitant_psychomix: no visible global function definition for
     ‘multinom’
    xyplot.btmix: no visible global function definition for
     ‘trellis.par.get’
    xyplot.btmix : panel: no visible global function definition for
     ‘panel.xyplot’
    xyplot.btmix : panel: no visible global function definition for
     ‘panel.abline’
    xyplot.raschmix: no visible global function definition for
     ‘trellis.par.get’
    xyplot.raschmix : panel: no visible global function definition for
     ‘panel.xyplot’
    xyplot.raschmix : panel: no visible global function definition for
     ‘panel.abline’
Flavors: r-devel-linux-x86_64-debian-clang, r-devel-linux-x86_64-debian-gcc, r-devel-windows-ix86+x86_64, r-patched-linux-x86_64, r-patched-solaris-sparc, r-release-linux-ix86, r-release-linux-x86_64, r-release-windows-ix86+x86_64

Version: 1.1-1
Check: dependencies in R code
Result: NOTE
    'library' or 'require' calls in package code:
     ‘effects’ ‘mRm’ ‘nnet’
     Please use :: or requireNamespace() instead.
     See section 'Suggested packages' in the 'Writing R Extensions' manual.
Flavors: r-devel-linux-x86_64-fedora-clang, r-devel-linux-x86_64-fedora-gcc, r-devel-osx-x86_64-clang, r-patched-solaris-x86

Version: 1.1-1
Check: R code for possible problems
Result: NOTE
    allEffects.btmix: no visible global function definition for
     ‘allEffects’
    allEffects.raschmix: no visible global function definition for
     ‘allEffects’
    effect.btmix: no visible global function definition for ‘effect’
    effect.raschmix: no visible global function definition for ‘effect’
    effectsplot.eff: no visible global function definition for ‘allEffects’
    effectsplot.efflist: no visible global function definition for
     ‘allEffects’
    effectsplot.effpoly: no visible global function definition for
     ‘allEffects’
    effectsplot_psychomix: no visible global function definition for
     ‘allEffects’
    mrm_clusters: no visible global function definition for ‘mrm’
    raschmix : <anonymous>: no visible global function definition for ‘mrm’
    refit_concomitant_psychomix: no visible global function definition for
     ‘multinom’
    xyplot.btmix: no visible global function definition for
     ‘trellis.par.get’
    xyplot.btmix : panel: no visible global function definition for
     ‘panel.xyplot’
    xyplot.btmix : panel: no visible global function definition for
     ‘panel.abline’
    xyplot.raschmix: no visible global function definition for
     ‘trellis.par.get’
    xyplot.raschmix : panel: no visible global function definition for
     ‘panel.xyplot’
    xyplot.raschmix : panel: no visible global function definition for
     ‘panel.abline’
Flavors: r-devel-linux-x86_64-fedora-clang, r-devel-linux-x86_64-fedora-gcc, r-devel-osx-x86_64-clang, r-patched-solaris-x86, r-release-osx-x86_64-mavericks

Version: 1.1-1
Check: re-building of vignette outputs
Result: NOTE
    Error in re-building vignettes:
     ...
    Loading required package: flexmix
    Loading required package: lattice
    Loading required package: psychotools
    Error in texi2dvi(file = file, pdf = TRUE, clean = clean, quiet = quiet, :
     Running 'texi2dvi' on 'raschmix.tex' failed.
    LaTeX errors:
    ! LaTeX Error: Missing \begin{document}.
    
    See the LaTeX manual or LaTeX Companion for explanation.
    Type H <return> for immediate help.
     ...
    ! Missing $ inserted.
    <inserted text>
     $
    l.17 ...j<ba>^^L<f6>><ff><fc>s<d3>4<89>^^H<a8>#"<a5>T<a9>T<fa><f6><db>o<bf><f9>曋}w<e7><e2>iyy<99><ff>^
     2<f5><df><de><eb><89>^^Fv<af><9f><e9>o]{<c0><e6>@<c5>)<a5>LӔR...
    ! Undefined control sequence.
    l.19 ...^?e<d2>SJ=x<f0>`zz:^^L<c3>D"^^A<cc><c3>0<c6><e3><f1><e9><e9><e9>s<b1><f8>W^^\<9c>W\s
     ^q<f6><ba><a8>^^Vh<e4>ל<8e> <ae><f8><de><eb>n<d6>ϋ<e0>^^...
    The control sequence at the end of the top line
    of your error message was never \def'ed. If you have
    ! Undefined control sequence.
    l.25 ...^A<d7><ec>j<a2>^<c5>1+<c7>2<a7><9e><e5><a9><e9>u<97><de>^^Y<e9><8a><e7>9<bb><d8>=l<f4>'O<9
    Calls: buildVignettes -> texi2pdf -> texi2dvi
    Execution halted
Flavor: r-release-osx-x86_64-mavericks