CRAN Package Check Results for Package psychomix

Last updated on 2014-10-29 15:48:44.

Flavor Version Tinstall Tcheck Ttotal Status Flags
r-devel-linux-x86_64-debian-clang 1.1-1 2.44 41.10 43.54 NOTE --no-vignettes
r-devel-linux-x86_64-debian-gcc 1.1-1 2.17 42.00 44.16 NOTE --no-vignettes
r-devel-linux-x86_64-fedora-clang 1.1-1 909.49 NOTE
r-devel-linux-x86_64-fedora-gcc 1.1-1 891.06 NOTE
r-devel-osx-x86_64-clang 1.1-1 591.19 NOTE
r-devel-windows-ix86+x86_64 1.1-1 8.00 59.00 67.00 NOTE --no-vignettes
r-patched-linux-x86_64 1.1-1 2.32 45.52 47.84 NOTE --no-vignettes
r-patched-solaris-sparc 1.1-1 519.50 NOTE --no-vignettes
r-patched-solaris-x86 1.1-1 973.30 NOTE
r-release-linux-ix86 1.1-1 3.98 51.74 55.72 OK --no-vignettes
r-release-linux-x86_64 1.1-1 2.42 42.88 45.30 OK --no-vignettes
r-release-osx-x86_64-mavericks 1.1-1 OK
r-release-osx-x86_64-snowleopard 1.1-1 OK
r-release-windows-ix86+x86_64 1.1-1 8.00 67.00 75.00 OK --no-vignettes
r-oldrel-windows-ix86+x86_64 1.1-1 8.00 65.00 73.00 OK --no-vignettes

Check Details

Version: 1.1-1
Flags: --no-vignettes
Check: R code for possible problems
Result: NOTE
    allEffects.btmix: no visible global function definition for
     ‘allEffects’
    allEffects.raschmix: no visible global function definition for
     ‘allEffects’
    effect.btmix: no visible global function definition for ‘effect’
    effect.raschmix: no visible global function definition for ‘effect’
    effectsplot.eff: no visible global function definition for ‘allEffects’
    effectsplot.efflist: no visible global function definition for
     ‘allEffects’
    effectsplot.effpoly: no visible global function definition for
     ‘allEffects’
    effectsplot_psychomix: no visible global function definition for
     ‘allEffects’
    mrm_clusters: no visible global function definition for ‘mrm’
    raschmix : <anonymous>: no visible global function definition for ‘mrm’
    refit_concomitant_psychomix: no visible global function definition for
     ‘multinom’
    xyplot.btmix: no visible global function definition for
     ‘trellis.par.get’
    xyplot.btmix : panel: no visible global function definition for
     ‘panel.xyplot’
    xyplot.btmix : panel: no visible global function definition for
     ‘panel.abline’
    xyplot.raschmix: no visible global function definition for
     ‘trellis.par.get’
    xyplot.raschmix : panel: no visible global function definition for
     ‘panel.xyplot’
    xyplot.raschmix : panel: no visible global function definition for
     ‘panel.abline’
Flavors: r-devel-linux-x86_64-debian-clang, r-devel-linux-x86_64-debian-gcc, r-devel-windows-ix86+x86_64, r-patched-linux-x86_64, r-patched-solaris-sparc

Version: 1.1-1
Check: R code for possible problems
Result: NOTE
    allEffects.btmix: no visible global function definition for
     ‘allEffects’
    allEffects.raschmix: no visible global function definition for
     ‘allEffects’
    effect.btmix: no visible global function definition for ‘effect’
    effect.raschmix: no visible global function definition for ‘effect’
    effectsplot.eff: no visible global function definition for ‘allEffects’
    effectsplot.efflist: no visible global function definition for
     ‘allEffects’
    effectsplot.effpoly: no visible global function definition for
     ‘allEffects’
    effectsplot_psychomix: no visible global function definition for
     ‘allEffects’
    mrm_clusters: no visible global function definition for ‘mrm’
    raschmix : <anonymous>: no visible global function definition for ‘mrm’
    refit_concomitant_psychomix: no visible global function definition for
     ‘multinom’
    xyplot.btmix: no visible global function definition for
     ‘trellis.par.get’
    xyplot.btmix : panel: no visible global function definition for
     ‘panel.xyplot’
    xyplot.btmix : panel: no visible global function definition for
     ‘panel.abline’
    xyplot.raschmix: no visible global function definition for
     ‘trellis.par.get’
    xyplot.raschmix : panel: no visible global function definition for
     ‘panel.xyplot’
    xyplot.raschmix : panel: no visible global function definition for
     ‘panel.abline’
Flavors: r-devel-linux-x86_64-fedora-clang, r-devel-linux-x86_64-fedora-gcc, r-devel-osx-x86_64-clang, r-patched-solaris-x86