CRAN Package Check Results for Package survival

Last updated on 2015-04-19 19:52:05.

Flavor Version Tinstall Tcheck Ttotal Status Flags
r-devel-linux-x86_64-debian-clang 2.38-1 18.60 115.40 134.01 NOTE
r-devel-linux-x86_64-debian-gcc 2.38-1 22.20 112.44 134.64 NOTE
r-devel-linux-x86_64-fedora-clang 2.38-1 261.32 NOTE
r-devel-linux-x86_64-fedora-gcc 2.38-1 245.84 NOTE
r-devel-osx-x86_64-clang 2.38-1 234.68 NOTE
r-patched-linux-x86_64 2.38-1 19.95 112.08 132.02 NOTE
r-patched-solaris-sparc 2.38-1 NOTE
r-patched-solaris-x86 2.38-1 NOTE
r-release-linux-x86_64 2.38-1 26.01 103.54 129.55 NOTE
r-release-osx-x86_64-mavericks 2.38-1 NOTE
r-release-osx-x86_64-snowleopard 2.38-1 NOTE
r-release-windows-ix86+x86_64 2.38-1 60.00 277.00 337.00 NOTE
r-oldrel-windows-ix86+x86_64 2.38-1 110.00 248.00 358.00 NOTE

Check Details

Version: 2.38-1
Check: installed package size
Result: NOTE
     installed size is 5.4Mb
     sub-directories of 1Mb or more:
     data 1.9Mb
     doc 1.9Mb
Flavors: r-devel-linux-x86_64-debian-clang, r-devel-linux-x86_64-debian-gcc, r-devel-linux-x86_64-fedora-clang, r-devel-linux-x86_64-fedora-gcc, r-devel-osx-x86_64-clang, r-patched-linux-x86_64, r-patched-solaris-sparc, r-patched-solaris-x86, r-release-linux-x86_64, r-release-osx-x86_64-mavericks, r-release-osx-x86_64-snowleopard, r-release-windows-ix86+x86_64, r-oldrel-windows-ix86+x86_64