CRAN Package Check Results for Package survival

Last updated on 2016-06-28 19:48:40.

Flavor Version Tinstall Tcheck Ttotal Status Flags
r-devel-linux-x86_64-debian-gcc 2.39-5 22.02 210.21 232.24 NOTE
r-devel-linux-x86_64-fedora-clang 2.39-5 457.69 NOTE
r-devel-linux-x86_64-fedora-gcc 2.39-5 433.10 NOTE
r-devel-osx-x86_64-clang 2.39-5 360.03 NOTE
r-devel-windows-ix86+x86_64 2.39-5 57.00 553.00 610.00 NOTE
r-patched-linux-x86_64 2.39-4 22.05 218.71 240.76 NOTE
r-patched-solaris-sparc 2.39-5 NOTE
r-patched-solaris-x86 2.39-5 OK
r-release-linux-x86_64 2.39-5 21.33 209.83 231.16 NOTE
r-release-osx-x86_64-mavericks 2.39-5 NOTE
r-release-windows-ix86+x86_64 2.39-5 60.00 543.00 603.00 NOTE
r-oldrel-windows-ix86+x86_64 2.39-5 109.00 551.00 660.00 NOTE

Memtest notes: valgrind

Check Details

Version: 2.39-5
Check: installed package size
Result: NOTE
     installed size is 5.6Mb
     sub-directories of 1Mb or more:
     data 1.9Mb
     doc 2.1Mb
Flavors: r-devel-linux-x86_64-debian-gcc, r-devel-linux-x86_64-fedora-clang, r-devel-linux-x86_64-fedora-gcc, r-devel-osx-x86_64-clang, r-devel-windows-ix86+x86_64, r-patched-solaris-sparc, r-release-linux-x86_64, r-release-osx-x86_64-mavericks, r-release-windows-ix86+x86_64, r-oldrel-windows-ix86+x86_64

Version: 2.39-4
Check: installed package size
Result: NOTE
     installed size is 5.7Mb
     sub-directories of 1Mb or more:
     data 1.9Mb
     doc 2.2Mb
Flavor: r-patched-linux-x86_64