CRAN Package Check Results for Package survival

Last updated on 2016-05-06 17:47:30.

Flavor Version Tinstall Tcheck Ttotal Status Flags
r-devel-linux-x86_64-debian-gcc 2.39-2 21.38 212.63 234.01 NOTE
r-devel-linux-x86_64-fedora-clang 2.39-3 254.73 NOTE
r-devel-linux-x86_64-fedora-gcc 2.39-3 429.31 NOTE
r-devel-osx-x86_64-clang 2.39-3 493.30 NOTE
r-devel-windows-ix86+x86_64 2.39-3 73.00 538.00 611.00 NOTE
r-patched-linux-x86_64 2.39-2 21.24 210.99 232.24 NOTE
r-patched-solaris-sparc 2.39-2 NOTE
r-patched-solaris-x86 2.39-3 NOTE
r-release-linux-x86_64 2.39-3 20.70 210.33 231.04 NOTE
r-release-osx-x86_64-mavericks 2.39-3 NOTE
r-release-windows-ix86+x86_64 2.39-3 73.00 538.00 611.00 NOTE
r-oldrel-windows-ix86+x86_64 2.39-2 123.00 731.00 854.00 NOTE

Memtest notes: valgrind

Check Details

Version: 2.39-2
Check: installed package size
Result: NOTE
     installed size is 5.6Mb
     sub-directories of 1Mb or more:
     data 1.9Mb
     doc 2.1Mb
Flavors: r-devel-linux-x86_64-debian-gcc, r-devel-linux-x86_64-fedora-gcc, r-patched-linux-x86_64, r-patched-solaris-sparc, r-oldrel-windows-ix86+x86_64

Version: 2.39-3
Check: installed package size
Result: NOTE
     installed size is 5.8Mb
     sub-directories of 1Mb or more:
     data 1.9Mb
     doc 2.3Mb
Flavors: r-devel-linux-x86_64-fedora-clang, r-devel-osx-x86_64-clang, r-devel-windows-ix86+x86_64, r-patched-solaris-x86, r-release-linux-x86_64, r-release-osx-x86_64-mavericks, r-release-windows-ix86+x86_64