CRAN Package Check Results for Package survival

Last updated on 2015-08-02 17:48:05.

Flavor Version Tinstall Tcheck Ttotal Status Flags
r-devel-linux-x86_64-debian-clang 2.38-3 19.63 112.12 131.74 NOTE
r-devel-linux-x86_64-debian-gcc 2.38-3 20.28 109.84 130.12 NOTE
r-devel-linux-x86_64-fedora-clang 2.38-3 253.25 NOTE
r-devel-linux-x86_64-fedora-gcc 2.38-3 238.86 NOTE
r-devel-osx-x86_64-clang 2.38-3 222.91 NOTE
r-patched-linux-x86_64 2.38-3 18.95 114.82 133.76 NOTE
r-patched-solaris-sparc 2.38-3 NOTE
r-patched-solaris-x86 2.38-3 NOTE
r-release-linux-x86_64 2.38-3 18.92 115.84 134.76 NOTE
r-release-osx-x86_64-mavericks 2.38-3 NOTE
r-release-windows-ix86+x86_64 2.38-3 100.00 278.00 378.00 NOTE
r-oldrel-windows-ix86+x86_64 2.38-3 83.00 311.00 394.00 NOTE

Check Details

Version: 2.38-3
Check: installed package size
Result: NOTE
     installed size is 5.5Mb
     sub-directories of 1Mb or more:
     data 1.9Mb
     doc 1.9Mb
Flavors: r-devel-linux-x86_64-debian-clang, r-devel-linux-x86_64-debian-gcc, r-devel-linux-x86_64-fedora-clang, r-devel-linux-x86_64-fedora-gcc, r-devel-osx-x86_64-clang, r-patched-linux-x86_64, r-patched-solaris-sparc, r-patched-solaris-x86, r-release-linux-x86_64, r-release-osx-x86_64-mavericks, r-release-windows-ix86+x86_64, r-oldrel-windows-ix86+x86_64