CRAN Package Check Results for Package survival

Last updated on 2016-08-28 18:47:15.

Flavor Version Tinstall Tcheck Ttotal Status Flags
r-devel-linux-x86_64-debian-clang 2.39-5 24.31 221.71 246.02 NOTE
r-devel-linux-x86_64-debian-gcc 2.39-5 21.78 217.29 239.07 NOTE
r-devel-linux-x86_64-fedora-clang 2.39-5 476.68 NOTE
r-devel-linux-x86_64-fedora-gcc 2.39-5 447.47 NOTE
r-devel-osx-x86_64-clang 2.39-5 369.37 NOTE
r-devel-windows-ix86+x86_64 2.39-5 84.00 930.00 1014.00 NOTE
r-patched-linux-x86_64 2.39-5 21.02 213.29 234.31 NOTE
r-patched-solaris-sparc 2.39-5 NOTE
r-patched-solaris-x86 2.39-5 NOTE
r-release-linux-x86_64 2.39-5 21.34 214.15 235.49 NOTE
r-release-osx-x86_64-mavericks 2.39-5 NOTE
r-release-windows-ix86+x86_64 2.39-5 85.00 701.00 786.00 NOTE
r-oldrel-windows-ix86+x86_64 2.39-5 108.00 907.00 1015.00 NOTE

Memtest notes: valgrind

Check Details

Version: 2.39-5
Check: installed package size
Result: NOTE
     installed size is 5.5Mb
     sub-directories of 1Mb or more:
     data 1.9Mb
     doc 2.1Mb
Flavors: r-devel-linux-x86_64-debian-clang, r-devel-linux-x86_64-debian-gcc, r-devel-linux-x86_64-fedora-clang, r-devel-linux-x86_64-fedora-gcc, r-devel-osx-x86_64-clang, r-devel-windows-ix86+x86_64, r-patched-linux-x86_64, r-patched-solaris-sparc, r-patched-solaris-x86, r-release-linux-x86_64, r-release-osx-x86_64-mavericks, r-release-windows-ix86+x86_64, r-oldrel-windows-ix86+x86_64