CRAN Package Check Results for Package survival

Last updated on 2016-07-27 19:50:42.

Flavor Version Tinstall Tcheck Ttotal Status Flags
r-devel-linux-x86_64-debian-clang 2.39-5 29.56 255.62 285.18 NOTE
r-devel-linux-x86_64-debian-gcc 2.39-5 26.97 244.88 271.85 NOTE
r-devel-linux-x86_64-fedora-clang 2.39-5 466.45 NOTE
r-devel-linux-x86_64-fedora-gcc 2.39-5 439.95 NOTE
r-devel-osx-x86_64-clang 2.39-5 365.11 NOTE
r-devel-windows-ix86+x86_64 2.39-5 86.00 671.00 757.00 NOTE
r-patched-linux-x86_64 2.39-5 24.77 243.41 268.18 NOTE
r-patched-solaris-sparc 2.39-5 NOTE
r-patched-solaris-x86 2.39-5 NOTE
r-release-linux-x86_64 2.39-5 26.04 246.61 272.65 NOTE
r-release-osx-x86_64-mavericks 2.39-5 NOTE
r-release-windows-ix86+x86_64 2.39-5 91.00 649.00 740.00 NOTE
r-oldrel-windows-ix86+x86_64 2.39-5 100.00 750.00 850.00 NOTE

Memtest notes: valgrind

Check Details

Version: 2.39-5
Check: installed package size
Result: NOTE
     installed size is 5.5Mb
     sub-directories of 1Mb or more:
     data 1.9Mb
     doc 2.1Mb
Flavors: r-devel-linux-x86_64-debian-clang, r-devel-linux-x86_64-debian-gcc, r-devel-linux-x86_64-fedora-clang, r-devel-linux-x86_64-fedora-gcc, r-devel-osx-x86_64-clang, r-devel-windows-ix86+x86_64, r-patched-linux-x86_64, r-patched-solaris-sparc, r-patched-solaris-x86, r-release-linux-x86_64, r-release-osx-x86_64-mavericks, r-release-windows-ix86+x86_64, r-oldrel-windows-ix86+x86_64