CRAN Package Check Results for Package tgp

Last updated on 2014-07-24 19:49:12.

Flavor Version Tinstall Tcheck Ttotal Status Flags
r-devel-linux-x86_64-debian-clang 2.4-9 8.26 20.96 29.22 OK --no-examples --no-tests --no-vignettes
r-devel-linux-x86_64-debian-gcc 2.4-9 11.48 20.54 32.02 OK --no-examples --no-tests --no-vignettes
r-devel-linux-x86_64-fedora-clang 2.4-9 471.72 OK --no-vignettes
r-devel-linux-x86_64-fedora-gcc 2.4-9 465.69 OK --no-vignettes
r-devel-osx-x86_64-clang 2.4-9 316.11 OK --no-vignettes
r-devel-windows-ix86+x86_64 2.4-9 58.00 37.00 95.00 OK --no-examples --no-tests --no-vignettes
r-patched-linux-x86_64 2.4-9 11.55 20.80 32.35 OK --no-examples --no-tests --no-vignettes
r-patched-solaris-sparc 2.4-9 354.60 OK --no-examples --no-vignettes
r-patched-solaris-x86 2.4-9 419.00 OK --no-vignettes
r-release-linux-ix86 2.4-9 15.26 28.51 43.77 OK --no-examples --no-tests --no-vignettes
r-release-linux-x86_64 2.4-9 11.56 20.47 32.04 OK --no-examples --no-tests --no-vignettes
r-release-osx-x86_64-mavericks 2.4-9 ERROR
r-release-windows-ix86+x86_64 2.4-9 60.00 36.00 96.00 OK --no-examples --no-tests --no-vignettes
r-oldrel-windows-ix86+x86_64 2.4-9 62.00 38.00 100.00 OK --no-examples --no-tests --no-vignettes

Check Details

Version: 2.4-9
Check: running R code from vignettes
Result: ERROR
    Errors in running code in vignettes:
    when running code in ‘tgp2.Rnw’
     ...
    
    > tgp.trees(fit3, "map")
    
    > graphics.off()
    
    > fit4 <- btgpllm(X = X, Z = Z, XX = XX, verb = 0)
    
    Execution halted
    
    ... incomplete output. Crash?
Flavor: r-release-osx-x86_64-mavericks