CRAN Package Check Results for Package tgp

Last updated on 2014-08-22 19:48:00.

Flavor Version Tinstall Tcheck Ttotal Status Flags
r-devel-linux-x86_64-debian-clang 2.4-9 8.33 19.58 27.91 NOTE --no-examples --no-tests --no-vignettes
r-devel-linux-x86_64-debian-gcc 2.4-9 11.32 19.79 31.11 OK --no-examples --no-tests --no-vignettes
r-devel-linux-x86_64-fedora-clang 2.4-9 475.23 NOTE --no-vignettes
r-devel-linux-x86_64-fedora-gcc 2.4-9 445.66 NOTE --no-vignettes
r-devel-osx-x86_64-clang 2.4-9 315.85 NOTE --no-vignettes
r-devel-windows-ix86+x86_64 2.4-9 57.00 35.00 92.00 OK --no-examples --no-tests --no-vignettes
r-patched-linux-x86_64 2.4-9 11.44 20.55 31.99 OK --no-examples --no-tests --no-vignettes
r-patched-solaris-sparc 2.4-9 363.90 OK --no-examples --no-vignettes
r-patched-solaris-x86 2.4-9 421.40 OK --no-vignettes
r-release-linux-ix86 2.4-9 15.18 28.25 43.43 OK --no-examples --no-tests --no-vignettes
r-release-linux-x86_64 2.4-9 11.67 20.63 32.30 OK --no-examples --no-tests --no-vignettes
r-release-osx-x86_64-mavericks 2.4-9 ERROR
r-release-windows-ix86+x86_64 2.4-9 55.00 36.00 91.00 OK --no-examples --no-tests --no-vignettes
r-oldrel-windows-ix86+x86_64 2.4-9 57.00 39.00 96.00 OK --no-examples --no-tests --no-vignettes

Check Details

Version: 2.4-9
Flags: --no-examples --no-tests --no-vignettes
Check: R code for possible problems
Result: NOTE
    slice.interp: no visible global function definition for ‘interp’
    tgp.plot.tree: no visible global function definition for ‘draw.tree’
Flavor: r-devel-linux-x86_64-debian-clang

Version: 2.4-9
Flags: --no-vignettes
Check: R code for possible problems
Result: NOTE
    slice.interp: no visible global function definition for ‘interp’
    tgp.plot.tree: no visible global function definition for ‘draw.tree’
Flavors: r-devel-linux-x86_64-fedora-clang, r-devel-linux-x86_64-fedora-gcc, r-devel-osx-x86_64-clang

Version: 2.4-9
Check: running R code from vignettes
Result: ERROR
    Errors in running code in vignettes:
    when running code in ‘tgp2.Rnw’
     ...
    
    > tgp.trees(fit3, "map")
    
    > graphics.off()
    
    > fit4 <- btgpllm(X = X, Z = Z, XX = XX, verb = 0)
    
    Execution halted
    
    ... incomplete output. Crash?
Flavor: r-release-osx-x86_64-mavericks