Last updated on 2023-11-30 18:49:22 CET.
Flavor | Version | Tinstall | Tcheck | Ttotal | Status | Flags |
---|---|---|---|---|---|---|
r-devel-linux-x86_64-debian-clang | 2.0 | 32.77 | 111.12 | 143.89 | NOTE | |
r-devel-linux-x86_64-debian-gcc | 2.0 | 26.35 | 93.91 | 120.26 | NOTE | |
r-devel-linux-x86_64-fedora-clang | 2.0 | 326.78 | OK | |||
r-devel-linux-x86_64-fedora-gcc | 2.0 | 313.73 | OK | |||
r-devel-windows-x86_64 | 2.0 | 28.00 | 195.00 | 223.00 | OK | |
r-patched-linux-x86_64 | 2.0 | 31.50 | 106.64 | 138.14 | OK | |
r-release-linux-x86_64 | 2.0 | 20.96 | 107.27 | 128.23 | OK | |
r-release-macos-arm64 | 2.0 | 86.00 | OK | |||
r-release-macos-x86_64 | 2.0 | 144.00 | OK | |||
r-release-windows-x86_64 | 2.0 | 38.00 | 226.00 | 264.00 | OK | |
r-oldrel-macos-arm64 | 2.0 | 78.00 | OK | |||
r-oldrel-macos-x86_64 | 2.0 | 109.00 | OK | |||
r-oldrel-windows-x86_64 | 2.0 | 38.00 | 236.00 | 274.00 | OK |
Version: 2.0
Check: Rd files
Result: NOTE
checkRd: (-1) getNetworkGridLayout.Rd:6-11: Lost braces
6 | getCoordinatesFromVertexId2<-function(AFMImage, vId) {
| ^
Flavors: r-devel-linux-x86_64-debian-clang, r-devel-linux-x86_64-debian-gcc