CRAN Package Check Results for Package Amelia

Last updated on 2024-02-22 18:50:19 CET.

Flavor Version Tinstall Tcheck Ttotal Status Flags
r-devel-linux-x86_64-debian-clang 1.8.1 NOTE
r-devel-linux-x86_64-debian-gcc 1.8.1 37.13 61.36 98.49 NOTE
r-devel-linux-x86_64-fedora-clang 1.8.1 160.89 NOTE
r-devel-linux-x86_64-fedora-gcc 1.8.1 178.12 NOTE
r-devel-windows-x86_64 1.8.1 38.00 101.00 139.00 NOTE
r-patched-linux-x86_64 1.8.1 42.38 78.92 121.30 NOTE
r-release-linux-x86_64 1.8.1 47.16 79.63 126.79 NOTE
r-release-macos-arm64 1.8.1 57.00 NOTE
r-release-macos-x86_64 1.8.1 96.00 NOTE
r-release-windows-x86_64 1.8.1 51.00 111.00 162.00 NOTE
r-oldrel-macos-arm64 1.8.1 48.00 NOTE
r-oldrel-windows-x86_64 1.8.1 44.00 115.00 159.00 OK

Check Details

Version: 1.8.1
Check: C++ specification
Result: NOTE Specified C++11: please drop specification unless essential Flavors: r-devel-linux-x86_64-debian-clang, r-devel-linux-x86_64-debian-gcc, r-devel-linux-x86_64-fedora-clang, r-devel-linux-x86_64-fedora-gcc, r-devel-windows-x86_64, r-patched-linux-x86_64, r-release-linux-x86_64, r-release-macos-arm64, r-release-macos-x86_64, r-release-windows-x86_64

Version: 1.8.1
Check: Rd metadata
Result: NOTE Invalid package aliases in Rd file 'amelia.package.Rd': ‘amelia-package’ Flavors: r-devel-linux-x86_64-debian-clang, r-devel-linux-x86_64-debian-gcc, r-devel-linux-x86_64-fedora-clang, r-devel-linux-x86_64-fedora-gcc, r-devel-windows-x86_64

Version: 1.8.1
Check: installed package size
Result: NOTE installed size is 6.0Mb sub-directories of 1Mb or more: doc 1.4Mb libs 3.9Mb Flavors: r-release-macos-arm64, r-release-macos-x86_64, r-oldrel-macos-arm64