Last updated on 2023-11-30 18:49:22 CET.
Flavor | Version | Tinstall | Tcheck | Ttotal | Status | Flags |
---|---|---|---|---|---|---|
r-devel-linux-x86_64-debian-clang | 1.1.1 | 5.31 | 93.96 | 99.27 | NOTE | |
r-devel-linux-x86_64-debian-gcc | 1.1.1 | 4.78 | 70.63 | 75.41 | NOTE | |
r-devel-linux-x86_64-fedora-clang | 1.1.1 | 122.85 | OK | |||
r-devel-linux-x86_64-fedora-gcc | 1.1.1 | 121.45 | OK | |||
r-devel-windows-x86_64 | 1.1.1 | 7.00 | 96.00 | 103.00 | OK | |
r-patched-linux-x86_64 | 1.1.1 | 6.34 | 91.03 | 97.37 | OK | |
r-release-linux-x86_64 | 1.1.1 | 5.23 | 91.83 | 97.06 | OK | |
r-release-macos-arm64 | 1.1.1 | 39.00 | OK | |||
r-release-macos-x86_64 | 1.1.1 | 63.00 | OK | |||
r-release-windows-x86_64 | 1.1.1 | 8.00 | 108.00 | 116.00 | OK | |
r-oldrel-macos-arm64 | 1.1.1 | 42.00 | OK | |||
r-oldrel-macos-x86_64 | 1.1.1 | 54.00 | OK | |||
r-oldrel-windows-x86_64 | 1.1.1 | 9.00 | 112.00 | 121.00 | OK |
Version: 1.1.1
Check: Rd files
Result: NOTE
checkRd: (-1) AmpliconDuo-package.Rd:37-39: Lost braces in \itemize; meant \describe ?
checkRd: (-1) AmpliconDuo-package.Rd:40-42: Lost braces in \itemize; meant \describe ?
checkRd: (-1) AmpliconDuo-package.Rd:43-46: Lost braces in \itemize; meant \describe ?
checkRd: (-1) AmpliconDuo-package.Rd:47-49: Lost braces in \itemize; meant \describe ?
checkRd: (-1) AmpliconDuo-package.Rd:50-52: Lost braces in \itemize; meant \describe ?
checkRd: (-1) AmpliconDuo-package.Rd:53-55: Lost braces in \itemize; meant \describe ?
checkRd: (-1) AmpliconDuo-package.Rd:56-58: Lost braces in \itemize; meant \describe ?
Flavors: r-devel-linux-x86_64-debian-clang, r-devel-linux-x86_64-debian-gcc