Last updated on 2023-12-04 18:52:08 CET.
Flavor | Version | Tinstall | Tcheck | Ttotal | Status | Flags |
---|---|---|---|---|---|---|
r-devel-linux-x86_64-debian-clang | 0.1.0 | 165.68 | 223.49 | 389.17 | NOTE | |
r-devel-linux-x86_64-debian-gcc | 0.1.0 | 132.65 | 167.53 | 300.18 | NOTE | |
r-devel-linux-x86_64-fedora-clang | 0.1.0 | 481.04 | NOTE | |||
r-devel-linux-x86_64-fedora-gcc | 0.1.0 | 527.22 | NOTE | |||
r-devel-windows-x86_64 | 0.1.0 | 128.00 | 169.00 | 297.00 | NOTE | |
r-patched-linux-x86_64 | 0.1.0 | 155.63 | 216.79 | 372.42 | NOTE | |
r-release-linux-x86_64 | 0.1.0 | 134.15 | 215.43 | 349.58 | NOTE | |
r-release-macos-arm64 | 0.1.0 | 126.00 | NOTE | |||
r-release-macos-x86_64 | 0.1.0 | 200.00 | NOTE | |||
r-release-windows-x86_64 | 0.1.0 | 163.00 | 217.00 | 380.00 | NOTE | |
r-oldrel-macos-arm64 | 0.1.0 | 110.00 | NOTE | |||
r-oldrel-macos-x86_64 | 0.1.0 | 186.00 | NOTE | |||
r-oldrel-windows-x86_64 | 0.1.0 | 147.00 | 229.00 | 376.00 | NOTE |
Version: 0.1.0
Check: for GNU extensions in Makefiles
Result: NOTE
GNU make is a SystemRequirements.
Flavors: r-devel-linux-x86_64-debian-clang, r-devel-linux-x86_64-debian-gcc, r-devel-linux-x86_64-fedora-clang, r-devel-linux-x86_64-fedora-gcc, r-devel-windows-x86_64, r-patched-linux-x86_64, r-release-linux-x86_64, r-release-macos-arm64, r-release-macos-x86_64, r-release-windows-x86_64, r-oldrel-macos-arm64, r-oldrel-macos-x86_64, r-oldrel-windows-x86_64
Version: 0.1.0
Check: package dependencies
Result: NOTE
Imports includes 22 non-default packages.
Importing from so many packages makes the package vulnerable to any of
them becoming unavailable. Move as many as possible to Suggests and
use conditionally.
Flavor: r-devel-linux-x86_64-fedora-clang
Version: 0.1.0
Check: dependencies in R code
Result: NOTE
Namespace in Imports field not imported from: ‘RcppParallel’
All declared Imports should be used.
Flavors: r-devel-linux-x86_64-fedora-clang, r-devel-linux-x86_64-fedora-gcc, r-oldrel-macos-arm64, r-oldrel-macos-x86_64
Version: 0.1.0
Check: installed package size
Result: NOTE
installed size is 34.0Mb
sub-directories of 1Mb or more:
libs 33.7Mb
Flavors: r-release-macos-arm64, r-release-macos-x86_64, r-oldrel-macos-arm64, r-oldrel-macos-x86_64