Last updated on 2023-12-09 18:54:10 CET.
Flavor | Version | Tinstall | Tcheck | Ttotal | Status | Flags |
---|---|---|---|---|---|---|
r-devel-linux-x86_64-debian-clang | 2.9.4 | 177.52 | 180.71 | 358.23 | NOTE | |
r-devel-linux-x86_64-debian-gcc | 2.9.4 | 116.51 | 132.60 | 249.11 | NOTE | |
r-devel-linux-x86_64-fedora-clang | 2.9.4 | 518.73 | OK | |||
r-devel-linux-x86_64-fedora-gcc | 2.9.4 | 494.01 | OK | |||
r-devel-windows-x86_64 | 2.9.4 | 130.00 | 176.00 | 306.00 | WARN | |
r-patched-linux-x86_64 | 2.9.4 | 139.21 | 179.07 | 318.28 | OK | |
r-release-linux-x86_64 | 2.9.4 | 138.07 | 174.16 | 312.23 | OK | |
r-release-macos-arm64 | 2.9.4 | 149.00 | NOTE | |||
r-release-macos-x86_64 | 2.9.4 | 189.00 | NOTE | |||
r-release-windows-x86_64 | 2.9.4 | 169.00 | 202.00 | 371.00 | NOTE | |
r-oldrel-macos-arm64 | 2.9.4 | 123.00 | NOTE | |||
r-oldrel-macos-x86_64 | 2.9.4 | 143.00 | NOTE | |||
r-oldrel-windows-x86_64 | 2.9.4 | 155.00 | 194.00 | 349.00 | NOTE |
Version: 2.9.4
Check: Rd files
Result: NOTE
checkRd: (-1) abart.Rd:153: Lost braces
153 | response, code{y.train}, is internally scaled to range from -0.5 to
| ^
checkRd: (-1) gbart.Rd:150: Lost braces
150 | response, code{y.train}, is internally scaled to range from -0.5 to
| ^
checkRd: (-1) gbart.Rd:261: Lost braces; missing escapes or markup?
261 | For \code{x.train}/{x.test} with missing data elements, \code{gbart}
| ^
checkRd: (-1) mbart.Rd:10: Lost braces; missing escapes or markup?
10 | {y = f(x) + e}, where \eqn{\epsilon \sim N(0, 1)}{e ~ N(0, 1)}.\cr
| ^
checkRd: (-1) mbart2.Rd:10: Lost braces; missing escapes or markup?
10 | {y = f(x) + e}, where \eqn{\epsilon \sim N(0, 1)}{e ~ N(0, 1)}.\cr
| ^
Flavors: r-devel-linux-x86_64-debian-clang, r-devel-linux-x86_64-debian-gcc
Version: 2.9.4
Check: whether package can be installed
Result: WARN
Found the following significant warnings:
cabart.cpp:289:54: warning: format '%lu' expects argument of type 'long unsigned int', but argument 3 has type 'size_t' {aka 'long long unsigned int'} [-Wformat=]
cgbart.cpp:324:54: warning: format '%lu' expects argument of type 'long unsigned int', but argument 3 has type 'size_t' {aka 'long long unsigned int'} [-Wformat=]
cpbart.cpp:296:54: warning: format '%lu' expects argument of type 'long unsigned int', but argument 3 has type 'size_t' {aka 'long long unsigned int'} [-Wformat=]
cwbart.cpp:286:54: warning: format '%lu' expects argument of type 'long unsigned int', but argument 3 has type 'size_t' {aka 'long long unsigned int'} [-Wformat=]
See 'd:/Rcompile/CRANpkg/local/4.4/BART.Rcheck/00install.out' for details.
* used C compiler: 'gcc.exe (GCC) 12.3.0'
* used C++ compiler: 'g++.exe (GCC) 12.3.0'
Flavor: r-devel-windows-x86_64
Version: 2.9.4
Check: installed package size
Result: NOTE
installed size is 5.8Mb
sub-directories of 1Mb or more:
data 3.1Mb
libs 1.2Mb
Flavors: r-devel-windows-x86_64, r-release-macos-arm64, r-release-macos-x86_64, r-release-windows-x86_64, r-oldrel-macos-arm64, r-oldrel-macos-x86_64, r-oldrel-windows-x86_64