Last updated on 2023-12-02 18:53:35 CET.
Flavor | Version | Tinstall | Tcheck | Ttotal | Status | Flags |
---|---|---|---|---|---|---|
r-devel-linux-x86_64-debian-clang | 1.0.1 | 116.82 | 248.30 | 365.12 | NOTE | |
r-devel-linux-x86_64-debian-gcc | 1.0.1 | 76.76 | 180.76 | 257.52 | NOTE | |
r-devel-linux-x86_64-fedora-clang | 1.0.1 | 457.92 | NOTE | |||
r-devel-linux-x86_64-fedora-gcc | 1.0.1 | 463.27 | OK | |||
r-devel-windows-x86_64 | 1.0.1 | 76.00 | 235.00 | 311.00 | NOTE | |
r-patched-linux-x86_64 | 1.0.1 | 85.60 | 233.58 | 319.18 | OK | |
r-release-linux-x86_64 | 1.0.1 | 70.69 | 229.90 | 300.59 | OK | |
r-release-macos-arm64 | 1.0.1 | 8.00 | ERROR | |||
r-release-macos-x86_64 | 1.0.1 | 11.00 | ERROR | |||
r-release-windows-x86_64 | 1.0.1 | 106.00 | 261.00 | 367.00 | NOTE | |
r-oldrel-macos-arm64 | 1.0.1 | 9.00 | ERROR | |||
r-oldrel-macos-x86_64 | 1.0.1 | 11.00 | ERROR | |||
r-oldrel-windows-x86_64 | 1.0.1 | 96.00 | 254.00 | 350.00 | NOTE |
Version: 1.0.1
Check: Rd files
Result: NOTE
checkRd: (-1) BayesT.Rd:18: Lost braces
18 | discrepancy measure T(bm{y}, bm{Theta}) with following steps
| ^
checkRd: (-1) BayesT.Rd:18: Lost braces
18 | discrepancy measure T(bm{y}, bm{Theta}) with following steps
| ^
Flavors: r-devel-linux-x86_64-debian-clang, r-devel-linux-x86_64-debian-gcc
Version: 1.0.1
Check: installed package size
Result: NOTE
installed size is 5.2Mb
sub-directories of 1Mb or more:
doc 1.2Mb
extdata 3.3Mb
Flavors: r-devel-linux-x86_64-fedora-clang, r-devel-windows-x86_64, r-release-windows-x86_64, r-oldrel-windows-x86_64
Version: 1.0.1
Check: package dependencies
Result: ERROR
Package required but not available: ‘mixAK’
See section ‘The DESCRIPTION file’ in the ‘Writing R Extensions’
manual.
Flavors: r-release-macos-arm64, r-release-macos-x86_64, r-oldrel-macos-arm64, r-oldrel-macos-x86_64