Last updated on 2025-01-20 20:48:20 CET.
Flavor | Version | Tinstall | Tcheck | Ttotal | Status | Flags |
---|---|---|---|---|---|---|
r-devel-linux-x86_64-debian-clang | 2.1.5 | 98.86 | 387.97 | 486.83 | OK | |
r-devel-linux-x86_64-debian-gcc | 2.1.5 | 70.99 | 271.05 | 342.04 | OK | |
r-devel-linux-x86_64-fedora-clang | 2.1.5 | 791.58 | OK | |||
r-devel-linux-x86_64-fedora-gcc | 2.1.5 | 787.30 | OK | |||
r-devel-windows-x86_64 | 2.1.5 | 82.00 | 385.00 | 467.00 | OK | |
r-patched-linux-x86_64 | 2.1.5 | 89.21 | 368.36 | 457.57 | OK | |
r-release-linux-x86_64 | 2.1.5 | 97.49 | 370.07 | 467.56 | OK | |
r-release-macos-arm64 | 2.1.5 | 182.00 | NOTE | |||
r-release-macos-x86_64 | 2.1.5 | 289.00 | NOTE | |||
r-release-windows-x86_64 | 2.1.5 | 81.00 | 384.00 | 465.00 | NOTE | |
r-oldrel-macos-arm64 | 2.1.5 | 215.00 | NOTE | |||
r-oldrel-macos-x86_64 | 2.1.5 | 347.00 | NOTE | |||
r-oldrel-windows-x86_64 | 2.1.5 | 107.00 | 494.00 | 601.00 | NOTE |
Version: 2.1.5
Check: installed package size
Result: NOTE
installed size is 12.9Mb
sub-directories of 1Mb or more:
doc 3.3Mb
help 1.1Mb
libs 7.7Mb
Flavors: r-release-macos-arm64, r-release-macos-x86_64, r-release-windows-x86_64, r-oldrel-macos-arm64, r-oldrel-macos-x86_64, r-oldrel-windows-x86_64