CRAN Package Check Results for Package BLSM

Last updated on 2024-02-24 18:54:44 CET.

Flavor Version Tinstall Tcheck Ttotal Status Flags
r-devel-linux-x86_64-debian-clang 0.1.0 32.88 35.14 68.02 NOTE
r-devel-linux-x86_64-debian-gcc 0.1.0 25.36 27.29 52.65 NOTE
r-devel-linux-x86_64-fedora-clang 0.1.0 96.25 NOTE
r-devel-linux-x86_64-fedora-gcc 0.1.0 97.19 NOTE
r-devel-windows-x86_64 0.1.0 28.00 69.00 97.00 OK
r-patched-linux-x86_64 0.1.0 30.84 35.67 66.51 OK
r-release-linux-x86_64 0.1.0 31.47 35.19 66.66 OK
r-release-macos-arm64 0.1.0 30.00 OK
r-release-macos-x86_64 0.1.0 43.00 OK
r-release-windows-x86_64 0.1.0 35.00 78.00 113.00 OK
r-oldrel-macos-arm64 0.1.0 29.00 OK
r-oldrel-windows-x86_64 0.1.0 31.00 74.00 105.00 OK

Check Details

Version: 0.1.0
Check: Rd files
Result: NOTE checkRd: (-1) estimate_latent_positions.Rd:51: Lost braces 51 | \item \code{Alpha }{\eqn{\alpha} values from the sampled iterations} | ^ checkRd: (-1) estimate_latent_positions.Rd:52: Lost braces 52 | \item \code{Likelihood }{Log-likelihood values from the sampled iterations} | ^ checkRd: (-1) estimate_latent_positions.Rd:53-57: Lost braces 53 | \item \code{Iterations }{Latent space coordinates from the sampled iterations. Latent positions are stored in a | ^ checkRd: (-1) estimate_latent_positions.Rd:58: Lost braces 58 | \item \code{StartingPositions }{Latent space coordinates right after the initialization step. In the non-Procrustean framework starting distances are given instead.} | ^ checkRd: (-1) estimate_latent_positions.Rd:59: Lost braces 59 | \item \code{Matrix }{Original matrices of the network (adjacency and BLSM weights)} | ^ checkRd: (-1) estimate_latent_positions.Rd:60: Lost braces 60 | \item \code{Parameters }{List of parameters specified during the call to \link[BLSM]{estimate_latent_positions}} | ^ checkRd: (-1) example_blsm_obj.Rd:9: Lost braces 9 | \item \code{Alpha }{\eqn{\alpha} values from the sampled iterations} | ^ checkRd: (-1) example_blsm_obj.Rd:10: Lost braces 10 | \item \code{Likelihood }{Log-likelihood values from the sampled iterations} | ^ checkRd: (-1) example_blsm_obj.Rd:11-15: Lost braces 11 | \item \code{Iterations }{Latent space coordinates from the sampled iterations. Latent positions are stored in a | ^ checkRd: (-1) example_blsm_obj.Rd:16: Lost braces 16 | \item \code{StartingPositions }{Latent space coordinates right after the initialization step. In the non-Procrustean framework starting distances are given instead.} | ^ checkRd: (-1) example_blsm_obj.Rd:17: Lost braces 17 | \item \code{Matrix }{Original matrices of the network (adjacency and BLSM weights)} | ^ checkRd: (-1) example_blsm_obj.Rd:18: Lost braces 18 | \item \code{Parameters }{List of parameters specified during the call to \link[BLSM]{estimate_latent_positions}} | ^ Flavors: r-devel-linux-x86_64-debian-clang, r-devel-linux-x86_64-debian-gcc, r-devel-linux-x86_64-fedora-clang, r-devel-linux-x86_64-fedora-gcc