CRAN Package Check Results for Package BSPBSS

Last updated on 2024-02-24 18:54:44 CET.

Flavor Version Tinstall Tcheck Ttotal Status Flags
r-devel-linux-x86_64-debian-clang 1.0.5 45.94 171.78 217.72 NOTE
r-devel-linux-x86_64-debian-gcc 1.0.5 40.26 123.71 163.97 NOTE
r-devel-linux-x86_64-fedora-clang 1.0.5 289.68 NOTE
r-devel-linux-x86_64-fedora-gcc 1.0.5 299.51 NOTE
r-devel-windows-x86_64 1.0.5 42.00 146.00 188.00 NOTE
r-patched-linux-x86_64 1.0.5 45.96 160.17 206.13 NOTE
r-release-linux-x86_64 1.0.5 50.87 159.05 209.92 NOTE
r-release-macos-arm64 1.0.5 91.00 NOTE
r-release-macos-x86_64 1.0.5 141.00 NOTE
r-release-windows-x86_64 1.0.5 52.00 183.00 235.00 NOTE
r-oldrel-macos-arm64 1.0.5 73.00 NOTE
r-oldrel-windows-x86_64 1.0.5 52.00 172.00 224.00 NOTE

Check Details

Version: 1.0.5
Check: C++ specification
Result: NOTE Specified C++11: please drop specification unless essential Flavors: r-devel-linux-x86_64-debian-clang, r-devel-linux-x86_64-debian-gcc, r-devel-linux-x86_64-fedora-clang, r-devel-linux-x86_64-fedora-gcc, r-devel-windows-x86_64, r-patched-linux-x86_64, r-release-linux-x86_64, r-release-macos-arm64, r-release-macos-x86_64, r-release-windows-x86_64

Version: 1.0.5
Check: for GNU extensions in Makefiles
Result: NOTE GNU make is a SystemRequirements. Flavors: r-devel-linux-x86_64-debian-clang, r-devel-linux-x86_64-debian-gcc, r-devel-linux-x86_64-fedora-clang, r-devel-linux-x86_64-fedora-gcc, r-devel-windows-x86_64, r-patched-linux-x86_64, r-release-linux-x86_64, r-release-macos-arm64, r-release-macos-x86_64, r-release-windows-x86_64, r-oldrel-macos-arm64, r-oldrel-windows-x86_64