CRAN Package Check Results for Package BVSNLP

Last updated on 2023-12-04 18:52:10 CET.

Flavor Version Tinstall Tcheck Ttotal Status Flags
r-devel-linux-x86_64-debian-clang 1.1.9 72.90 43.17 116.07 NOTE
r-devel-linux-x86_64-debian-gcc 1.1.9 63.76 34.63 98.39 NOTE
r-devel-linux-x86_64-fedora-clang 1.1.9 160.59 NOTE
r-devel-linux-x86_64-fedora-gcc 1.1.9 189.33 NOTE
r-devel-windows-x86_64 1.1.9 59.00 85.00 144.00 NOTE
r-patched-linux-x86_64 1.1.9 68.45 46.05 114.50 NOTE
r-release-linux-x86_64 1.1.9 70.07 44.90 114.97 NOTE
r-release-macos-arm64 1.1.9 56.00 NOTE
r-release-macos-x86_64 1.1.9 78.00 NOTE
r-release-windows-x86_64 1.1.9 76.00 90.00 166.00 NOTE
r-oldrel-macos-arm64 1.1.9 47.00 NOTE
r-oldrel-macos-x86_64 1.1.9 56.00 NOTE
r-oldrel-windows-x86_64 1.1.9 70.00 86.00 156.00 NOTE

Check Details

Version: 1.1.9
Check: C++ specification
Result: NOTE Specified C++11: please drop specification unless essential Flavors: r-devel-linux-x86_64-debian-clang, r-devel-linux-x86_64-debian-gcc, r-devel-linux-x86_64-fedora-clang, r-devel-linux-x86_64-fedora-gcc, r-devel-windows-x86_64, r-patched-linux-x86_64, r-release-linux-x86_64, r-release-macos-arm64, r-release-macos-x86_64, r-release-windows-x86_64

Version: 1.1.9
Check: LazyData
Result: NOTE 'LazyData' is specified without a 'data' directory Flavors: r-devel-linux-x86_64-debian-clang, r-devel-linux-x86_64-debian-gcc, r-devel-linux-x86_64-fedora-clang, r-devel-linux-x86_64-fedora-gcc, r-devel-windows-x86_64, r-patched-linux-x86_64, r-release-linux-x86_64, r-release-macos-arm64, r-release-macos-x86_64, r-release-windows-x86_64, r-oldrel-macos-arm64, r-oldrel-macos-x86_64, r-oldrel-windows-x86_64

Version: 1.1.9
Check: package dependencies
Result: NOTE Package suggested but not available for checking: ‘doMPI’ Flavors: r-release-macos-arm64, r-release-macos-x86_64, r-oldrel-macos-arm64, r-oldrel-macos-x86_64

Version: 1.1.9
Check: installed package size
Result: NOTE installed size is 20.0Mb sub-directories of 1Mb or more: libs 19.8Mb Flavors: r-release-macos-arm64, r-release-macos-x86_64, r-oldrel-macos-arm64, r-oldrel-macos-x86_64