Last updated on 2023-12-01 18:50:50 CET.
Flavor | Version | Tinstall | Tcheck | Ttotal | Status | Flags |
---|---|---|---|---|---|---|
r-devel-linux-x86_64-debian-clang | 0.9.12-4.5 | 284.18 | 337.32 | 621.50 | WARN | |
r-devel-linux-x86_64-debian-gcc | 0.9.12-4.5 | 206.92 | 258.99 | 465.91 | WARN | |
r-devel-linux-x86_64-fedora-clang | 0.9.12-4.6 | 875.00 | OK | |||
r-devel-linux-x86_64-fedora-gcc | 0.9.12-4.6 | 868.95 | OK | |||
r-devel-windows-x86_64 | 0.9.12-4.5 | 218.00 | 294.00 | 512.00 | WARN | |
r-patched-linux-x86_64 | 0.9.12-4.5 | 251.64 | 324.94 | 576.58 | OK | |
r-release-linux-x86_64 | 0.9.12-4.5 | 232.60 | 326.34 | 558.94 | OK | |
r-release-macos-arm64 | 0.9.12-4.5 | 180.00 | NOTE | |||
r-release-macos-x86_64 | 0.9.12-4.5 | 422.00 | NOTE | |||
r-release-windows-x86_64 | 0.9.12-4.5 | 288.00 | 354.00 | 642.00 | NOTE | |
r-oldrel-macos-arm64 | 0.9.12-4.5 | 171.00 | NOTE | |||
r-oldrel-macos-x86_64 | 0.9.12-4.5 | 1481.00 | NOTE | |||
r-oldrel-windows-x86_64 | 0.9.12-4.5 | 267.00 | 335.00 | 602.00 | NOTE |
Version: 0.9.12-4.5
Check: whether package can be installed
Result: WARN
Found the following significant warnings:
RcppExports.cpp:156:18: warning: format string is not a string literal (potentially insecure) [-Wformat-security]
See ‘/home/hornik/tmp/R.check/r-devel-clang/Work/PKGS/BayesFactor.Rcheck/00install.out’ for details.
* used C++ compiler: ‘Debian clang version 17.0.5 (1)’
Flavor: r-devel-linux-x86_64-debian-clang
Version: 0.9.12-4.5
Check: whether package can be installed
Result: WARN
Found the following significant warnings:
interruptable_progress_monitor.h:188:30: warning: repeated ' ' flag in format [-Wformat=]
interruptable_progress_monitor.h:188:31: warning: repeated ' ' flag in format [-Wformat=]
interruptable_progress_monitor.h:188:34: warning: unknown conversion type character ‘ ’ in format [-Wformat=]
interruptable_progress_monitor.h:188:81: warning: unknown conversion type character ‘\x0a’ in format [-Wformat=]
See ‘/home/hornik/tmp/R.check/r-devel-gcc/Work/PKGS/BayesFactor.Rcheck/00install.out’ for details.
* used C++ compiler: ‘g++-13 (Debian 13.2.0-5) 13.2.0’
Flavor: r-devel-linux-x86_64-debian-gcc
Version: 0.9.12-4.5
Check: package dependencies
Result: NOTE
Package suggested but not available for checking: 'doMC'
Flavors: r-devel-windows-x86_64, r-release-windows-x86_64, r-oldrel-windows-x86_64
Version: 0.9.12-4.5
Check: whether package can be installed
Result: WARN
Found the following significant warnings:
interruptable_progress_monitor.h:188:30: warning: repeated ' ' flag in format [-Wformat=]
interruptable_progress_monitor.h:188:31: warning: repeated ' ' flag in format [-Wformat=]
interruptable_progress_monitor.h:188:34: warning: unknown conversion type character ' ' in format [-Wformat=]
interruptable_progress_monitor.h:188:81: warning: unknown conversion type character '\x0a' in format [-Wformat=]
See 'd:/Rcompile/CRANpkg/local/4.4/BayesFactor.Rcheck/00install.out' for details.
* used C++ compiler: 'g++.exe (GCC) 12.3.0'
Flavor: r-devel-windows-x86_64
Version: 0.9.12-4.5
Check: installed package size
Result: NOTE
installed size is 5.1Mb
sub-directories of 1Mb or more:
doc 2.6Mb
libs 1.5Mb
Flavors: r-devel-windows-x86_64, r-release-macos-arm64, r-release-macos-x86_64, r-release-windows-x86_64, r-oldrel-macos-arm64, r-oldrel-macos-x86_64, r-oldrel-windows-x86_64