CRAN Package Check Results for Package BayesFactor

Last updated on 2024-06-13 20:49:01 CEST.

Flavor Version Tinstall Tcheck Ttotal Status Flags
r-devel-linux-x86_64-debian-clang 0.9.12-4.7 334.72 457.80 792.52 OK
r-devel-linux-x86_64-debian-gcc 0.9.12-4.7 1.27 1.90 3.17 ERROR
r-devel-linux-x86_64-fedora-clang 0.9.12-4.7 1079.39 NOTE
r-devel-linux-x86_64-fedora-gcc 0.9.12-4.7 1109.09 OK
r-devel-windows-x86_64 0.9.12-4.7 237.00 283.00 520.00 NOTE
r-patched-linux-x86_64 0.9.12-4.7 271.64 458.31 729.95 OK
r-release-linux-x86_64 0.9.12-4.7 280.11 458.88 738.99 OK
r-release-macos-arm64 0.9.12-4.7 186.00 NOTE
r-release-macos-x86_64 0.9.12-4.7 237.00 NOTE
r-release-windows-x86_64 0.9.12-4.7 236.00 294.00 530.00 NOTE
r-oldrel-macos-arm64 0.9.12-4.7 190.00 NOTE
r-oldrel-macos-x86_64 0.9.12-4.7 399.00 NOTE
r-oldrel-windows-x86_64 0.9.12-4.7 288.00 347.00 635.00 NOTE

Check Details

Version: 0.9.12-4.7
Check: package dependencies
Result: ERROR Package required but not available: ‘stringr’ Packages suggested but not available for checking: 'testthat', 'arm', 'lme4' See section ‘The DESCRIPTION file’ in the ‘Writing R Extensions’ manual. Flavor: r-devel-linux-x86_64-debian-gcc

Version: 0.9.12-4.7
Check: installed package size
Result: NOTE installed size is 12.5Mb sub-directories of 1Mb or more: doc 10.9Mb Flavors: r-devel-linux-x86_64-fedora-clang, r-devel-windows-x86_64, r-release-macos-arm64, r-release-macos-x86_64, r-release-windows-x86_64, r-oldrel-macos-arm64, r-oldrel-macos-x86_64, r-oldrel-windows-x86_64

Version: 0.9.12-4.7
Check: package dependencies
Result: NOTE Package suggested but not available for checking: 'doMC' Flavors: r-devel-windows-x86_64, r-release-windows-x86_64, r-oldrel-windows-x86_64