Last updated on 2023-12-01 18:50:50 CET.
Flavor | Version | Tinstall | Tcheck | Ttotal | Status | Flags |
---|---|---|---|---|---|---|
r-devel-linux-x86_64-debian-clang | 0.1.5 | 696.88 | 233.62 | 930.50 | NOTE | |
r-devel-linux-x86_64-debian-gcc | 0.1.5 | 566.01 | 219.69 | 785.70 | NOTE | |
r-devel-linux-x86_64-fedora-clang | 0.1.5 | 1145.85 | NOTE | |||
r-devel-linux-x86_64-fedora-gcc | 0.1.5 | 1526.43 | NOTE | |||
r-devel-windows-x86_64 | 0.1.5 | 516.00 | 250.00 | 766.00 | NOTE | |
r-patched-linux-x86_64 | 0.1.5 | 500.86 | 282.96 | 783.82 | NOTE | |
r-release-linux-x86_64 | 0.1.5 | 518.90 | 282.17 | 801.07 | NOTE | |
r-release-macos-arm64 | 0.1.5 | 347.00 | NOTE | |||
r-release-macos-x86_64 | 0.1.5 | 528.00 | NOTE | |||
r-release-windows-x86_64 | 0.1.5 | 670.00 | 301.00 | 971.00 | NOTE | |
r-oldrel-macos-arm64 | 0.1.5 | 219.00 | NOTE | |||
r-oldrel-macos-x86_64 | 0.1.5 | 376.00 | NOTE | |||
r-oldrel-windows-x86_64 | 0.1.5 | 612.00 | 288.00 | 900.00 | NOTE |
Version: 0.1.5
Check: for GNU extensions in Makefiles
Result: NOTE
GNU make is a SystemRequirements.
Flavors: r-devel-linux-x86_64-debian-clang, r-devel-linux-x86_64-debian-gcc, r-devel-linux-x86_64-fedora-clang, r-devel-linux-x86_64-fedora-gcc, r-devel-windows-x86_64, r-patched-linux-x86_64, r-release-linux-x86_64, r-release-macos-arm64, r-release-macos-x86_64, r-release-windows-x86_64, r-oldrel-macos-arm64, r-oldrel-macos-x86_64, r-oldrel-windows-x86_64
Version: 0.1.5
Check: installed package size
Result: NOTE
installed size is 6.8Mb
sub-directories of 1Mb or more:
libs 6.4Mb
Flavors: r-devel-linux-x86_64-fedora-clang, r-devel-windows-x86_64, r-release-macos-arm64, r-release-macos-x86_64, r-release-windows-x86_64, r-oldrel-macos-arm64, r-oldrel-macos-x86_64, r-oldrel-windows-x86_64
Version: 0.1.5
Check: dependencies in R code
Result: NOTE
Namespaces in Imports field not imported from:
‘RcppParallel’ ‘rstantools’
All declared Imports should be used.
Flavors: r-devel-linux-x86_64-fedora-clang, r-devel-linux-x86_64-fedora-gcc, r-oldrel-macos-arm64, r-oldrel-macos-x86_64