Last updated on 2023-12-04 18:52:09 CET.
Flavor | Version | Tinstall | Tcheck | Ttotal | Status | Flags |
---|---|---|---|---|---|---|
r-devel-linux-x86_64-debian-clang | 2.2 | 3.78 | 39.91 | 43.69 | OK | |
r-devel-linux-x86_64-debian-gcc | 2.2 | 2.98 | 30.07 | 33.05 | OK | |
r-devel-linux-x86_64-fedora-clang | 2.2 | 54.28 | NOTE | |||
r-devel-linux-x86_64-fedora-gcc | 2.2 | 51.74 | NOTE | |||
r-devel-windows-x86_64 | 2.2 | 5.00 | 52.00 | 57.00 | OK | |
r-patched-linux-x86_64 | 2.2 | 4.47 | 38.49 | 42.96 | OK | |
r-release-linux-x86_64 | 2.2 | 4.42 | 38.42 | 42.84 | OK | |
r-release-macos-arm64 | 2.2 | 27.00 | OK | |||
r-release-macos-x86_64 | 2.2 | 53.00 | OK | |||
r-release-windows-x86_64 | 2.2 | 5.00 | 54.00 | 59.00 | OK | |
r-oldrel-macos-arm64 | 2.2 | 29.00 | OK | |||
r-oldrel-macos-x86_64 | 2.2 | 35.00 | OK | |||
r-oldrel-windows-x86_64 | 2.2 | 6.00 | 63.00 | 69.00 | OK |
Version: 2.2
Check: data for non-ASCII characters
Result: NOTE
Note: found 42 marked UTF-8 strings
Flavors: r-devel-linux-x86_64-fedora-clang, r-devel-linux-x86_64-fedora-gcc