Last updated on 2023-12-01 18:50:50 CET.
Flavor | Version | Tinstall | Tcheck | Ttotal | Status | Flags |
---|---|---|---|---|---|---|
r-devel-linux-x86_64-debian-clang | 0.2.2 | 7.08 | 54.59 | 61.67 | NOTE | |
r-devel-linux-x86_64-debian-gcc | 0.2.2 | 5.63 | 40.40 | 46.03 | NOTE | |
r-devel-linux-x86_64-fedora-clang | 0.2.2 | 77.51 | OK | |||
r-devel-linux-x86_64-fedora-gcc | 0.2.2 | 72.09 | OK | |||
r-devel-windows-x86_64 | 0.2.2 | 7.00 | 63.00 | 70.00 | OK | |
r-patched-linux-x86_64 | 0.2.2 | 8.07 | 51.93 | 60.00 | OK | |
r-release-linux-x86_64 | 0.2.2 | 7.58 | 51.12 | 58.70 | OK | |
r-release-macos-arm64 | 0.2.2 | 24.00 | OK | |||
r-release-macos-x86_64 | 0.2.2 | 36.00 | OK | |||
r-release-windows-x86_64 | 0.2.2 | 10.00 | 72.00 | 82.00 | OK | |
r-oldrel-macos-arm64 | 0.2.2 | 20.00 | OK | |||
r-oldrel-macos-x86_64 | 0.2.2 | 33.00 | OK | |||
r-oldrel-windows-x86_64 | 0.2.2 | 11.00 | 71.00 | 82.00 | OK |
Version: 0.2.2
Check: Rd files
Result: NOTE
checkRd: (-1) module_calibrationfile_server.Rd:19: Lost braces; missing escapes or markup?
19 | expression: input_re = reactive({input})}
| ^
checkRd: (-1) module_correctedplots_server.Rd:19: Lost braces; missing escapes or markup?
19 | expression: input_re = reactive({input})}
| ^
checkRd: (-1) module_correctedstats_server.Rd:19: Lost braces; missing escapes or markup?
19 | expression: input_re = reactive({input})}
| ^
checkRd: (-1) module_fileupload_server.Rd:19: Lost braces; missing escapes or markup?
19 | expression: input_re = reactive({input})}
| ^
checkRd: (-1) module_info_server.Rd:19: Lost braces; missing escapes or markup?
19 | expression: input_re = reactive({input})}
| ^
checkRd: (-1) module_log_server.Rd:19: Lost braces; missing escapes or markup?
19 | expression: input_re = reactive({input})}
| ^
checkRd: (-1) module_modelselection_server.Rd:19: Lost braces; missing escapes or markup?
19 | expression: input_re = reactive({input})}
| ^
checkRd: (-1) module_plotting_server.Rd:19: Lost braces; missing escapes or markup?
19 | expression: input_re = reactive({input})}
| ^
checkRd: (-1) module_results_server.Rd:19: Lost braces; missing escapes or markup?
19 | expression: input_re = reactive({input})}
| ^
checkRd: (-1) module_settings_server.Rd:19: Lost braces; missing escapes or markup?
19 | expression: input_re = reactive({input})}
| ^
checkRd: (-1) module_statistics_server.Rd:19: Lost braces; missing escapes or markup?
19 | expression: input_re = reactive({input})}
| ^
Flavors: r-devel-linux-x86_64-debian-clang, r-devel-linux-x86_64-debian-gcc