Last updated on 2023-12-04 18:52:09 CET.
Flavor | Version | Tinstall | Tcheck | Ttotal | Status | Flags |
---|---|---|---|---|---|---|
r-devel-linux-x86_64-debian-clang | 2.0.11 | 11.70 | 26.64 | 38.34 | OK | |
r-devel-linux-x86_64-debian-gcc | 2.0.11 | 9.02 | 20.81 | 29.83 | OK | |
r-devel-linux-x86_64-fedora-clang | 2.0.11 | 47.57 | NOTE | |||
r-devel-linux-x86_64-fedora-gcc | 2.0.11 | 62.73 | NOTE | |||
r-devel-windows-x86_64 | 2.0.11 | 13.00 | 52.00 | 65.00 | OK | |
r-patched-linux-x86_64 | 2.0.11 | 9.59 | 26.28 | 35.87 | OK | |
r-release-linux-x86_64 | 2.0.11 | 10.80 | 26.63 | 37.43 | OK | |
r-release-macos-arm64 | 2.0.11 | 29.00 | OK | |||
r-release-macos-x86_64 | 2.0.11 | 80.00 | OK | |||
r-release-windows-x86_64 | 2.0.11 | 14.00 | 51.00 | 65.00 | OK | |
r-oldrel-macos-arm64 | 2.0.11 | 26.00 | OK | |||
r-oldrel-macos-x86_64 | 2.0.11 | 36.00 | OK | |||
r-oldrel-windows-x86_64 | 2.0.11 | 17.00 | 53.00 | 70.00 | OK |
Version: 2.0.11
Check: compiled code
Result: NOTE
File ‘BiasedUrn/libs/BiasedUrn.so’:
Found no calls to: ‘R_registerRoutines’, ‘R_useDynamicSymbols’
It is good practice to register native routines and to disable symbol
search.
See ‘Writing portable packages’ in the ‘Writing R Extensions’ manual.
Flavors: r-devel-linux-x86_64-fedora-clang, r-devel-linux-x86_64-fedora-gcc