CRAN Package Check Results for Package Bios2cor

Last updated on 2024-02-24 18:54:44 CET.

Flavor Version Tinstall Tcheck Ttotal Status Flags
r-devel-linux-x86_64-debian-clang 2.2.1 8.87 129.36 138.23 NOTE
r-devel-linux-x86_64-debian-gcc 2.2.1 6.04 95.41 101.45 NOTE
r-devel-linux-x86_64-fedora-clang 2.2.1 175.76 NOTE
r-devel-linux-x86_64-fedora-gcc 2.2.1 173.21 NOTE
r-devel-windows-x86_64 2.2.1 7.00 127.00 134.00 NOTE
r-patched-linux-x86_64 2.2.1 11.36 129.93 141.29 OK
r-release-linux-x86_64 2.2.1 7.40 126.49 133.89 OK
r-release-macos-arm64 2.2.1 56.00 OK
r-release-macos-x86_64 2.2.1 79.00 OK
r-release-windows-x86_64 2.2.1 10.00 145.00 155.00 OK
r-oldrel-macos-arm64 2.2.1 50.00 OK
r-oldrel-windows-x86_64 2.2.1 10.00 148.00 158.00 OK

Check Details

Version: 2.2.1
Check: Rd files
Result: NOTE checkRd: (-1) dynamic_omes.Rd:45: Lost braces in \itemize; meant \describe ? checkRd: (-1) dynamic_omes.Rd:46: Lost braces in \itemize; meant \describe ? checkRd: (-1) dynamic_omes.Rd:47: Lost braces in \itemize; meant \describe ? checkRd: (-1) dynamic_omes.Rd:48: Lost braces in \itemize; meant \describe ? checkRd: (-1) dynamic_omes.Rd:49: Lost braces in \itemize; meant \describe ? checkRd: (-1) elsc.Rd:39: Lost braces in \itemize; meant \describe ? checkRd: (-1) elsc.Rd:40: Lost braces in \itemize; meant \describe ? checkRd: (-1) elsc.Rd:41: Lost braces in \itemize; meant \describe ? checkRd: (-1) entropy.Rd:35: Lost braces in \itemize; meant \describe ? checkRd: (-1) entropy.Rd:36: Lost braces in \itemize; meant \describe ? checkRd: (-1) entropy.Rd:37: Lost braces in \itemize; meant \describe ? checkRd: (-1) mcbasc.Rd:36: Lost braces in \itemize; meant \describe ? checkRd: (-1) mcbasc.Rd:37: Lost braces in \itemize; meant \describe ? checkRd: (-1) mcbasc.Rd:38: Lost braces in \itemize; meant \describe ? checkRd: (-1) mcbasc.Rd:39: Lost braces in \itemize; meant \describe ? checkRd: (-1) mcbasc.Rd:40: Lost braces in \itemize; meant \describe ? checkRd: (-1) mcbasc.Rd:41: Lost braces in \itemize; meant \describe ? checkRd: (-1) omes.Rd:37: Lost braces in \itemize; meant \describe ? checkRd: (-1) omes.Rd:38: Lost braces in \itemize; meant \describe ? checkRd: (-1) omes.Rd:39: Lost braces in \itemize; meant \describe ? checkRd: (-1) omes.Rd:40: Lost braces in \itemize; meant \describe ? checkRd: (-1) omes.Rd:41: Lost braces in \itemize; meant \describe ? Flavors: r-devel-linux-x86_64-debian-clang, r-devel-linux-x86_64-debian-gcc, r-devel-linux-x86_64-fedora-clang, r-devel-linux-x86_64-fedora-gcc

Version: 2.2.1
Check: Rd metadata
Result: NOTE Invalid package aliases in Rd file 'bios2cor-package.Rd': ‘bios2cor-package’ Flavors: r-devel-linux-x86_64-debian-clang, r-devel-linux-x86_64-debian-gcc, r-devel-linux-x86_64-fedora-clang, r-devel-linux-x86_64-fedora-gcc, r-devel-windows-x86_64