Last updated on 2023-12-04 18:52:09 CET.
Flavor | Version | Tinstall | Tcheck | Ttotal | Status | Flags |
---|---|---|---|---|---|---|
r-devel-linux-x86_64-debian-clang | 1.0.4 | 2.13 | 20.65 | 22.78 | NOTE | |
r-devel-linux-x86_64-debian-gcc | 1.0.4 | 1.91 | 15.79 | 17.70 | NOTE | |
r-devel-linux-x86_64-fedora-clang | 1.0.4 | 29.03 | NOTE | |||
r-devel-linux-x86_64-fedora-gcc | 1.0.4 | 40.35 | NOTE | |||
r-devel-windows-x86_64 | 1.0.4 | 3.00 | 42.00 | 45.00 | NOTE | |
r-patched-linux-x86_64 | 1.0.4 | 2.05 | 19.41 | 21.46 | NOTE | |
r-release-linux-x86_64 | 1.0.4 | 1.75 | 19.56 | 21.31 | NOTE | |
r-release-macos-arm64 | 1.0.4 | 23.00 | NOTE | |||
r-release-macos-x86_64 | 1.0.4 | 32.00 | NOTE | |||
r-release-windows-x86_64 | 1.0.4 | 4.00 | 47.00 | 51.00 | NOTE | |
r-oldrel-macos-arm64 | 1.0.4 | 18.00 | NOTE | |||
r-oldrel-macos-x86_64 | 1.0.4 | 25.00 | NOTE | |||
r-oldrel-windows-x86_64 | 1.0.4 | 4.00 | 43.00 | 47.00 | OK |
Version: 1.0.4
Check: package subdirectories
Result: NOTE
Problems with news in ‘NEWS.md’:
No news entries found.
Flavors: r-devel-linux-x86_64-debian-clang, r-devel-linux-x86_64-debian-gcc, r-devel-linux-x86_64-fedora-clang, r-devel-linux-x86_64-fedora-gcc, r-devel-windows-x86_64, r-patched-linux-x86_64, r-release-linux-x86_64, r-release-macos-arm64, r-release-macos-x86_64, r-release-windows-x86_64
Version: 1.0.4
Check: data for non-ASCII characters
Result: NOTE
Note: found 46 marked UTF-8 strings
Flavors: r-devel-linux-x86_64-fedora-clang, r-devel-linux-x86_64-fedora-gcc, r-oldrel-macos-arm64, r-oldrel-macos-x86_64