Last updated on 2023-12-05 18:49:18 CET.
Flavor | Version | Tinstall | Tcheck | Ttotal | Status | Flags |
---|---|---|---|---|---|---|
r-devel-linux-x86_64-debian-clang | 0.78 | 27.15 | 62.32 | 89.47 | NOTE | |
r-devel-linux-x86_64-debian-gcc | 0.78 | 16.34 | 48.15 | 64.49 | NOTE | |
r-devel-linux-x86_64-fedora-clang | 0.78 | 113.73 | NOTE | |||
r-devel-linux-x86_64-fedora-gcc | 0.78 | 107.94 | NOTE | |||
r-devel-windows-x86_64 | 0.78 | 19.00 | 96.00 | 115.00 | OK | |
r-patched-linux-x86_64 | 0.78 | 20.75 | 62.07 | 82.82 | OK | |
r-release-linux-x86_64 | 0.78 | 19.78 | 62.03 | 81.81 | OK | |
r-release-macos-arm64 | 0.78 | 42.00 | OK | |||
r-release-macos-x86_64 | 0.78 | 99.00 | OK | |||
r-release-windows-x86_64 | 0.78 | 23.00 | 110.00 | 133.00 | OK | |
r-oldrel-macos-arm64 | 0.78 | 38.00 | OK | |||
r-oldrel-macos-x86_64 | 0.78 | 50.00 | OK | |||
r-oldrel-windows-x86_64 | 0.78 | 23.00 | 100.00 | 123.00 | OK |
Version: 0.78
Check: Rd files
Result: NOTE
checkRd: (-1) heage.Rd:18: Lost braces
18 | B{\"o}hning, D. and Schlattmann, P. and Lindsay, B. (1992). \dQuote{Computer-Assisted Analysis of Mixtures (C.A.MAN): Statistical Algorithms}. \emph{Biometrics}. \bold{48}, 283--303.
| ^
checkRd: (-1) hepab.Rd:5: Lost braces
5 | Hepatitis B data from Schlattmann and B{\"o}hning (1993).
| ^
checkRd: (-1) hepab.Rd:19: Lost braces
19 | Schlattmann, P. and B{\"o}hning, D. (1993). \dQuote{Mixture models and disease mapping}. \emph{Statistics in Medicine}. \bold{12}, 1943--1950.
| ^
checkRd: (-1) mixalg.Rd:117: Lost braces
117 | D. B{\"o}hning, P. Schlattmann, B.G. Lindsay: C.A.MAN - Computer Assisted
| ^
checkRd: (-1) thai_cohort.Rd:19: Lost braces
19 | Schelp, F., P. Vivatanasept, P. Sitaputra, S. Sornmani, P. Pongpaew, N. Vudhivai, S. Egormaiphol, and D. B{\"o}hning. \dQuote{Relationship of the morbidity of under-fives to anthropometric measurements and community health intervention.} \emph{Trop Med Parasitol}, 1990, 41(2), 121--126.
| ^
Flavors: r-devel-linux-x86_64-debian-clang, r-devel-linux-x86_64-debian-gcc
Version: 0.78
Check: compiled code
Result: NOTE
File ‘CAMAN/libs/CAMAN.so’:
Found no calls to: ‘R_registerRoutines’, ‘R_useDynamicSymbols’
It is good practice to register native routines and to disable symbol
search.
See ‘Writing portable packages’ in the ‘Writing R Extensions’ manual.
Flavors: r-devel-linux-x86_64-fedora-clang, r-devel-linux-x86_64-fedora-gcc