CRAN Package Check Results for Package CARBayesST

Last updated on 2024-02-28 18:50:30 CET.

Flavor Version Tinstall Tcheck Ttotal Status Flags
r-devel-linux-x86_64-debian-clang 4.0 84.60 319.06 403.66 OK
r-devel-linux-x86_64-debian-gcc 4.0 85.35 232.96 318.31 OK
r-devel-linux-x86_64-fedora-clang 4.0 529.03 OK
r-devel-linux-x86_64-fedora-gcc 4.0 535.46 OK
r-devel-windows-x86_64 4.0 77.00 250.00 327.00 OK
r-patched-linux-x86_64 4.0 101.92 304.55 406.47 OK
r-release-linux-x86_64 4.0 94.63 306.41 401.04 OK
r-release-macos-arm64 4.0 176.00 NOTE
r-release-macos-x86_64 4.0 298.00 NOTE
r-release-windows-x86_64 4.0 104.00 319.00 423.00 OK
r-oldrel-macos-arm64 4.0 139.00 NOTE
r-oldrel-windows-x86_64 4.0 100.00 308.00 408.00 OK

Check Details

Version: 4.0
Check: installed package size
Result: NOTE installed size is 9.1Mb sub-directories of 1Mb or more: R 2.0Mb libs 5.9Mb Flavors: r-release-macos-arm64, r-release-macos-x86_64, r-oldrel-macos-arm64