Last updated on 2023-12-01 18:50:52 CET.
Flavor | Version | Tinstall | Tcheck | Ttotal | Status | Flags |
---|---|---|---|---|---|---|
r-devel-linux-x86_64-debian-clang | 0.1.3 | 44.30 | 191.75 | 236.05 | OK | |
r-devel-linux-x86_64-debian-gcc | 0.1.3 | 30.34 | 141.58 | 171.92 | OK | |
r-devel-linux-x86_64-fedora-clang | 0.1.3 | 308.88 | NOTE | |||
r-devel-linux-x86_64-fedora-gcc | 0.1.3 | 309.10 | OK | |||
r-devel-windows-x86_64 | 0.1.3 | 37.00 | 175.00 | 212.00 | NOTE | |
r-patched-linux-x86_64 | 0.1.3 | 29.68 | 181.16 | 210.84 | OK | |
r-release-linux-x86_64 | 0.1.3 | 26.58 | 181.79 | 208.37 | OK | |
r-release-macos-arm64 | 0.1.3 | 99.00 | NOTE | |||
r-release-macos-x86_64 | 0.1.3 | 144.00 | NOTE | |||
r-release-windows-x86_64 | 0.1.3 | 50.00 | 220.00 | 270.00 | NOTE | |
r-oldrel-macos-arm64 | 0.1.3 | 89.00 | NOTE | |||
r-oldrel-macos-x86_64 | 0.1.3 | 141.00 | NOTE | |||
r-oldrel-windows-x86_64 | 0.1.3 | 45.00 | 211.00 | 256.00 | NOTE |
Version: 0.1.3
Check: installed package size
Result: NOTE
installed size is 6.0Mb
sub-directories of 1Mb or more:
data 1.1Mb
doc 3.6Mb
help 1.0Mb
Flavors: r-devel-linux-x86_64-fedora-clang, r-devel-windows-x86_64, r-release-macos-arm64, r-release-macos-x86_64, r-release-windows-x86_64, r-oldrel-macos-arm64, r-oldrel-macos-x86_64, r-oldrel-windows-x86_64