CRAN Package Check Results for Package CMapViz

Last updated on 2024-05-29 20:58:26 CEST.

Flavor Version Tinstall Tcheck Ttotal Status Flags
r-devel-linux-x86_64-debian-clang 0.1.0 6.16 52.27 58.43 NOTE
r-devel-linux-x86_64-debian-gcc 0.1.0 4.82 40.47 45.29 NOTE
r-devel-linux-x86_64-fedora-clang 0.1.0 75.39 NOTE
r-devel-linux-x86_64-fedora-gcc 0.1.0 70.17 NOTE
r-devel-windows-x86_64 0.1.0 7.00 78.00 85.00 NOTE
r-patched-linux-x86_64 0.1.0 5.60 51.12 56.72 NOTE
r-release-linux-x86_64 0.1.0 5.16 51.24 56.40 NOTE
r-release-macos-arm64 0.1.0 26.00 NOTE
r-release-windows-x86_64 0.1.0 7.00 54.00 61.00 NOTE
r-oldrel-macos-arm64 0.1.0 27.00 NOTE
r-oldrel-macos-x86_64 0.1.0 38.00 NOTE
r-oldrel-windows-x86_64 0.1.0 8.00 67.00 75.00 NOTE

Check Details

Version: 0.1.0
Check: LazyData
Result: NOTE 'LazyData' is specified without a 'data' directory Flavors: r-devel-linux-x86_64-debian-clang, r-devel-linux-x86_64-debian-gcc, r-devel-linux-x86_64-fedora-clang, r-devel-linux-x86_64-fedora-gcc, r-devel-windows-x86_64, r-patched-linux-x86_64, r-release-linux-x86_64, r-release-macos-arm64, r-release-windows-x86_64, r-oldrel-macos-arm64, r-oldrel-macos-x86_64, r-oldrel-windows-x86_64