Last updated on 2023-11-27 18:50:56 CET.
Flavor | Version | Tinstall | Tcheck | Ttotal | Status | Flags |
---|---|---|---|---|---|---|
r-devel-linux-x86_64-debian-clang | 0.6.7 | 1.97 | 28.86 | 30.83 | OK | |
r-devel-linux-x86_64-debian-gcc | 0.6.7 | 2.11 | 25.89 | 28.00 | OK | |
r-devel-linux-x86_64-fedora-clang | 0.6.7 | 39.76 | NOTE | |||
r-devel-linux-x86_64-fedora-gcc | 0.6.7 | 49.25 | NOTE | |||
r-devel-windows-x86_64 | 0.6.7 | 4.00 | 49.00 | 53.00 | OK | |
r-patched-linux-x86_64 | 0.6.7 | 2.86 | 28.32 | 31.18 | OK | |
r-release-linux-x86_64 | 0.6.7 | 1.87 | 29.00 | 30.87 | OK | |
r-release-macos-arm64 | 0.6.7 | 30.00 | OK | |||
r-release-macos-x86_64 | 0.6.7 | 35.00 | OK | |||
r-release-windows-x86_64 | 0.6.7 | 4.00 | 49.00 | 53.00 | OK | |
r-oldrel-macos-arm64 | 0.6.7 | 21.00 | NOTE | |||
r-oldrel-macos-x86_64 | 0.6.7 | 34.00 | NOTE | |||
r-oldrel-windows-x86_64 | 0.6.7 | 5.00 | 55.00 | 60.00 | OK |
Version: 0.6.7
Check: dependencies in R code
Result: NOTE
Namespaces in Imports field not imported from:
‘extrafont’ ‘future’
All declared Imports should be used.
Flavors: r-devel-linux-x86_64-fedora-clang, r-devel-linux-x86_64-fedora-gcc, r-oldrel-macos-arm64, r-oldrel-macos-x86_64