Last updated on 2023-12-06 18:52:41 CET.
Flavor | Version | Tinstall | Tcheck | Ttotal | Status | Flags |
---|---|---|---|---|---|---|
r-devel-linux-x86_64-debian-clang | 1.0 | 6.27 | 52.57 | 58.84 | NOTE | |
r-devel-linux-x86_64-debian-gcc | 1.0 | 3.63 | 39.65 | 43.28 | NOTE | |
r-devel-linux-x86_64-fedora-clang | 1.0 | 71.98 | NOTE | |||
r-devel-linux-x86_64-fedora-gcc | 1.0 | 69.54 | NOTE | |||
r-devel-windows-x86_64 | 1.0 | 7.00 | 65.00 | 72.00 | NOTE | |
r-patched-linux-x86_64 | 1.0 | 6.66 | 50.17 | 56.83 | NOTE | |
r-release-linux-x86_64 | 1.0 | 6.83 | 48.64 | 55.47 | NOTE | |
r-release-macos-arm64 | 1.0 | 29.00 | NOTE | |||
r-release-macos-x86_64 | 1.0 | 42.00 | NOTE | |||
r-release-windows-x86_64 | 1.0 | 8.00 | 73.00 | 81.00 | NOTE | |
r-oldrel-macos-arm64 | 1.0 | 29.00 | NOTE | |||
r-oldrel-macos-x86_64 | 1.0 | 49.00 | NOTE | |||
r-oldrel-windows-x86_64 | 1.0 | 9.00 | 76.00 | 85.00 | NOTE |
Version: 1.0
Check: LazyData
Result: NOTE
'LazyData' is specified without a 'data' directory
Flavors: r-devel-linux-x86_64-debian-clang, r-devel-linux-x86_64-debian-gcc, r-devel-linux-x86_64-fedora-clang, r-devel-linux-x86_64-fedora-gcc, r-devel-windows-x86_64, r-patched-linux-x86_64, r-release-linux-x86_64, r-release-macos-arm64, r-release-macos-x86_64, r-release-windows-x86_64, r-oldrel-macos-arm64, r-oldrel-macos-x86_64, r-oldrel-windows-x86_64