Last updated on 2023-11-29 18:48:41 CET.
Flavor | Version | Tinstall | Tcheck | Ttotal | Status | Flags |
---|---|---|---|---|---|---|
r-devel-linux-x86_64-debian-clang | 1.3.0 | 11.41 | 111.64 | 123.05 | NOTE | |
r-devel-linux-x86_64-debian-gcc | 1.3.0 | 8.03 | 80.40 | 88.43 | NOTE | |
r-devel-linux-x86_64-fedora-clang | 1.3.0 | 146.59 | NOTE | |||
r-devel-linux-x86_64-fedora-gcc | 1.3.0 | 146.83 | NOTE | |||
r-devel-windows-x86_64 | 1.3.0 | 9.00 | 96.00 | 105.00 | NOTE | |
r-patched-linux-x86_64 | 1.3.0 | 8.45 | 105.38 | 113.83 | NOTE | |
r-release-linux-x86_64 | 1.3.0 | 8.79 | 104.36 | 113.15 | NOTE | |
r-release-macos-arm64 | 1.3.0 | 46.00 | NOTE | |||
r-release-macos-x86_64 | 1.3.0 | 75.00 | NOTE | |||
r-release-windows-x86_64 | 1.3.0 | 11.00 | 117.00 | 128.00 | NOTE | |
r-oldrel-macos-arm64 | 1.3.0 | 49.00 | NOTE | |||
r-oldrel-macos-x86_64 | 1.3.0 | 62.00 | NOTE | |||
r-oldrel-windows-x86_64 | 1.3.0 | 14.00 | 115.00 | 129.00 | NOTE |
Version: 1.3.0
Check: package dependencies
Result: NOTE
Package suggested but not available for checking: ‘ReGenesees’
Flavors: r-devel-linux-x86_64-debian-clang, r-devel-linux-x86_64-debian-gcc, r-devel-linux-x86_64-fedora-clang, r-devel-linux-x86_64-fedora-gcc, r-devel-windows-x86_64, r-patched-linux-x86_64, r-release-linux-x86_64, r-release-macos-arm64, r-release-macos-x86_64, r-release-windows-x86_64, r-oldrel-macos-arm64, r-oldrel-macos-x86_64, r-oldrel-windows-x86_64