CRAN Package Check Results for Package CatastRo

Last updated on 2024-02-27 18:49:11 CET.

Flavor Version Tinstall Tcheck Ttotal Status Flags
r-devel-linux-x86_64-debian-clang 0.3.0 3.72 60.89 64.61 OK
r-devel-linux-x86_64-debian-gcc 0.3.0 2.99 46.32 49.31 OK
r-devel-linux-x86_64-fedora-clang 0.3.0 84.47 NOTE
r-devel-linux-x86_64-fedora-gcc 0.3.0 88.33 NOTE
r-devel-windows-x86_64 0.3.0 5.00 68.00 73.00 OK
r-patched-linux-x86_64 0.3.0 6.17 58.66 64.83 OK
r-release-linux-x86_64 0.3.0 3.74 60.94 64.68 OK
r-release-macos-arm64 0.3.0 37.00 OK
r-release-macos-x86_64 0.3.0 61.00 OK
r-release-windows-x86_64 0.3.0 5.00 77.00 82.00 OK
r-oldrel-macos-arm64 0.3.0 37.00 OK
r-oldrel-windows-x86_64 0.3.0 6.00 78.00 84.00 OK

Check Details

Version: 0.3.0
Check: data for non-ASCII characters
Result: NOTE Note: found 3 marked UTF-8 strings Flavors: r-devel-linux-x86_64-fedora-clang, r-devel-linux-x86_64-fedora-gcc