Last updated on 2023-12-04 18:52:10 CET.
Flavor | Version | Tinstall | Tcheck | Ttotal | Status | Flags |
---|---|---|---|---|---|---|
r-devel-linux-x86_64-debian-clang | 1.2.4 | 8.20 | 52.69 | 60.89 | NOTE | |
r-devel-linux-x86_64-debian-gcc | 1.2.4 | 8.44 | 39.67 | 48.11 | NOTE | |
r-devel-linux-x86_64-fedora-clang | 1.2.4 | 79.57 | OK | |||
r-devel-linux-x86_64-fedora-gcc | 1.2.4 | 74.27 | OK | |||
r-devel-windows-x86_64 | 1.2.4 | 10.00 | 56.00 | 66.00 | OK | |
r-patched-linux-x86_64 | 1.2.4 | 7.72 | 51.34 | 59.06 | OK | |
r-release-linux-x86_64 | 1.2.4 | 9.14 | 51.20 | 60.34 | OK | |
r-release-macos-arm64 | 1.2.4 | 25.00 | OK | |||
r-release-macos-x86_64 | 1.2.4 | 63.00 | OK | |||
r-release-windows-x86_64 | 1.2.4 | 12.00 | 60.00 | 72.00 | OK | |
r-oldrel-macos-arm64 | 1.2.4 | 26.00 | OK | |||
r-oldrel-macos-x86_64 | 1.2.4 | 37.00 | OK | |||
r-oldrel-windows-x86_64 | 1.2.4 | 12.00 | 65.00 | 77.00 | OK |
Version: 1.2.4
Check: Rd files
Result: NOTE
checkRd: (-1) performParallelNLMERun.Rd:22: Lost braces
22 | \item{partialJob}{is /code{TRUE} if it is not required to stop the job
| ^
checkRd: (-1) performParallelNLMERun.Rd:25: Lost braces
25 | \item{allowIntermediateResults}{is /code{TRUE} if intermediate results
| ^
Flavors: r-devel-linux-x86_64-debian-clang, r-devel-linux-x86_64-debian-gcc