Last updated on 2023-11-28 18:49:13 CET.
Flavor | Version | Tinstall | Tcheck | Ttotal | Status | Flags |
---|---|---|---|---|---|---|
r-devel-linux-x86_64-debian-clang | 3.4.0 | 4.46 | 73.67 | 78.13 | NOTE | |
r-devel-linux-x86_64-debian-gcc | 3.4.0 | 3.58 | 63.55 | 67.13 | NOTE | |
r-devel-linux-x86_64-fedora-clang | 3.4.0 | 106.93 | OK | |||
r-devel-linux-x86_64-fedora-gcc | 3.4.0 | 116.95 | OK | |||
r-devel-windows-x86_64 | 3.4.0 | 5.00 | 121.00 | 126.00 | OK | |
r-patched-linux-x86_64 | 3.4.0 | 4.32 | 79.92 | 84.24 | OK | |
r-release-linux-x86_64 | 3.4.0 | 4.12 | 79.83 | 83.95 | OK | |
r-release-macos-arm64 | 3.4.0 | 48.00 | OK | |||
r-release-macos-x86_64 | 3.4.0 | 61.00 | OK | |||
r-release-windows-x86_64 | 3.4.0 | 6.00 | 124.00 | 130.00 | OK | |
r-oldrel-macos-arm64 | 3.4.0 | 43.00 | OK | |||
r-oldrel-macos-x86_64 | 3.4.0 | 56.00 | OK | |||
r-oldrel-windows-x86_64 | 3.4.0 | 6.00 | 132.00 | 138.00 | OK |
Version: 3.4.0
Check: Rd files
Result: NOTE
checkRd: (-1) cd01-0-distanceMatrix.Rd:37-39: Lost braces in \itemize; meant \describe ?
checkRd: (-1) cd01-0-distanceMatrix.Rd:40-43: Lost braces in \itemize; meant \describe ?
checkRd: (-1) cd01-0-distanceMatrix.Rd:44-46: Lost braces in \itemize; meant \describe ?
checkRd: (-1) cd01-0-distanceMatrix.Rd:47-48: Lost braces in \itemize; meant \describe ?
checkRd: (-1) cd01-0-distanceMatrix.Rd:49-50: Lost braces in \itemize; meant \describe ?
checkRd: (-1) cd01-0-distanceMatrix.Rd:51-52: Lost braces in \itemize; meant \describe ?
checkRd: (-1) cd02-1-cluster3.Rd:25: Lost braces
25 | Kevin R. Coombes email{krc@silicovore.com}
| ^
checkRd: (-1) cd03-0-ClusterTest-class.Rd:70: Lost braces
70 | Kevin R. Coombes email{krc@silicovore.com}
| ^
Flavors: r-devel-linux-x86_64-debian-clang, r-devel-linux-x86_64-debian-gcc