CRAN Package Check Results for Package ClussCluster

Last updated on 2023-05-27 20:53:18 CEST.

Flavor Version Tinstall Tcheck Ttotal Status Flags
r-devel-linux-x86_64-debian-clang 0.1.0 6.70 67.59 74.29 OK
r-devel-linux-x86_64-debian-gcc 0.1.0 5.27 50.50 55.77 OK
r-devel-linux-x86_64-fedora-clang 0.1.0 94.33 NOTE
r-devel-linux-x86_64-fedora-gcc 0.1.0 100.18 NOTE
r-devel-windows-x86_64 0.1.0 7.00 69.00 76.00 OK
r-patched-linux-x86_64 0.1.0 4.79 62.75 67.54 OK
r-release-linux-x86_64 0.1.0 6.53 63.26 69.79 OK
r-release-macos-arm64 0.1.0 38.00 OK
r-release-macos-x86_64 0.1.0 57.00 OK
r-release-windows-x86_64 0.1.0 8.00 79.00 87.00 OK
r-oldrel-macos-arm64 0.1.0 29.00 NOTE
r-oldrel-macos-x86_64 0.1.0 58.00 NOTE
r-oldrel-windows-x86_64 0.1.0 9.00 86.00 95.00 OK

Check Details

Version: 0.1.0
Check: dependencies in R code
Result: NOTE
    Namespace in Imports field not imported from: ‘utils’
     All declared Imports should be used.
Flavors: r-devel-linux-x86_64-fedora-clang, r-devel-linux-x86_64-fedora-gcc, r-oldrel-macos-arm64, r-oldrel-macos-x86_64