CRAN Package Check Results for Package ClustGeo

Last updated on 2024-06-17 21:51:39 CEST.

Flavor Version Tinstall Tcheck Ttotal Status Flags
r-devel-linux-x86_64-debian-clang 2.1 3.22 39.50 42.72 OK
r-devel-linux-x86_64-debian-gcc 2.1 2.13 31.60 33.73 OK
r-devel-linux-x86_64-fedora-clang 2.1 55.21 NOTE
r-devel-linux-x86_64-fedora-gcc 2.1 66.66 NOTE
r-devel-windows-x86_64 2.1 4.00 53.00 57.00 OK
r-patched-linux-x86_64 2.1 3.12 38.37 41.49 OK
r-release-linux-x86_64 2.1 2.66 39.42 42.08 OK
r-release-macos-arm64 2.1 26.00 OK
r-release-macos-x86_64 2.1 39.00 OK
r-release-windows-x86_64 2.1 4.00 83.00 87.00 OK
r-oldrel-macos-arm64 2.1 27.00 OK
r-oldrel-macos-x86_64 2.1 40.00 OK
r-oldrel-windows-x86_64 2.1 4.00 57.00 61.00 OK

Check Details

Version: 2.1
Check: dependencies in R code
Result: NOTE Namespaces in Imports field not imported from: ‘sp’ ‘spdep’ All declared Imports should be used. Flavors: r-devel-linux-x86_64-fedora-clang, r-devel-linux-x86_64-fedora-gcc