Last updated on 2023-11-29 18:48:42 CET.
Flavor | Version | Tinstall | Tcheck | Ttotal | Status | Flags |
---|---|---|---|---|---|---|
r-devel-linux-x86_64-debian-clang | 0.5.10 | 15.23 | 34.14 | 49.37 | NOTE | |
r-devel-linux-x86_64-debian-gcc | 0.5.10 | 9.84 | 25.82 | 35.66 | NOTE | |
r-devel-linux-x86_64-fedora-clang | 0.5.10 | 56.87 | OK | |||
r-devel-linux-x86_64-fedora-gcc | 0.5.10 | 53.64 | OK | |||
r-devel-windows-x86_64 | 0.5.10 | 18.00 | 52.00 | 70.00 | OK | |
r-patched-linux-x86_64 | 0.5.10 | 11.92 | 32.88 | 44.80 | OK | |
r-release-linux-x86_64 | 0.5.10 | 9.94 | 32.44 | 42.38 | OK | |
r-release-macos-arm64 | 0.5.10 | 25.00 | OK | |||
r-release-macos-x86_64 | 0.5.10 | 37.00 | OK | |||
r-release-windows-x86_64 | 0.5.10 | 22.00 | 53.00 | 75.00 | OK | |
r-oldrel-macos-arm64 | 0.5.10 | 28.00 | OK | |||
r-oldrel-macos-x86_64 | 0.5.10 | 42.00 | OK | |||
r-oldrel-windows-x86_64 | 0.5.10 | 20.00 | 55.00 | 75.00 | OK |
Version: 0.5.10
Check: Rd files
Result: NOTE
checkRd: (-1) kprime.Rd:36: Lost braces; missing escapes or markup?
36 | kprime is a {p,d,q} set of functions that compute the K-prime distribution. This distribution has many applications,
| ^
checkRd: (-1) lsecond.Rd:37: Lost braces; missing escapes or markup?
37 | lsecond are {p,d,q} functions that compute the Lambda-second (L") distribution. This
| ^
checkRd: (-1) pilsecond.Rd:39: Lost braces; missing escapes or markup?
39 | pilsecond are {p,d,q} functions that compute the prior-informed Lambda-second (L") distribution. This
| ^
Flavors: r-devel-linux-x86_64-debian-clang, r-devel-linux-x86_64-debian-gcc