Last updated on 2023-12-06 18:52:40 CET.
Flavor | Version | Tinstall | Tcheck | Ttotal | Status | Flags |
---|---|---|---|---|---|---|
r-devel-linux-x86_64-debian-clang | 1.0 | 7.57 | 69.27 | 76.84 | NOTE | |
r-devel-linux-x86_64-debian-gcc | 1.0 | 4.68 | 52.57 | 57.25 | NOTE | |
r-devel-linux-x86_64-fedora-clang | 1.0 | 95.71 | OK | |||
r-devel-linux-x86_64-fedora-gcc | 1.0 | 89.47 | OK | |||
r-devel-windows-x86_64 | 1.0 | 8.00 | 77.00 | 85.00 | OK | |
r-patched-linux-x86_64 | 1.0 | 4.16 | 66.05 | 70.21 | OK | |
r-release-linux-x86_64 | 1.0 | 6.63 | 66.07 | 72.70 | OK | |
r-release-macos-arm64 | 1.0 | 32.00 | OK | |||
r-release-macos-x86_64 | 1.0 | 100.00 | OK | |||
r-release-windows-x86_64 | 1.0 | 10.00 | 84.00 | 94.00 | OK | |
r-oldrel-macos-arm64 | 1.0 | 38.00 | OK | |||
r-oldrel-macos-x86_64 | 1.0 | 41.00 | OK | |||
r-oldrel-windows-x86_64 | 1.0 | 10.00 | 81.00 | 91.00 | OK |
Version: 1.0
Check: Rd files
Result: NOTE
checkRd: (-1) CovrgPlot.Rd:28: Lost braces; missing escapes or markup?
28 | \item{plotCI}{a vector of up to 4 numbers out of the set {1,2,3,4}, corresponding to which
| ^
Flavors: r-devel-linux-x86_64-debian-clang, r-devel-linux-x86_64-debian-gcc