Last updated on 2023-12-09 18:54:13 CET.
Flavor | Version | Tinstall | Tcheck | Ttotal | Status | Flags |
---|---|---|---|---|---|---|
r-devel-linux-x86_64-debian-clang | 1.0.2 | 6.02 | 59.23 | 65.25 | OK | |
r-devel-linux-x86_64-debian-gcc | 1.0.2 | 2.96 | 45.20 | 48.16 | OK | |
r-devel-linux-x86_64-fedora-clang | 1.0.2 | 76.35 | NOTE | |||
r-devel-linux-x86_64-fedora-gcc | 1.0.2 | 95.28 | OK | |||
r-devel-windows-x86_64 | 1.0.2 | 6.00 | 71.00 | 77.00 | NOTE | |
r-patched-linux-x86_64 | 1.0.2 | 5.36 | 57.35 | 62.71 | OK | |
r-release-linux-x86_64 | 1.0.2 | 4.22 | 56.13 | 60.35 | OK | |
r-release-macos-arm64 | 1.0.2 | 32.00 | NOTE | |||
r-release-macos-x86_64 | 1.0.2 | 51.00 | NOTE | |||
r-release-windows-x86_64 | 1.0.2 | 8.00 | 70.00 | 78.00 | NOTE | |
r-oldrel-macos-arm64 | 1.0.2 | 23.00 | NOTE | |||
r-oldrel-macos-x86_64 | 1.0.2 | 38.00 | NOTE | |||
r-oldrel-windows-x86_64 | 1.0.2 | 9.00 | 75.00 | 84.00 | NOTE |
Version: 1.0.2
Check: installed package size
Result: NOTE
installed size is 7.5Mb
sub-directories of 1Mb or more:
doc 2.3Mb
vignette_data 2.6Mb
Flavors: r-devel-linux-x86_64-fedora-clang, r-devel-windows-x86_64, r-release-macos-arm64, r-release-macos-x86_64, r-release-windows-x86_64, r-oldrel-macos-arm64, r-oldrel-macos-x86_64, r-oldrel-windows-x86_64