Last updated on 2023-11-30 18:49:26 CET.
Flavor | Version | Tinstall | Tcheck | Ttotal | Status | Flags |
---|---|---|---|---|---|---|
r-devel-linux-x86_64-debian-clang | 1.4.8 | 4.07 | 38.55 | 42.62 | OK | |
r-devel-linux-x86_64-debian-gcc | 1.4.8 | 3.59 | 29.68 | 33.27 | OK | |
r-devel-linux-x86_64-fedora-clang | 1.4.8 | 59.11 | NOTE | |||
r-devel-linux-x86_64-fedora-gcc | 1.4.8 | 54.21 | NOTE | |||
r-devel-windows-x86_64 | 1.4.8 | 5.00 | 52.00 | 57.00 | OK | |
r-patched-linux-x86_64 | 1.4.8 | 3.09 | 37.33 | 40.42 | OK | |
r-release-linux-x86_64 | 1.4.8 | 3.16 | 36.92 | 40.08 | OK | |
r-release-macos-arm64 | 1.4.8 | 23.00 | OK | |||
r-release-macos-x86_64 | 1.4.8 | 29.00 | OK | |||
r-release-windows-x86_64 | 1.4.8 | 7.00 | 53.00 | 60.00 | OK | |
r-oldrel-macos-arm64 | 1.4.8 | 20.00 | NOTE | |||
r-oldrel-macos-x86_64 | 1.4.8 | 28.00 | NOTE | |||
r-oldrel-windows-x86_64 | 1.4.8 | 8.00 | 60.00 | 68.00 | OK |
Version: 1.4.8
Check: dependencies in R code
Result: NOTE
Namespaces in Imports field not imported from:
‘DT’ ‘dplyr’ ‘geosphere’ ‘mapdata’ ‘maps’ ‘marmap’ ‘shinydashboard’
‘shinyjs’ ‘stringr’ ‘swfscDAS’
All declared Imports should be used.
Flavors: r-devel-linux-x86_64-fedora-clang, r-devel-linux-x86_64-fedora-gcc, r-oldrel-macos-arm64, r-oldrel-macos-x86_64