Last updated on 2023-12-02 18:53:38 CET.
Flavor | Version | Tinstall | Tcheck | Ttotal | Status | Flags |
---|---|---|---|---|---|---|
r-devel-linux-x86_64-debian-clang | 3.4.0 | 246.50 | 135.51 | 382.01 | OK | |
r-devel-linux-x86_64-debian-gcc | 3.4.0 | 176.90 | 103.93 | 280.83 | OK | |
r-devel-linux-x86_64-fedora-clang | 3.4.0 | 537.29 | NOTE | |||
r-devel-linux-x86_64-fedora-gcc | 3.4.0 | 421.79 | OK | |||
r-devel-windows-x86_64 | 3.4.0 | 195.00 | 157.00 | 352.00 | OK | |
r-patched-linux-x86_64 | 3.4.0 | 150.38 | 131.26 | 281.64 | OK | |
r-release-linux-x86_64 | 3.4.0 | 146.60 | 132.09 | 278.69 | OK | |
r-release-macos-arm64 | 3.4.0 | 138.00 | NOTE | |||
r-release-macos-x86_64 | 3.4.0 | 197.00 | NOTE | |||
r-release-windows-x86_64 | 3.4.0 | 252.00 | 191.00 | 443.00 | OK | |
r-oldrel-macos-arm64 | 3.4.0 | 122.00 | NOTE | |||
r-oldrel-macos-x86_64 | 3.3.1 | 167.00 | NOTE | |||
r-oldrel-windows-x86_64 | 3.4.0 | 216.00 | 183.00 | 399.00 | OK |
Version: 3.4.0
Check: installed package size
Result: NOTE
installed size is 7.0Mb
sub-directories of 1Mb or more:
libs 6.1Mb
Flavors: r-devel-linux-x86_64-fedora-clang, r-release-macos-arm64, r-release-macos-x86_64, r-oldrel-macos-arm64
Version: 3.3.1
Check: installed package size
Result: NOTE
installed size is 23.5Mb
sub-directories of 1Mb or more:
libs 22.7Mb
Flavor: r-oldrel-macos-x86_64