Last updated on 2023-12-06 18:52:41 CET.
Flavor | Version | Tinstall | Tcheck | Ttotal | Status | Flags |
---|---|---|---|---|---|---|
r-devel-linux-x86_64-debian-clang | 1.0.11 | 13.91 | 117.66 | 131.57 | OK | |
r-devel-linux-x86_64-debian-gcc | 1.0.11 | 9.26 | 90.11 | 99.37 | OK | |
r-devel-linux-x86_64-fedora-clang | 1.0.11 | 161.84 | NOTE | |||
r-devel-linux-x86_64-fedora-gcc | 1.0.11 | 170.42 | NOTE | |||
r-devel-windows-x86_64 | 1.0.11 | 13.00 | 102.00 | 115.00 | OK | |
r-patched-linux-x86_64 | 1.0.11 | 8.56 | 114.03 | 122.59 | OK | |
r-release-linux-x86_64 | 1.0.11 | 12.04 | 115.60 | 127.64 | OK | |
r-release-macos-arm64 | 1.0.11 | 54.00 | OK | |||
r-release-macos-x86_64 | 1.0.11 | 117.00 | OK | |||
r-release-windows-x86_64 | 1.0.11 | 17.00 | 125.00 | 142.00 | OK | |
r-oldrel-macos-arm64 | 1.0.11 | 52.00 | OK | |||
r-oldrel-macos-x86_64 | 1.0.11 | 76.00 | OK | |||
r-oldrel-windows-x86_64 | 1.0.11 | 17.00 | 125.00 | 142.00 | OK |
Version: 1.0.11
Check: data for non-ASCII characters
Result: NOTE
Note: found 7 marked UTF-8 strings
Flavors: r-devel-linux-x86_64-fedora-clang, r-devel-linux-x86_64-fedora-gcc