CRAN Package Check Results for Package DGEobj.utils

Last updated on 2023-12-05 18:49:21 CET.

Flavor Version Tinstall Tcheck Ttotal Status Flags
r-devel-linux-x86_64-debian-clang 1.0.6 7.26 158.64 165.90 NOTE
r-devel-linux-x86_64-debian-gcc 1.0.6 4.79 116.76 121.55 NOTE
r-devel-linux-x86_64-fedora-clang 1.0.6 210.69 OK
r-devel-linux-x86_64-fedora-gcc 1.0.6 213.25 OK
r-devel-windows-x86_64 1.0.6 6.00 154.00 160.00 OK
r-patched-linux-x86_64 1.0.6 6.05 151.47 157.52 OK
r-release-linux-x86_64 1.0.6 6.31 154.30 160.61 OK
r-release-macos-arm64 1.0.6 34.00 NOTE
r-release-macos-x86_64 1.0.6 57.00 NOTE
r-release-windows-x86_64 1.0.6 8.00 179.00 187.00 OK
r-oldrel-macos-arm64 1.0.6 74.00 OK
r-oldrel-macos-x86_64 1.0.6 86.00 OK
r-oldrel-windows-x86_64 1.0.6 9.00 169.00 178.00 OK

Check Details

Version: 1.0.6
Check: Rd files
Result: NOTE checkRd: (-1) runContrasts.Rd:79: Lost braces in \itemize; meant \describe ? checkRd: (-1) runContrasts.Rd:80: Lost braces in \itemize; meant \describe ? checkRd: (-1) runContrasts.Rd:81: Lost braces in \itemize; meant \describe ? checkRd: (-1) runContrasts.Rd:82: Lost braces in \itemize; meant \describe ? Flavors: r-devel-linux-x86_64-debian-clang, r-devel-linux-x86_64-debian-gcc

Version: 1.0.6
Check: package dependencies
Result: NOTE Packages suggested but not available for checking: 'IHW', 'RNASeqPower', 'zFPKM' Flavors: r-release-macos-arm64, r-release-macos-x86_64